-- Table structure for table `escrows`
--

CREATE TABLE `escrows` (
  `id` bigint(20) UNSIGNED NOT NULL,
  `trnx` varchar(255) NOT NULL,
  `user_id` int(11) NOT NULL,
  `recipient_id` int(11) NOT NULL,
  `description` text NOT NULL,
  `amount` decimal(20,10) NOT NULL,
  `pay_charge` tinyint(1) NOT NULL COMMENT '1 = sender pay charge, 0 = receiver pa charge',
  `charge` decimal(20,10) NOT NULL,
  `currency_id` int(11) NOT NULL,
  `status` tinyint(1) NOT NULL DEFAULT 0 COMMENT '0 = on-hold, 1 = release, 3 = disputed\r\n',
  `dispute_created` int(11) DEFAULT NULL,
  `returned_to` varchar(255) DEFAULT NULL,
  `created_at` timestamp NULL DEFAULT NULL,
  `updated_at` timestamp NULL DEFAULT NULL
) ENGINE=InnoDB DEFAULT CHARSET=utf8mb4 COLLATE=utf8mb4_unicode_ci;

-- --------------------------------------------------------

--
-- Table structure for table `exchange_money`
--

CREATE TABLE `exchange_money` (
  `id` bigint(20) UNSIGNED NOT NULL,
  `trnx` varchar(255) NOT NULL,
  `from_currency` int(11) NOT NULL,
  `to_currency` int(11) NOT NULL,
  `user_id` int(11) NOT NULL,
  `charge` decimal(20,10) NOT NULL,
  `from_amount` decimal(20,10) NOT NULL,
  `to_amount` decimal(20,10) NOT NULL,
  `created_at` timestamp NULL DEFAULT NULL,
  `updated_at` timestamp NULL DEFAULT NULL
) ENGINE=InnoDB DEFAULT CHARSET=utf8mb4 COLLATE=utf8mb4_unicode_ci;

-- --------------------------------------------------------

--
-- Table structure for table `exchange_prices`
--

CREATE TABLE `exchange_prices` (
  `id` bigint(20) UNSIGNED NOT NULL,
  `asset_name` varchar(255) NOT NULL,
  `asset_code` varchar(255) NOT NULL,
  `last_check` datetime NOT NULL,
  `amount` varchar(255) NOT NULL,
  `created_at` timestamp NULL DEFAULT NULL,
  `updated_at` timestamp NULL DEFAULT NULL
) ENGINE=InnoDB DEFAULT CHARSET=utf8mb4 COLLATE=utf8mb4_unicode_ci;

--
-- Dumping data for table `exchange_prices`
--

INSERT INTO `exchange_prices` (`id`, `asset_name`, `asset_code`, `last_check`, `amount`, `created_at`, `updated_at`) VALUES
(1, 'BTC', 'BTC', '2025-03-13 01:17:03', '79291.17439000', '2024-06-26 20:57:25', '2025-03-13 01:17:03'),
(2, 'ETH', 'ETH', '2025-03-13 01:17:03', '1804.54211168', '2024-06-26 20:57:27', '2025-03-13 01:17:03'),
(3, 'USDT_TRON', 'USDT_TRON', '2025-03-13 01:17:03', '0.94694313', '2024-06-26 20:57:28', '2025-03-13 01:17:03'),
(4, 'TRON', 'TRON', '2025-03-13 01:17:04', '0.21121448', '2024-07-04 18:31:06', '2025-03-13 01:17:04');

-- --------------------------------------------------------

--
-- Table structure for table `failed_jobs`
--

CREATE TABLE `failed_jobs` (
  `id` bigint(20) UNSIGNED NOT NULL,
  `uuid` varchar(255) NOT NULL,
  `connection` text NOT NULL,
  `queue` text NOT NULL,
  `payload` longtext NOT NULL,
  `exception` longtext NOT NULL,
  `failed_at` timestamp NOT NULL DEFAULT current_timestamp()
) ENGINE=InnoDB DEFAULT CHARSET=utf8mb4 COLLATE=utf8mb4_unicode_ci;

-- --------------------------------------------------------

--
-- Table structure for table `fund_requests`
--

CREATE TABLE `fund_requests` (
  `id` bigint(20) UNSIGNED NOT NULL,
  `agent_id` int(10) UNSIGNED NOT NULL,
  `unique_code` varchar(255) NOT NULL,
  `amount` decimal(18,8) NOT NULL,
  `status` tinyint(4) NOT NULL DEFAULT 0,
  `collect` tinyint(4) NOT NULL DEFAULT 0,
  `created_at` timestamp NULL DEFAULT NULL,
  `updated_at` timestamp NULL DEFAULT NULL
) ENGINE=InnoDB DEFAULT CHARSET=utf8mb4 COLLATE=utf8mb4_unicode_ci;

-- --------------------------------------------------------

--
-- Table structure for table `generalsettings`
--

CREATE TABLE `generalsettings` (
  `id` int(191) NOT NULL,
  `curr_code` varchar(10) NOT NULL DEFAULT 'USD',
  `curr_sym` varchar(10) NOT NULL DEFAULT '$',
  `logo` varchar(191) DEFAULT NULL,
  `header_logo` varchar(255) DEFAULT NULL,
  `favicon` varchar(191) NOT NULL,
  `title` varchar(191) NOT NULL,
  `loader` varchar(191) NOT NULL,
  `smtp_host` varchar(255) DEFAULT NULL,
  `mail_type` varchar(255) DEFAULT NULL,
  `smtp_port` varchar(255) DEFAULT NULL,
  `smtp_user` varchar(255) DEFAULT NULL,
  `smtp_pass` varchar(255) DEFAULT NULL,
  `mail_encryption` varchar(255) DEFAULT NULL,
  `from_email` varchar(255) DEFAULT NULL,
  `from_name` varchar(255) DEFAULT NULL,
  `theme_color` varchar(255) DEFAULT NULL,
  `is_tawk` tinyint(4) NOT NULL DEFAULT 0,
  `tawk_id` varchar(222) DEFAULT NULL,
  `is_verify` tinyint(4) DEFAULT 0,
  `is_cookie` tinyint(4) NOT NULL DEFAULT 0,
  `cookie_btn_text` varchar(255) DEFAULT NULL,
  `cookie_text` text DEFAULT NULL,
  `is_maintenance` tinyint(4) DEFAULT 0,
  `maintenance` text DEFAULT NULL,
  `registration` tinyint(1) NOT NULL DEFAULT 1,
  `kyc` tinyint(1) NOT NULL DEFAULT 1,
  `sms_notify` tinyint(1) NOT NULL DEFAULT 1,
  `email_notify` tinyint(1) NOT NULL DEFAULT 1,
  `allowed_email` text DEFAULT NULL,
  `contact_no` varchar(20) DEFAULT NULL,
  `recaptcha` tinyint(1) NOT NULL DEFAULT 0,
  `recaptcha_key` varchar(255) DEFAULT NULL,
  `recaptcha_secret` varchar(255) DEFAULT NULL,
  `fiat_access_key` varchar(255) DEFAULT NULL,
  `crypto_access_key` varchar(255) DEFAULT NULL,
  `cookie` text DEFAULT NULL,
  `two_fa` tinyint(1) NOT NULL DEFAULT 1,
  `menu` text DEFAULT NULL
) ENGINE=MyISAM DEFAULT CHARSET=utf8mb4 COLLATE=utf8mb4_unicode_ci;

--
-- Dumping data for table `generalsettings`
--

INSERT INTO `generalsettings` (`id`, `curr_code`, `curr_sym`, `logo`, `header_logo`, `favicon`, `title`, `loader`, `smtp_host`, `mail_type`, `smtp_port`, `smtp_user`, `smtp_pass`, `mail_encryption`, `from_email`, `from_name`, `theme_color`, `is_tawk`, `tawk_id`, `is_verify`, `is_cookie`, `cookie_btn_text`, `cookie_text`, `is_maintenance`, `maintenance`, `registration`, `kyc`, `sms_notify`, `email_notify`, `allowed_email`, `contact_no`, `recaptcha`, `recaptcha_key`, `recaptcha_secret`, `fiat_access_key`, `crypto_access_key`, `cookie`, `two_fa`, `menu`) VALUES
(1, 'USD', '$', '1571567292logo.png', '1558572841646281442.png', '5480339181644482400.png', 'Refer2trade', '1564224328loading3.gif', 'smtp.hostinger.com', 'php_mailer', '465', 'info@refer2trade.com', 'Pipopay_2019#', 'ssl', 'noreply@refer2trade.com', 'Refer2Trade', '5B53F1', 1, '674362d24304e3196ae80505', 1, 0, 'cookie_btn_text', NULL, 0, 'Site Down', 1, 1, 0, 0, NULL, '+88000000000', 1, '6Ld7z30qAAAAAPPo6LbkDoKYE3bQv4jx4L9bksZy', '6Ld7z30qAAAAAJ7aW66K0K7LS3Zl3SwQ8j3IKn3o', 'e02535b70998cade1035fbe04e50b8dd', '91b63a445b659202b6449e8611f231f9', '{\"status\":\"1\",\"button_text\":\"Allow Cookie\",\"cookie_text\":\"Our site use cookies when you visit our website, including any other media form, mobile website, or mobile application related or connected to help customize the site and improve your experience.\"}', 0, '{\"Home\":{\"title\":\"Home\",\"dropdown\":\"no\",\"href\":\"\\/\",\"target\":\"self\"},\"Refer2Earn\":{\"title\":\"Refer2Earn\",\"dropdown\":\"no\",\"href\":\"http:\\/\\/refer2trade.com\",\"target\":\"self\"},\"Blogs\":{\"title\":\"Blogs\",\"dropdown\":\"yes\",\"href\":\"\\/blogs\",\"target\":\"self\"},\"About\":{\"title\":\"About\",\"dropdown\":\"yes\",\"href\":\"\\/about\",\"target\":\"self\"}}');

-- --------------------------------------------------------

--
-- Table structure for table `gift_cards`
--

CREATE TABLE `gift_cards` (
  `id` bigint(20) UNSIGNED NOT NULL,
  `card_name` varchar(255) NOT NULL,
  `created_by` int(11) DEFAULT NULL,
  `updated_by` int(11) DEFAULT NULL,
  `created_at` timestamp NULL DEFAULT NULL,
  `updated_at` timestamp NULL DEFAULT NULL
) ENGINE=InnoDB DEFAULT CHARSET=utf8mb4 COLLATE=utf8mb4_unicode_ci;

--
-- Dumping data for table `gift_cards`
--

INSERT INTO `gift_cards` (`id`, `card_name`, `created_by`, `updated_by`, `created_at`, `updated_at`) VALUES
(1, 'Amazon Card', 1, NULL, '2024-01-14 00:22:01', '2024-01-14 00:22:01'),
(2, 'Ebay', 1, NULL, '2024-01-14 00:22:29', '2024-01-14 00:22:29'),
(3, 'apple gift card/ itunes', 1, NULL, '2024-02-16 02:33:13', '2024-02-16 02:33:13'),
(4, 'steam', 1, NULL, '2024-02-16 02:35:43', '2024-02-16 02:35:43'),
(5, 'razor', 1, NULL, '2024-02-16 09:09:44', '2024-02-16 09:09:44'),
(6, 'google play', 1, NULL, '2024-02-29 08:05:43', '2024-02-29 08:05:43'),
(7, 'CVS pharmacy', 1, NULL, '2024-03-01 13:53:35', '2024-03-01 13:53:35'),
(8, 'Dollar general', 1, NULL, '2024-03-01 13:54:13', '2024-03-01 13:54:13'),
(9, 'Xbox', 1, NULL, '2024-03-01 14:06:13', '2024-03-01 14:06:13'),
(10, 'Macy', 1, NULL, '2024-03-01 14:06:25', '2024-03-01 14:06:25'),
(11, 'Sephora', 1, NULL, '2024-03-01 14:06:54', '2024-03-01 14:06:54'),
(12, 'Nordstrom', 1, NULL, '2024-03-01 14:07:10', '2024-03-01 14:07:10'),
(13, 'Footlocker', 1, NULL, '2024-03-01 14:07:31', '2024-03-01 14:07:31'),
(14, 'American express', 1, NULL, '2024-03-01 14:17:37', '2024-03-01 14:17:37'),
(15, 'Vanilla', 1, NULL, '2024-03-01 14:17:50', '2024-03-01 14:17:50'),
(16, 'Walmart', 1, NULL, '2024-03-01 14:18:02', '2024-03-01 14:18:02'),
(17, 'Visa', 1, NULL, '2024-03-01 14:18:17', '2024-03-01 14:18:17'),
(18, 'Target', 1, NULL, '2024-03-01 14:19:22', '2024-03-01 14:19:22'),
(19, 'Gamestop', 1, NULL, '2024-03-12 21:29:56', '2024-03-12 21:29:56'),
(20, 'Nike', 1, NULL, '2024-03-12 21:30:15', '2024-03-12 21:30:15'),
(21, 'Finish line', 1, NULL, '2024-03-12 21:30:39', '2024-03-12 21:30:39'),
(22, 'Lowe\'s', 1, NULL, '2024-03-12 21:31:05', '2024-03-12 21:31:05'),
(23, 'Coach', 1, NULL, '2024-03-12 21:32:04', '2024-03-12 21:32:04'),
(24, 'Homedepo', 1, NULL, '2024-03-12 21:33:07', '2024-03-12 21:33:07'),
(25, 'coach gift card', 1, NULL, '2024-03-12 23:44:50', '2024-03-12 23:44:50'),
(26, 'Netspend', 1, NULL, '2024-03-12 23:55:11', '2024-03-12 23:55:11'),
(27, 'Bloomingdale\'s', 1, NULL, '2024-03-12 23:56:48', '2024-03-12 23:56:48'),
(28, 'Saks', 1, NULL, '2024-03-12 23:58:01', '2024-03-12 23:58:01'),
(29, 'Kohl\'s', 1, NULL, '2024-03-12 23:58:23', '2024-03-12 23:58:23'),
(30, 'Dick\'s', 1, NULL, '2024-03-12 23:58:36', '2024-03-12 23:58:36'),
(31, 'Off gamers', 1, NULL, '2024-03-12 23:58:57', '2024-03-12 23:58:57'),
(32, 'PlayStation', 1, NULL, '2024-03-12 23:59:20', '2024-03-12 23:59:20'),
(33, 'Disney', 1, NULL, '2024-03-13 00:01:56', '2024-03-13 00:01:56'),
(34, 'Adidas', 1, NULL, '2024-03-13 00:02:40', '2024-03-13 00:02:40'),
(35, 'Offgamers', 1, NULL, '2024-03-13 05:30:08', '2024-03-13 05:30:08'),
(36, 'Roblox', 1, NULL, '2024-03-13 06:04:55', '2024-03-13 06:04:55');

-- --------------------------------------------------------

--
-- Table structure for table `gift_card_amounts`
--

CREATE TABLE `gift_card_amounts` (
  `id` bigint(20) UNSIGNED NOT NULL,
  `card_id` int(11) NOT NULL,
  `amount` decimal(20,2) NOT NULL,
  `rate` decimal(20,2) NOT NULL,
  `refer_bonus` decimal(20,2) NOT NULL,
  `created_by` int(11) DEFAULT NULL,
  `updated_by` int(11) DEFAULT NULL,
  `created_at` timestamp NULL DEFAULT NULL,
  `updated_at` timestamp NULL DEFAULT NULL
) ENGINE=InnoDB DEFAULT CHARSET=utf8mb4 COLLATE=utf8mb4_unicode_ci;

--
-- Dumping data for table `gift_card_amounts`
--

INSERT INTO `gift_card_amounts` (`id`, `card_id`, `amount`, `rate`, `refer_bonus`, `created_by`, `updated_by`, `created_at`, `updated_at`) VALUES
(1, 1, 50.00, 0.00, 500.00, 1, 1, '2024-01-14 00:22:16', '2025-01-10 01:47:39'),
(2, 2, 100.00, 0.00, 1000.00, 1, 1, '2024-01-14 00:22:44', '2024-03-01 14:15:50'),
(3, 5, 50.00, 0.00, 500.00, 1, 1, '2024-02-16 09:11:21', '2024-03-01 14:48:20'),
(4, 6, 25.00, 0.00, 250.00, 1, 1, '2024-02-29 08:06:34', '2024-03-01 17:18:26'),
(5, 2, 150.00, 0.00, 1500.00, 1, 1, '2024-03-01 08:24:14', '2024-03-01 14:14:48'),
(6, 1, 100.00, 0.00, 1000.00, 1, NULL, '2024-03-01 13:51:19', '2024-03-01 13:51:19'),
(7, 7, 25.00, 0.00, 250.00, 1, NULL, '2024-03-01 13:56:05', '2024-03-01 13:56:05'),
(8, 1, 150.00, 0.00, 1500.00, 1, NULL, '2024-03-01 14:09:28', '2024-03-01 14:09:28'),
(9, 1, 200.00, 0.00, 2000.00, 1, NULL, '2024-03-01 14:09:58', '2024-03-01 14:09:58'),
(10, 1, 250.00, 0.00, 2500.00, 1, NULL, '2024-03-01 14:10:35', '2024-03-01 14:10:35'),
(11, 1, 300.00, 0.00, 3000.00, 1, NULL, '2024-03-01 14:10:51', '2024-03-01 14:10:51'),
(12, 1, 350.00, 0.00, 3500.00, 1, NULL, '2024-03-01 14:11:17', '2024-03-01 14:11:17'),
(13, 1, 400.00, 0.00, 4000.00, 1, NULL, '2024-03-01 14:12:00', '2024-03-01 14:12:00'),
(14, 1, 450.00, 0.00, 4500.00, 1, NULL, '2024-03-01 14:12:20', '2024-03-01 14:12:20'),
(15, 1, 500.00, 0.00, 5000.00, 1, NULL, '2024-03-01 14:12:36', '2024-03-01 14:12:36'),
(16, 2, 200.00, 0.00, 2000.00, 1, 1, '2024-03-01 14:13:46', '2024-03-01 14:15:21'),
(17, 3, 50.00, 0.00, 500.00, 1, NULL, '2024-03-01 14:16:24', '2024-03-01 14:16:24'),
(18, 1, 100.00, 0.00, 1000.00, 1, NULL, '2024-03-01 14:16:56', '2024-03-01 14:16:56'),
(19, 3, 100.00, 0.00, 1000.00, 1, NULL, '2024-03-01 14:22:38', '2024-03-01 14:22:38'),
(20, 3, 150.00, 0.00, 1500.00, 1, NULL, '2024-03-01 14:23:09', '2024-03-01 14:23:09'),
(21, 3, 200.00, 0.00, 2000.00, 1, NULL, '2024-03-01 14:23:48', '2024-03-01 14:23:48'),
(22, 3, 250.00, 0.00, 2500.00, 1, 1, '2024-03-01 14:35:12', '2024-03-01 14:35:49'),
(23, 3, 300.00, 0.00, 3000.00, 1, 1, '2024-03-01 14:35:12', '2024-03-01 14:36:38'),
(24, 3, 350.00, 0.00, 3500.00, 1, NULL, '2024-03-01 14:37:20', '2024-03-01 14:37:20'),
(25, 3, 400.00, 0.00, 4000.00, 1, NULL, '2024-03-01 14:38:10', '2024-03-01 14:38:10'),
(26, 3, 450.00, 0.00, 4500.00, 1, NULL, '2024-03-01 14:39:04', '2024-03-01 14:39:04'),
(27, 3, 500.00, 0.00, 5000.00, 1, 1, '2024-03-01 14:39:05', '2024-03-01 14:39:37'),
(28, 4, 50.00, 0.00, 500.00, 1, 1, '2024-03-01 14:45:46', '2024-03-01 14:46:45'),
(29, 4, 100.00, 0.00, 1000.00, 1, NULL, '2024-03-01 14:47:11', '2024-03-01 14:47:11'),
(30, 5, 100.00, 0.00, 1000.00, 1, 1, '2024-03-01 14:48:57', '2024-03-01 14:49:18'),
(31, 5, 150.00, 0.00, 1500.00, 1, NULL, '2024-03-01 14:50:03', '2024-03-01 14:50:03'),
(32, 5, 200.00, 0.00, 2000.00, 1, NULL, '2024-03-01 14:50:34', '2024-03-01 14:50:34'),
(33, 5, 250.00, 0.00, 2500.00, 1, NULL, '2024-03-01 14:50:56', '2024-03-01 14:50:56'),
(34, 5, 300.00, 0.00, 3000.00, 1, NULL, '2024-03-01 15:36:33', '2024-03-01 15:36:33'),
(35, 5, 350.00, 0.00, 3500.00, 1, NULL, '2024-03-01 17:15:26', '2024-03-01 17:15:26'),
(36, 5, 400.00, 0.00, 4000.00, 1, NULL, '2024-03-01 17:15:55', '2024-03-01 17:15:55'),
(37, 5, 450.00, 0.00, 4500.00, 1, NULL, '2024-03-01 17:16:42', '2024-03-01 17:16:42'),
(38, 5, 500.00, 0.00, 5000.00, 1, NULL, '2024-03-01 17:17:14', '2024-03-01 17:17:14'),
(39, 6, 50.00, 0.00, 500.00, 1, NULL, '2024-03-01 17:19:06', '2024-03-01 17:19:06'),
(40, 6, 150.00, 0.00, 1500.00, 1, NULL, '2024-03-01 17:19:59', '2024-03-01 17:19:59'),
(41, 6, 200.00, 0.00, 2000.00, 1, NULL, '2024-03-01 17:20:25', '2024-03-01 17:20:25'),
(42, 7, 50.00, 0.00, 500.00, 1, NULL, '2024-03-01 17:21:19', '2024-03-01 17:21:19'),
(43, 7, 100.00, 0.00, 1000.00, 1, NULL, '2024-03-01 17:21:55', '2024-03-01 17:21:55'),
(44, 7, 150.00, 0.00, 1500.00, 1, NULL, '2024-03-01 17:22:29', '2024-03-01 17:22:29'),
(45, 7, 200.00, 0.00, 2000.00, 1, NULL, '2024-03-01 17:24:27', '2024-03-01 17:24:27'),
(46, 7, 250.00, 0.00, 2500.00, 1, NULL, '2024-03-01 17:24:50', '2024-03-01 17:24:50'),
(47, 7, 300.00, 0.00, 3000.00, 1, NULL, '2024-03-01 17:25:15', '2024-03-01 17:25:15'),
(48, 7, 350.00, 0.00, 3500.00, 1, NULL, '2024-03-01 17:25:49', '2024-03-01 17:25:49'),
(49, 7, 400.00, 0.00, 4000.00, 1, 1, '2024-03-01 17:26:19', '2024-03-01 17:27:20'),
(50, 7, 450.00, 0.00, 4500.00, 1, NULL, '2024-03-01 17:27:04', '2024-03-01 17:27:04'),
(51, 7, 500.00, 0.00, 5000.00, 1, NULL, '2024-03-01 17:27:53', '2024-03-01 17:27:53'),
(52, 8, 25.00, 0.00, 250.00, 1, NULL, '2024-03-01 17:29:45', '2024-03-01 17:29:45'),
(53, 8, 50.00, 0.00, 500.00, 1, NULL, '2024-03-01 17:30:26', '2024-03-01 17:30:26'),
(54, 8, 100.00, 0.00, 1000.00, 1, NULL, '2024-03-01 17:30:48', '2024-03-01 17:30:48'),
(55, 8, 150.00, 0.00, 1500.00, 1, NULL, '2024-03-01 17:31:09', '2024-03-01 17:31:09'),
(56, 8, 200.00, 0.00, 2000.00, 1, NULL, '2024-03-01 17:32:08', '2024-03-01 17:32:08'),
(57, 8, 250.00, 0.00, 2500.00, 1, NULL, '2024-03-01 17:32:39', '2024-03-01 17:32:39'),
(58, 8, 300.00, 0.00, 3000.00, 1, NULL, '2024-03-01 17:33:00', '2024-03-01 17:33:00'),
(59, 8, 350.00, 0.00, 3500.00, 1, 1, '2024-03-01 17:33:22', '2024-03-01 17:33:45'),
(60, 8, 400.00, 0.00, 4000.00, 1, NULL, '2024-03-01 17:34:26', '2024-03-01 17:34:26'),
(61, 8, 450.00, 0.00, 4500.00, 1, NULL, '2024-03-01 17:35:27', '2024-03-01 17:35:27'),
(62, 8, 500.00, 0.00, 5000.00, 1, NULL, '2024-03-01 17:35:52', '2024-03-01 17:35:52'),
(63, 9, 25.00, 0.00, 250.00, 1, NULL, '2024-03-01 17:36:38', '2024-03-01 17:36:38'),
(64, 9, 50.00, 0.00, 500.00, 1, NULL, '2024-03-01 17:36:58', '2024-03-01 17:36:58'),
(65, 9, 100.00, 0.00, 1000.00, 1, NULL, '2024-03-01 17:37:28', '2024-03-01 17:37:28'),
(66, 10, 100.00, 0.00, 1000.00, 1, NULL, '2024-03-01 17:39:35', '2024-03-01 17:39:35'),
(67, 10, 150.00, 0.00, 1500.00, 1, NULL, '2024-03-01 17:39:58', '2024-03-01 17:39:58'),
(68, 10, 200.00, 0.00, 2000.00, 1, NULL, '2024-03-01 17:40:53', '2024-03-01 17:40:53'),
(69, 10, 250.00, 0.00, 2500.00, 1, NULL, '2024-03-01 17:41:16', '2024-03-01 17:41:16'),
(70, 10, 300.00, 0.00, 3000.00, 1, NULL, '2024-03-01 17:41:45', '2024-03-01 17:41:45'),
(71, 11, 100.00, 0.00, 1000.00, 1, NULL, '2024-03-01 17:42:48', '2024-03-01 17:42:48'),
(72, 11, 150.00, 0.00, 1500.00, 1, NULL, '2024-03-01 17:43:16', '2024-03-01 17:43:16'),
(73, 11, 200.00, 0.00, 2000.00, 1, NULL, '2024-03-01 17:43:36', '2024-03-01 17:43:36'),
(74, 11, 250.00, 0.00, 2500.00, 1, NULL, '2024-03-01 17:43:55', '2024-03-01 17:43:55'),
(75, 11, 300.00, 0.00, 3000.00, 1, NULL, '2024-03-01 17:44:17', '2024-03-01 17:44:17'),
(76, 11, 350.00, 0.00, 3500.00, 1, NULL, '2024-03-02 04:59:27', '2024-03-02 04:59:27'),
(77, 11, 400.00, 0.00, 4000.00, 1, NULL, '2024-03-02 05:00:18', '2024-03-02 05:00:18'),
(78, 11, 450.00, 0.00, 4500.00, 1, NULL, '2024-03-02 05:00:55', '2024-03-02 05:00:55'),
(79, 11, 500.00, 0.00, 5000.00, 1, NULL, '2024-03-02 05:01:29', '2024-03-02 05:01:29'),
(80, 12, 100.00, 0.00, 1000.00, 1, NULL, '2024-03-02 05:02:45', '2024-03-02 05:02:45'),
(81, 12, 200.00, 0.00, 2000.00, 1, NULL, '2024-03-02 05:03:14', '2024-03-02 05:03:14'),
(82, 12, 300.00, 0.00, 3000.00, 1, NULL, '2024-03-02 05:03:43', '2024-03-02 05:03:43'),
(83, 12, 400.00, 0.00, 4000.00, 1, NULL, '2024-03-02 05:04:27', '2024-03-02 05:04:27'),
(84, 12, 500.00, 0.00, 5000.00, 1, NULL, '2024-03-02 05:04:58', '2024-03-02 05:04:58'),
(85, 13, 100.00, 0.00, 1000.00, 1, NULL, '2024-03-02 06:11:04', '2024-03-02 06:11:04'),
(86, 13, 200.00, 0.00, 2000.00, 1, NULL, '2024-03-02 06:14:16', '2024-03-02 06:14:16'),
(87, 13, 300.00, 0.00, 3000.00, 1, NULL, '2024-03-02 06:15:16', '2024-03-02 06:15:16'),
(88, 13, 400.00, 0.00, 4000.00, 1, 1, '2024-03-02 06:15:17', '2024-03-02 06:23:51'),
(89, 13, 500.00, 0.00, 5000.00, 1, NULL, '2024-03-02 06:26:53', '2024-03-02 06:26:53'),
(90, 14, 100.00, 0.00, 1000.00, 1, NULL, '2024-03-12 21:06:47', '2024-03-12 21:06:47'),
(91, 14, 150.00, 0.00, 1500.00, 1, NULL, '2024-03-12 21:08:24', '2024-03-12 21:08:24'),
(92, 14, 200.00, 0.00, 2000.00, 1, 1, '2024-03-12 21:08:26', '2024-03-12 21:08:57'),
(93, 14, 250.00, 0.00, 2500.00, 1, NULL, '2024-03-12 21:09:48', '2024-03-12 21:09:48'),
(94, 14, 300.00, 0.00, 3000.00, 1, NULL, '2024-03-12 21:10:18', '2024-03-12 21:10:18'),
(95, 14, 350.00, 0.00, 3500.00, 1, 1, '2024-03-12 21:10:19', '2024-03-12 21:11:46'),
(96, 14, 400.00, 0.00, 4000.00, 1, NULL, '2024-03-12 21:14:19', '2024-03-12 21:14:19'),
(97, 14, 450.00, 0.00, 4500.00, 1, NULL, '2024-03-12 21:14:51', '2024-03-12 21:14:51'),
(98, 14, 500.00, 0.00, 5000.00, 1, NULL, '2024-03-12 21:15:21', '2024-03-12 21:15:21'),
(99, 15, 100.00, 0.00, 1000.00, 1, NULL, '2024-03-12 21:16:27', '2024-03-12 21:16:27'),
(100, 15, 150.00, 0.00, 1500.00, 1, NULL, '2024-03-12 21:16:54', '2024-03-12 21:16:54'),
(101, 15, 200.00, 0.00, 2000.00, 1, NULL, '2024-03-12 21:17:19', '2024-03-12 21:17:19'),
(102, 15, 250.00, 0.00, 2500.00, 1, 1, '2024-03-12 21:17:50', '2024-03-12 21:18:08'),
(103, 15, 300.00, 0.00, 3000.00, 1, NULL, '2024-03-12 21:18:42', '2024-03-12 21:18:42'),
(104, 15, 350.00, 0.00, 3500.00, 1, NULL, '2024-03-12 21:19:16', '2024-03-12 21:19:16'),
(105, 15, 400.00, 0.00, 4000.00, 1, NULL, '2024-03-12 21:19:44', '2024-03-12 21:19:44'),
(106, 15, 450.00, 0.00, 4500.00, 1, NULL, '2024-03-12 21:20:26', '2024-03-12 21:20:26'),
(107, 15, 500.00, 0.00, 5000.00, 1, NULL, '2024-03-12 21:20:58', '2024-03-12 21:20:58'),
(108, 16, 100.00, 0.00, 1000.00, 1, NULL, '2024-03-12 21:21:32', '2024-03-12 21:21:32'),
(109, 16, 150.00, 0.00, 1500.00, 1, NULL, '2024-03-12 21:22:23', '2024-03-12 21:22:23'),
(110, 16, 200.00, 0.00, 2000.00, 1, NULL, '2024-03-12 21:22:40', '2024-03-12 21:22:40'),
(111, 16, 250.00, 0.00, 2500.00, 1, NULL, '2024-03-12 21:23:10', '2024-03-12 21:23:10'),
(112, 16, 300.00, 0.00, 3000.00, 1, NULL, '2024-03-12 21:23:45', '2024-03-12 21:23:45'),
(113, 16, 350.00, 0.00, 3500.00, 1, NULL, '2024-03-12 21:24:04', '2024-03-12 21:24:04'),
(114, 16, 400.00, 0.00, 4000.00, 1, NULL, '2024-03-12 21:24:34', '2024-03-12 21:24:34'),
(115, 16, 450.00, 0.00, 4500.00, 1, NULL, '2024-03-12 21:25:09', '2024-03-12 21:25:09'),
(116, 16, 500.00, 0.00, 5000.00, 1, NULL, '2024-03-12 21:25:52', '2024-03-12 21:25:52'),
(117, 23, 100.00, 0.00, 1000.00, 1, NULL, '2024-03-12 23:30:38', '2024-03-12 23:30:38'),
(118, 17, 100.00, 0.00, 1000.00, 1, NULL, '2024-03-13 00:07:48', '2024-03-13 00:07:48'),
(119, 17, 150.00, 0.00, 1500.00, 1, NULL, '2024-03-13 00:08:22', '2024-03-13 00:08:22'),
(120, 17, 200.00, 0.00, 2000.00, 1, NULL, '2024-03-13 00:08:55', '2024-03-13 00:08:55'),
(121, 17, 250.00, 0.00, 2500.00, 1, NULL, '2024-03-13 00:09:23', '2024-03-13 00:09:23'),
(122, 17, 300.00, 0.00, 3000.00, 1, NULL, '2024-03-13 00:10:04', '2024-03-13 00:10:04'),
(123, 17, 350.00, 0.00, 3500.00, 1, NULL, '2024-03-13 00:10:27', '2024-03-13 00:10:27'),
(124, 17, 400.00, 0.00, 4000.00, 1, NULL, '2024-03-13 00:10:49', '2024-03-13 00:10:49'),
(125, 17, 450.00, 0.00, 4500.00, 1, NULL, '2024-03-13 00:11:08', '2024-03-13 00:11:08'),
(126, 17, 500.00, 0.00, 5000.00, 1, NULL, '2024-03-13 00:11:36', '2024-03-13 00:11:36'),
(127, 18, 100.00, 0.00, 1000.00, 1, NULL, '2024-03-13 00:12:42', '2024-03-13 00:12:42'),
(128, 18, 200.00, 0.00, 2000.00, 1, NULL, '2024-03-13 00:13:01', '2024-03-13 00:13:01'),
(129, 18, 300.00, 0.00, 3000.00, 1, NULL, '2024-03-13 00:13:29', '2024-03-13 00:13:29'),
(130, 18, 400.00, 0.00, 4000.00, 1, NULL, '2024-03-13 00:14:32', '2024-03-13 00:14:32'),
(131, 18, 500.00, 0.00, 5000.00, 1, NULL, '2024-03-13 00:14:54', '2024-03-13 00:14:54'),
(132, 19, 500.00, 0.00, 5000.00, 1, NULL, '2024-03-13 05:31:50', '2024-03-13 05:31:50'),
(133, 20, 100.00, 0.00, 1000.00, 1, NULL, '2024-03-13 05:32:59', '2024-03-13 05:32:59'),
(134, 20, 200.00, 0.00, 2000.00, 1, NULL, '2024-03-13 05:33:16', '2024-03-13 05:33:16'),
(135, 20, 300.00, 0.00, 3000.00, 1, NULL, '2024-03-13 05:33:32', '2024-03-13 05:33:32'),
(136, 20, 400.00, 0.00, 4000.00, 1, NULL, '2024-03-13 05:33:53', '2024-03-13 05:33:53'),
(137, 20, 500.00, 0.00, 5000.00, 1, NULL, '2024-03-13 05:34:13', '2024-03-13 05:34:13'),
(138, 21, 100.00, 0.00, 1000.00, 1, NULL, '2024-03-13 05:36:00', '2024-03-13 05:36:00'),
(139, 21, 200.00, 0.00, 2000.00, 1, NULL, '2024-03-13 05:36:18', '2024-03-13 05:36:18'),
(140, 21, 300.00, 0.00, 3000.00, 1, NULL, '2024-03-13 05:36:46', '2024-03-13 05:36:46'),
(141, 21, 400.00, 0.00, 4000.00, 1, NULL, '2024-03-13 05:37:08', '2024-03-13 05:37:08'),
(142, 21, 500.00, 0.00, 5000.00, 1, NULL, '2024-03-13 05:37:26', '2024-03-13 05:37:26'),
(143, 22, 500.00, 0.00, 5000.00, 1, NULL, '2024-03-13 05:38:39', '2024-03-13 05:38:39'),
(144, 23, 150.00, 0.00, 1500.00, 1, 1, '2024-03-13 05:39:59', '2024-03-13 05:41:40'),
(145, 23, 200.00, 0.00, 2000.00, 1, 1, '2024-03-13 05:41:02', '2024-03-13 05:42:28'),
(146, 23, 250.00, 0.00, 2500.00, 1, 1, '2024-03-13 05:41:19', '2024-03-13 05:42:06'),
(147, 23, 300.00, 0.00, 3000.00, 1, NULL, '2024-03-13 05:42:58', '2024-03-13 05:42:58'),
(148, 23, 350.00, 0.00, 3500.00, 1, NULL, '2024-03-13 05:43:14', '2024-03-13 05:43:14'),
(149, 23, 400.00, 0.00, 4000.00, 1, 1, '2024-03-13 05:43:33', '2024-03-13 05:43:51'),
(150, 23, 450.00, 0.00, 4500.00, 1, NULL, '2024-03-13 05:44:21', '2024-03-13 05:44:21'),
(151, 23, 500.00, 0.00, 5000.00, 1, NULL, '2024-03-13 05:44:38', '2024-03-13 05:44:38'),
(152, 24, 500.00, 0.00, 5000.00, 1, NULL, '2024-03-13 05:45:05', '2024-03-13 05:45:05'),
(153, 26, 50.00, 0.00, 500.00, 1, NULL, '2024-03-13 05:46:23', '2024-03-13 05:46:23'),
(154, 26, 100.00, 0.00, 1000.00, 1, NULL, '2024-03-13 05:46:57', '2024-03-13 05:46:57'),
(155, 26, 150.00, 0.00, 1500.00, 1, NULL, '2024-03-13 05:47:16', '2024-03-13 05:47:16'),
(156, 26, 200.00, 0.00, 2000.00, 1, NULL, '2024-03-13 05:47:34', '2024-03-13 05:47:34'),
(157, 26, 250.00, 0.00, 2500.00, 1, NULL, '2024-03-13 05:48:09', '2024-03-13 05:48:09'),
(158, 26, 300.00, 0.00, 3000.00, 1, NULL, '2024-03-13 05:48:35', '2024-03-13 05:48:35'),
(159, 26, 350.00, 0.00, 3500.00, 1, NULL, '2024-03-13 05:48:48', '2024-03-13 05:48:48'),
(160, 26, 400.00, 0.00, 4000.00, 1, NULL, '2024-03-13 05:49:08', '2024-03-13 05:49:08'),
(161, 26, 450.00, 0.00, 4500.00, 1, NULL, '2024-03-13 05:49:24', '2024-03-13 05:49:24'),
(162, 26, 500.00, 0.00, 5000.00, 1, NULL, '2024-03-13 05:49:39', '2024-03-13 05:49:39'),
(163, 27, 100.00, 0.00, 1000.00, 1, NULL, '2024-03-13 05:50:13', '2024-03-13 05:50:13'),
(164, 27, 200.00, 0.00, 2000.00, 1, NULL, '2024-03-13 05:50:27', '2024-03-13 05:50:27'),
(165, 27, 300.00, 0.00, 3000.00, 1, NULL, '2024-03-13 05:50:41', '2024-03-13 05:50:41'),
(166, 27, 400.00, 0.00, 4000.00, 1, NULL, '2024-03-13 05:50:59', '2024-03-13 05:50:59'),
(167, 27, 500.00, 0.00, 5000.00, 1, NULL, '2024-03-13 05:51:23', '2024-03-13 05:51:23'),
(168, 28, 500.00, 0.00, 5000.00, 1, NULL, '2024-03-13 05:52:09', '2024-03-13 05:52:09'),
(169, 29, 100.00, 0.00, 1000.00, 1, NULL, '2024-03-13 05:53:29', '2024-03-13 05:53:29'),
(170, 29, 200.00, 0.00, 2000.00, 1, NULL, '2024-03-13 05:53:42', '2024-03-13 05:53:42'),
(171, 29, 300.00, 0.00, 3000.00, 1, NULL, '2024-03-13 05:53:59', '2024-03-13 05:53:59'),
(172, 29, 400.00, 0.00, 4000.00, 1, NULL, '2024-03-13 05:54:13', '2024-03-13 05:54:13'),
(173, 29, 500.00, 0.00, 5000.00, 1, NULL, '2024-03-13 05:54:28', '2024-03-13 05:54:28'),
(174, 30, 100.00, 0.00, 1000.00, 1, NULL, '2024-03-13 05:56:13', '2024-03-13 05:56:13'),
(175, 30, 200.00, 0.00, 2000.00, 1, NULL, '2024-03-13 05:56:29', '2024-03-13 05:56:29'),
(176, 30, 300.00, 0.00, 3000.00, 1, NULL, '2024-03-13 05:56:48', '2024-03-13 05:56:48'),
(177, 30, 400.00, 0.00, 4000.00, 1, NULL, '2024-03-13 05:57:03', '2024-03-13 05:57:03'),
(178, 30, 500.00, 0.00, 5000.00, 1, NULL, '2024-03-13 05:57:16', '2024-03-13 05:57:16'),
(179, 35, 100.00, 0.00, 1000.00, 1, NULL, '2024-03-13 05:58:57', '2024-03-13 05:58:57'),
(180, 31, 100.00, 0.00, 1000.00, 1, 1, '2024-03-13 05:59:14', '2024-03-13 06:01:15'),
(181, 31, 200.00, 0.00, 2000.00, 1, 1, '2024-03-13 05:59:29', '2024-03-13 06:01:51'),
(182, 31, 300.00, 0.00, 3000.00, 1, 1, '2024-03-13 05:59:48', '2024-03-13 06:02:20'),
(183, 31, 400.00, 0.00, 4000.00, 1, 1, '2024-03-13 06:00:04', '2024-03-13 06:00:56'),
(184, 31, 500.00, 0.00, 5000.00, 1, NULL, '2024-03-13 06:02:45', '2024-03-13 06:02:45'),
(185, 32, 25.00, 0.00, 250.00, 1, NULL, '2024-03-13 06:06:05', '2024-03-13 06:06:05'),
(186, 32, 50.00, 0.00, 500.00, 1, NULL, '2024-03-13 06:06:27', '2024-03-13 06:06:27'),
(187, 32, 75.00, 0.00, 750.00, 1, NULL, '2024-03-13 06:06:53', '2024-03-13 06:06:53'),
(188, 32, 100.00, 0.00, 1000.00, 1, NULL, '2024-03-13 06:07:17', '2024-03-13 06:07:17'),
(189, 33, 100.00, 0.00, 1000.00, 1, NULL, '2024-03-13 06:07:58', '2024-03-13 06:07:58'),
(190, 33, 200.00, 0.00, 2000.00, 1, NULL, '2024-03-13 06:08:11', '2024-03-13 06:08:11'),
(191, 33, 300.00, 0.00, 3000.00, 1, NULL, '2024-03-13 06:08:30', '2024-03-13 06:08:30'),
(192, 33, 400.00, 0.00, 4000.00, 1, NULL, '2024-03-13 06:08:43', '2024-03-13 06:08:43'),
(193, 33, 500.00, 0.00, 5000.00, 1, NULL, '2024-03-13 06:09:04', '2024-03-13 06:09:04'),
(194, 34, 100.00, 0.00, 1000.00, 1, NULL, '2024-03-13 06:09:47', '2024-03-13 06:09:47'),
(195, 34, 200.00, 0.00, 2000.00, 1, NULL, '2024-03-13 06:10:04', '2024-03-13 06:10:04'),
(196, 34, 300.00, 0.00, 3000.00, 1, NULL, '2024-03-13 06:10:18', '2024-03-13 06:10:18'),
(197, 34, 400.00, 0.00, 4000.00, 1, NULL, '2024-03-13 06:10:42', '2024-03-13 06:10:42'),
(198, 34, 500.00, 0.00, 5000.00, 1, NULL, '2024-03-13 06:11:04', '2024-03-13 06:11:04'),
(199, 36, 25.00, 0.00, 250.00, 1, NULL, '2024-03-13 06:11:46', '2024-03-13 06:11:46'),
(200, 36, 50.00, 0.00, 500.00, 1, NULL, '2024-03-13 06:12:06', '2024-03-13 06:12:06'),
(201, 36, 75.00, 0.00, 750.00, 1, NULL, '2024-03-13 06:12:25', '2024-03-13 06:12:25'),
(202, 36, 100.00, 0.00, 1000.00, 1, NULL, '2024-03-13 06:12:38', '2024-03-13 06:12:38');

-- --------------------------------------------------------

--
-- Table structure for table `invoices`
--

CREATE TABLE `invoices` (
  `id` bigint(20) UNSIGNED NOT NULL,
  `user_id` int(11) NOT NULL,
  `number` varchar(255) NOT NULL,
  `currency_id` int(11) NOT NULL,
  `invoice_to` varchar(255) NOT NULL,
  `email` varchar(255) NOT NULL,
  `address` varchar(255) NOT NULL,
  `charge` decimal(20,10) NOT NULL,
  `final_amount` decimal(20,10) NOT NULL,
  `get_amount` decimal(20,10) NOT NULL,
  `payment_status` tinyint(4) NOT NULL DEFAULT 0 COMMENT '1 => paid, 0 => not paid',
  `status` tinyint(4) NOT NULL DEFAULT 0 COMMENT '1 => published, 0 => not published , 2 => cancel',
  `created_at` timestamp NULL DEFAULT NULL,
  `updated_at` timestamp NULL DEFAULT NULL
) ENGINE=InnoDB DEFAULT CHARSET=utf8mb4 COLLATE=utf8mb4_unicode_ci;

-- --------------------------------------------------------

--
-- Table structure for table `inv_items`
--

CREATE TABLE `inv_items` (
  `id` bigint(20) UNSIGNED NOT NULL,
  `invoice_id` int(11) NOT NULL,
  `name` varchar(255) NOT NULL,
  `amount` decimal(20,10) NOT NULL,
  `created_at` timestamp NULL DEFAULT NULL,
  `updated_at` timestamp NULL DEFAULT NULL
) ENGINE=InnoDB DEFAULT CHARSET=utf8mb4 COLLATE=utf8mb4_unicode_ci;

-- --------------------------------------------------------

--
-- Table structure for table `kyc_forms`
--

CREATE TABLE `kyc_forms` (
  `id` bigint(20) UNSIGNED NOT NULL,
  `user_type` tinyint(4) NOT NULL,
  `type` int(11) NOT NULL COMMENT '1 = input, 2 = file, 3 = textarea',
  `label` varchar(255) NOT NULL,
  `name` varchar(255) NOT NULL,
  `required` int(11) NOT NULL COMMENT '1 = yes, 0 = no',
  `max_length` int(11) DEFAULT NULL,
  `created_at` timestamp NULL DEFAULT NULL,
  `updated_at` timestamp NULL DEFAULT NULL
) ENGINE=InnoDB DEFAULT CHARSET=utf8mb4 COLLATE=utf8mb4_unicode_ci;

--
-- Dumping data for table `kyc_forms`
--

INSERT INTO `kyc_forms` (`id`, `user_type`, `type`, `label`, `name`, `required`, `max_length`, `created_at`, `updated_at`) VALUES
(4, 2, 1, 'Business Name', 'business_name', 1, NULL, '2022-01-04 05:04:01', '2022-01-04 05:04:01'),
(6, 2, 1, 'Trade License', 'trade_license', 1, NULL, '2022-02-02 00:25:05', '2022-02-02 00:25:05'),
(7, 2, 2, 'License Screenshot', 'license_screenshot', 1, NULL, '2022-02-02 00:25:22', '2022-02-02 00:25:22'),
(8, 2, 3, 'Adress of your Business Institute', 'adress_of_your_business_institute', 1, NULL, '2022-02-02 00:25:44', '2022-02-02 00:25:44'),
(15, 1, 1, 'NIN NO', 'nin_no', 0, NULL, '2024-04-09 10:16:08', '2024-07-09 08:25:37');

-- --------------------------------------------------------

--
-- Table structure for table `languages`
--

CREATE TABLE `languages` (
  `id` int(191) NOT NULL,
  `is_default` tinyint(1) NOT NULL DEFAULT 0,
  `language` varchar(100) CHARACTER SET utf8mb4 COLLATE utf8mb4_unicode_ci DEFAULT NULL,
  `code` varchar(10) NOT NULL,
  `file` varchar(100) CHARACTER SET utf8mb4 COLLATE utf8mb4_unicode_ci DEFAULT NULL
) ENGINE=InnoDB DEFAULT CHARSET=latin1 COLLATE=latin1_swedish_ci;

--
-- Dumping data for table `languages`
--

INSERT INTO `languages` (`id`, `is_default`, `language`, `code`, `file`) VALUES
(12, 1, 'English', 'en', 'en.json'),
(15, 0, 'Hindi', 'hn', 'hn.json'),
(16, 0, 'Bengali', 'bn', 'bn.json'),
(17, 0, 'Spanish', 'es', 'es.json');

-- --------------------------------------------------------

--
-- Table structure for table `login_logs`
--

CREATE TABLE `login_logs` (
  `id` bigint(20) UNSIGNED NOT NULL,
  `user_id` int(11) DEFAULT NULL,
  `merchant_id` int(11) DEFAULT NULL,
  `ip` varchar(255) DEFAULT NULL,
  `country` varchar(255) DEFAULT 'Unknown',
  `city` varchar(255) DEFAULT 'Unknown',
  `created_at` timestamp NULL DEFAULT NULL,
  `updated_at` timestamp NULL DEFAULT NULL
) ENGINE=InnoDB DEFAULT CHARSET=utf8mb4 COLLATE=utf8mb4_unicode_ci;

--
-- Dumping data for table `login_logs`
--

INSERT INTO `login_logs` (`id`, `user_id`, `merchant_id`, `ip`, `country`, `city`, `created_at`, `updated_at`) VALUES
(1, NULL, NULL, '91.187.39.18', 'Czechia', 'Bohumín', '2024-11-21 07:25:10', '2024-11-21 07:25:10'),
(2, NULL, NULL, '110.235.247.93', 'Cambodia', 'Phnom Penh', '2024-11-21 07:49:53', '2024-11-21 07:49:53'),
(3, NULL, NULL, '113.160.202.42', 'Vietnam', 'Ninh Bình', '2024-11-21 07:54:30', '2024-11-21 07:54:30'),
(4, NULL, NULL, '187.95.13.201', 'Brazil', 'Andradina', '2024-11-21 08:17:52', '2024-11-21 08:17:52'),
(5, NULL, NULL, '187.188.136.136', 'Mexico', 'Apodaca', '2024-11-21 08:18:37', '2024-11-21 08:18:37'),
(6, NULL, NULL, '217.29.208.183', 'South Africa', 'Potchefstroom', '2024-11-21 09:12:57', '2024-11-21 09:12:57'),
(7, NULL, NULL, '202.63.241.46', 'Nepal', '', '2024-11-21 09:29:52', '2024-11-21 09:29:52'),
(8, NULL, NULL, '187.16.109.192', 'Brazil', 'Rio de Janeiro', '2024-11-21 09:31:46', '2024-11-21 09:31:46'),
(9, NULL, NULL, '103.187.151.83', 'Indonesia', '', '2024-11-21 09:51:20', '2024-11-21 09:51:20'),
(10, NULL, NULL, '188.137.91.106', 'Poland', 'Mszana', '2024-11-21 09:54:49', '2024-11-21 09:54:49'),
(11, NULL, NULL, '103.147.166.130', 'Bangladesh', '', '2024-11-21 10:12:27', '2024-11-21 10:12:27'),
(12, NULL, NULL, '151.232.31.203', 'Iran', '', '2024-11-21 10:13:41', '2024-11-21 10:13:41'),
(13, NULL, NULL, '46.107.229.132', 'Hungary', 'Budapest', '2024-11-21 10:18:56', '2024-11-21 10:18:56'),
(14, NULL, NULL, '103.76.149.81', 'Indonesia', 'Jakarta', '2024-11-21 10:29:36', '2024-11-21 10:29:36'),
(15, NULL, NULL, '177.75.132.103', 'Brazil', 'Clevelândia', '2024-11-21 10:51:50', '2024-11-21 10:51:50'),
(16, NULL, NULL, '197.255.3.134', 'Nigeria', 'Lagos', '2024-11-21 11:22:53', '2024-11-21 11:22:53'),
(17, NULL, NULL, '102.217.204.92', 'Nigeria', '', '2024-11-21 11:38:31', '2024-11-21 11:38:31'),
(18, NULL, NULL, '94.183.26.44', 'Iran', '', '2024-11-21 11:40:35', '2024-11-21 11:40:35'),
(19, NULL, NULL, '181.205.75.226', 'Colombia', 'Medellín', '2024-11-21 12:19:53', '2024-11-21 12:19:53'),
(20, NULL, NULL, '31.146.154.155', 'Georgia', 'Tbilisi', '2024-11-21 12:25:57', '2024-11-21 12:25:57'),
(21, NULL, NULL, '41.60.253.162', 'Kenya', 'Nairobi', '2024-11-21 12:31:32', '2024-11-21 12:31:32'),
(22, NULL, NULL, '160.242.40.142', 'Mozambique', 'Maputo', '2024-11-21 12:48:03', '2024-11-21 12:48:03'),
(23, NULL, NULL, '103.134.94.106', 'Cambodia', 'Phnom Penh', '2024-11-21 13:03:31', '2024-11-21 13:03:31'),
(24, NULL, NULL, '110.34.1.73', 'Nepal', 'Kathmandu', '2024-11-21 13:04:44', '2024-11-21 13:04:44'),
(25, NULL, NULL, '178.212.51.53', 'Poland', '', '2024-11-21 13:05:23', '2024-11-21 13:05:23'),
(26, NULL, NULL, '185.76.59.102', 'Italy', 'Corinaldo', '2024-11-21 13:36:33', '2024-11-21 13:36:33'),
(27, NULL, NULL, '168.205.182.50', 'Brazil', 'Duque de Caxias', '2024-11-21 13:45:05', '2024-11-21 13:45:05'),
(28, NULL, NULL, '203.189.152.141', 'Cambodia', 'Phnom Penh', '2024-11-21 14:18:43', '2024-11-21 14:18:43'),
(29, NULL, NULL, '43.230.158.66', 'India', 'Faridabad', '2024-11-21 14:20:12', '2024-11-21 14:20:12'),
(30, NULL, NULL, '103.25.137.241', 'Pakistan', '', '2024-11-21 14:24:40', '2024-11-21 14:24:40'),
(31, NULL, NULL, '113.160.112.138', 'Vietnam', 'Ha Long', '2024-11-21 14:33:01', '2024-11-21 14:33:01'),
(32, NULL, NULL, '106.0.61.149', 'Bangladesh', '', '2024-11-21 14:36:18', '2024-11-21 14:36:18'),
(33, NULL, NULL, '122.55.190.115', 'Philippines', 'Tagaytay', '2024-11-21 14:40:20', '2024-11-21 14:40:20'),
(34, NULL, NULL, '103.206.132.59', 'India', 'Kalyān', '2024-11-21 14:41:59', '2024-11-21 14:41:59'),
(35, NULL, NULL, '49.156.40.1', 'Cambodia', 'Phnom Penh', '2024-11-21 14:44:36', '2024-11-21 14:44:36'),
(36, NULL, NULL, '159.192.121.105', 'Thailand', 'Udon Thani', '2024-11-21 14:54:05', '2024-11-21 14:54:05'),
(37, NULL, NULL, '169.255.72.83', 'Congo Republic', 'Dolisie', '2024-11-21 15:02:53', '2024-11-21 15:02:53'),
(38, NULL, NULL, '203.192.199.146', 'India', 'Bengaluru', '2024-11-21 15:08:04', '2024-11-21 15:08:04'),
(39, NULL, NULL, '156.155.170.72', 'South Africa', 'Johannesburg', '2024-11-21 15:23:02', '2024-11-21 15:23:02'),
(40, NULL, NULL, '96.9.88.165', 'Cambodia', '', '2024-11-21 15:25:00', '2024-11-21 15:25:00'),
(41, NULL, NULL, '170.239.41.201', 'Brazil', 'Dourados', '2024-11-21 15:29:18', '2024-11-21 15:29:18'),
(42, NULL, NULL, '85.13.86.102', 'Czechia', 'Klatovy', '2024-11-21 15:34:00', '2024-11-21 15:34:00'),
(43, NULL, NULL, '103.19.121.34', 'India', 'Godda', '2024-11-21 15:37:02', '2024-11-21 15:37:02'),
(44, NULL, NULL, '181.230.219.102', 'Argentina', 'Mar del Plata', '2024-11-21 15:40:24', '2024-11-21 15:40:24'),
(45, NULL, NULL, '103.35.108.154', 'Bangladesh', 'Dhaka', '2024-11-21 15:42:26', '2024-11-21 15:42:26'),
(46, NULL, NULL, '105.22.47.146', 'South Africa', 'Johannesburg', '2024-11-21 15:50:41', '2024-11-21 15:50:41'),
(47, NULL, NULL, '114.4.246.254', 'Indonesia', 'Palembang', '2024-11-21 16:00:18', '2024-11-21 16:00:18'),
(48, NULL, NULL, '102.216.68.56', 'Kenya', '', '2024-11-21 16:04:31', '2024-11-21 16:04:31'),
(49, NULL, NULL, '123.108.253.9', 'Cambodia', '', '2024-11-21 16:11:44', '2024-11-21 16:11:44'),
(50, NULL, NULL, '14.161.4.61', 'Vietnam', 'Ho Chi Minh City', '2024-11-21 16:22:46', '2024-11-21 16:22:46'),
(51, NULL, NULL, '202.137.142.74', 'Laos', 'Vientiane', '2024-11-21 16:51:10', '2024-11-21 16:51:10'),
(52, NULL, NULL, '124.41.213.161', 'Nepal', 'Kathmandu', '2024-11-21 16:56:38', '2024-11-21 16:56:38'),
(53, NULL, NULL, '169.255.72.83', 'Congo Republic', 'Dolisie', '2024-11-21 17:10:57', '2024-11-21 17:10:57'),
(54, NULL, NULL, '138.255.214.60', 'Brazil', 'Goiânia', '2024-11-21 17:26:43', '2024-11-21 17:26:43'),
(55, NULL, NULL, '103.189.117.118', 'Indonesia', 'Banyumas', '2024-11-21 17:47:05', '2024-11-21 17:47:05'),
(56, NULL, NULL, '110.44.126.78', 'Nepal', 'Kathmandu', '2024-11-21 17:53:11', '2024-11-21 17:53:11'),
(57, NULL, NULL, '103.198.138.95', 'Bangladesh', 'Dhaka', '2024-11-21 17:54:58', '2024-11-21 17:54:58'),
(58, NULL, NULL, '65.20.149.252', 'Iraq', 'Baghdad', '2024-11-21 17:56:34', '2024-11-21 17:56:34'),
(59, NULL, NULL, '36.64.42.140', 'Indonesia', 'Jakarta', '2024-11-21 18:10:15', '2024-11-21 18:10:15'),
(60, NULL, NULL, '45.201.189.135', 'Cambodia', 'Phnom Penh', '2024-11-21 18:12:32', '2024-11-21 18:12:32'),
(61, NULL, NULL, '190.2.67.74', 'Brazil', 'Iguatu', '2024-11-21 18:24:19', '2024-11-21 18:24:19'),
(62, NULL, NULL, '110.34.28.68', 'Nepal', 'Kathmandu', '2024-11-21 18:42:40', '2024-11-21 18:42:40'),
(63, NULL, NULL, '113.176.107.17', 'Vietnam', 'Da Nang', '2024-11-21 18:46:41', '2024-11-21 18:46:41'),
(64, NULL, NULL, '154.74.0.10', 'Tanzania', 'Mbeya', '2024-11-21 18:46:43', '2024-11-21 18:46:43'),
(65, NULL, NULL, '177.87.71.62', 'Brazil', 'Três Barras do Paraná', '2024-11-21 18:51:57', '2024-11-21 18:51:57'),
(66, NULL, NULL, '31.10.63.243', 'Czechia', 'Rudoltice', '2024-11-21 18:59:27', '2024-11-21 18:59:27'),
(67, NULL, NULL, '160.19.132.112', 'South Africa', 'Schweizer-Reneke', '2024-11-21 19:20:09', '2024-11-21 19:20:09'),
(68, NULL, NULL, '103.235.198.23', 'Nepal', '', '2024-11-21 20:13:29', '2024-11-21 20:13:29'),
(69, NULL, NULL, '182.93.84.94', 'Nepal', '', '2024-11-21 20:28:54', '2024-11-21 20:28:54'),
(70, NULL, NULL, '98.97.135.146', 'Argentina', 'Buenos Aires', '2024-11-21 20:35:53', '2024-11-21 20:35:53'),
(71, NULL, NULL, '103.65.214.157', 'Indonesia', '', '2024-11-21 20:45:09', '2024-11-21 20:45:09'),
(72, NULL, NULL, '124.248.164.212', 'Cambodia', 'Phnom Penh', '2024-11-21 21:03:44', '2024-11-21 21:03:44'),
(73, NULL, NULL, '95.107.169.9', 'Albania', 'Tirana', '2024-11-21 21:16:40', '2024-11-21 21:16:40'),
(74, NULL, NULL, '5.152.119.250', 'Georgia', 'Tbilisi', '2024-11-21 21:17:22', '2024-11-21 21:17:22'),
(75, NULL, NULL, '102.89.85.250', 'Nigeria', 'Lagos', '2024-11-21 21:19:18', '2024-11-21 21:19:18'),
(76, NULL, NULL, '85.163.113.200', 'Czechia', 'Dambořice', '2024-11-21 21:23:12', '2024-11-21 21:23:12'),
(77, NULL, NULL, '181.205.113.218', 'Colombia', 'Medellín', '2024-11-21 21:41:07', '2024-11-21 21:41:07'),
(78, NULL, NULL, '43.251.85.85', 'Bangladesh', '', '2024-11-21 21:44:04', '2024-11-21 21:44:04'),
(79, NULL, NULL, '175.100.64.46', 'Cambodia', 'Phnom Penh', '2024-11-21 21:51:06', '2024-11-21 21:51:06'),
(80, NULL, NULL, '46.231.79.85', 'Czechia', 'Horní Těrlicko', '2024-11-21 22:06:36', '2024-11-21 22:06:36'),
(81, NULL, NULL, '188.112.43.46', 'Poland', 'Żychlin', '2024-11-21 22:44:34', '2024-11-21 22:44:34'),
(82, NULL, NULL, '82.137.255.50', 'Syria', '', '2024-11-21 23:14:32', '2024-11-21 23:14:32'),
(83, NULL, NULL, '45.230.172.250', 'Mexico', 'Culiacán', '2024-11-21 23:15:24', '2024-11-21 23:15:24'),
(84, NULL, NULL, '105.27.113.26', 'South Africa', 'Cape Town', '2024-11-21 23:22:47', '2024-11-21 23:22:47'),
(85, NULL, NULL, '45.71.184.192', 'Ecuador', 'El Guabo', '2024-11-21 23:37:51', '2024-11-21 23:37:51'),
(86, NULL, NULL, '45.5.155.235', 'Argentina', 'San Juan', '2024-11-21 23:39:07', '2024-11-21 23:39:07'),
(87, NULL, NULL, '186.159.9.90', 'Colombia', 'Medellín', '2024-11-22 00:01:47', '2024-11-22 00:01:47'),
(88, NULL, NULL, '124.105.3.214', 'Philippines', 'Paranaque City', '2024-11-22 00:03:28', '2024-11-22 00:03:28'),
(89, NULL, NULL, '41.222.184.83', 'Malawi', '', '2024-11-22 00:10:44', '2024-11-22 00:10:44'),
(90, NULL, NULL, '31.135.24.224', 'Poland', 'Świdnik', '2024-11-22 00:27:26', '2024-11-22 00:27:26'),
(91, NULL, NULL, '102.0.3.184', 'Kenya', 'Nairobi', '2024-11-22 00:38:33', '2024-11-22 00:38:33'),
(92, NULL, NULL, '81.89.213.195', 'Armenia', 'Yerevan', '2024-11-22 00:44:41', '2024-11-22 00:44:41'),
(93, NULL, NULL, '119.15.83.158', 'Cambodia', '', '2024-11-22 01:10:31', '2024-11-22 01:10:31'),
(94, NULL, NULL, '81.16.3.20', 'Armenia', 'Yerevan', '2024-11-22 01:41:46', '2024-11-22 01:41:46'),
(95, NULL, NULL, '103.140.18.54', 'India', 'Kākināda', '2024-11-22 01:55:29', '2024-11-22 01:55:29'),
(96, NULL, NULL, '45.236.244.190', 'Paraguay', 'Salto del Guairá', '2024-11-22 02:02:11', '2024-11-22 02:02:11'),
(97, NULL, NULL, '181.199.253.38', 'Guyana', 'Georgetown', '2024-11-22 02:05:30', '2024-11-22 02:05:30'),
(98, NULL, NULL, '186.235.201.10', 'Brazil', 'Conselheiro Lafaiete', '2024-11-22 02:41:07', '2024-11-22 02:41:07'),
(99, NULL, NULL, '222.252.204.142', 'Vietnam', 'Hải Dương', '2024-11-22 02:55:31', '2024-11-22 02:55:31'),
(100, NULL, NULL, '91.144.16.174', 'Syria', '', '2024-11-22 02:59:15', '2024-11-22 02:59:15'),
(101, NULL, NULL, '200.75.177.234', 'Brazil', 'Montalvânia', '2024-11-22 03:06:04', '2024-11-22 03:06:04'),
(102, NULL, NULL, '176.103.171.238', 'Poland', 'Mława', '2024-11-22 03:26:16', '2024-11-22 03:26:16'),
(103, NULL, NULL, '181.205.145.219', 'Colombia', 'Medellín', '2024-11-22 04:17:47', '2024-11-22 04:17:47'),
(104, NULL, NULL, '66.181.166.139', 'Mongolia', 'Ulan Bator', '2024-11-22 06:02:52', '2024-11-22 06:02:52'),
(105, NULL, NULL, '105.25.146.22', 'South Africa', 'Johannesburg', '2024-11-22 08:04:07', '2024-11-22 08:04:07'),
(106, NULL, NULL, '190.128.228.54', 'Paraguay', 'Asunción', '2024-11-22 08:05:08', '2024-11-22 08:05:08'),
(107, NULL, NULL, '117.248.107.195', 'India', 'Vadodara', '2024-11-22 08:07:57', '2024-11-22 08:07:57'),
(108, NULL, NULL, '14.232.206.247', 'Vietnam', 'Hanoi', '2024-11-22 08:24:50', '2024-11-22 08:24:50'),
(109, NULL, NULL, '67.73.245.146', 'Colombia', 'Bogotá', '2024-11-22 08:25:18', '2024-11-22 08:25:18'),
(110, NULL, NULL, '117.208.109.38', 'India', 'Ajmer', '2024-11-22 08:31:16', '2024-11-22 08:31:16'),
(111, NULL, NULL, '119.40.94.249', 'Bangladesh', 'Dhaka', '2024-11-22 08:35:59', '2024-11-22 08:35:59'),
(112, NULL, NULL, '118.174.16.41', 'Thailand', 'Lam Luk Ka', '2024-11-22 09:18:16', '2024-11-22 09:18:16'),
(113, NULL, NULL, '105.27.158.154', 'South Africa', 'Johannesburg', '2024-11-22 09:29:38', '2024-11-22 09:29:38'),
(114, NULL, NULL, '202.142.97.46', 'India', 'Kolkata', '2024-11-22 09:34:45', '2024-11-22 09:34:45'),
(115, NULL, NULL, '45.188.237.74', 'Brazil', 'Petrolina', '2024-11-22 09:38:00', '2024-11-22 09:38:00'),
(116, NULL, NULL, '65.20.222.130', 'Iraq', 'Diyālá', '2024-11-22 09:38:25', '2024-11-22 09:38:25'),
(117, NULL, NULL, '105.235.202.254', 'Nigeria', '', '2024-11-22 09:39:50', '2024-11-22 09:39:50'),
(118, NULL, NULL, '203.176.136.194', 'Cambodia', '', '2024-11-22 09:42:58', '2024-11-22 09:42:58'),
(119, NULL, NULL, '113.20.108.116', 'Vietnam', 'Hanoi', '2024-11-22 09:47:03', '2024-11-22 09:47:03'),
(120, NULL, NULL, '185.255.210.231', 'Iran', '', '2024-11-22 09:50:38', '2024-11-22 09:50:38'),
(121, NULL, NULL, '45.236.244.160', 'Paraguay', 'Salto del Guairá', '2024-11-22 09:53:43', '2024-11-22 09:53:43'),
(122, NULL, NULL, '196.3.61.78', 'Nigeria', '', '2024-11-22 09:56:56', '2024-11-22 09:56:56'),
(123, NULL, NULL, '156.155.170.72', 'South Africa', 'Johannesburg', '2024-11-22 10:08:29', '2024-11-22 10:08:29'),
(124, NULL, NULL, '102.89.82.205', 'Nigeria', 'Lagos', '2024-11-22 11:24:11', '2024-11-22 11:24:11'),
(125, NULL, NULL, '187.16.109.131', 'Brazil', 'Rio de Janeiro', '2024-11-22 11:37:24', '2024-11-22 11:37:24'),
(126, NULL, NULL, '104.28.60.154', 'Nigeria', 'Lagos', '2024-11-22 11:53:18', '2024-11-22 11:53:18'),
(127, 3, NULL, '102.89.83.157', 'Nigeria', 'Lagos', '2024-11-22 17:17:32', '2024-11-22 17:17:32'),
(128, 3, NULL, '102.88.70.157', 'Nigeria', 'Lagos', '2024-11-22 22:38:19', '2024-11-22 22:38:19'),
(129, 3, NULL, '102.89.68.133', 'Nigeria', '', '2024-11-23 04:19:24', '2024-11-23 04:19:24'),
(130, NULL, NULL, '102.89.46.137', 'Nigeria', 'Lagos', '2024-11-23 08:49:37', '2024-11-23 08:49:37'),
(131, NULL, NULL, '105.112.12.118', 'Nigeria', 'Katsina', '2024-11-23 09:36:23', '2024-11-23 09:36:23'),
(132, NULL, NULL, '102.88.81.12', 'Nigeria', 'Lagos', '2024-11-23 19:39:20', '2024-11-23 19:39:20'),
(133, 4, NULL, '102.88.34.60', 'Nigeria', 'Lagos', '2024-11-24 07:17:16', '2024-11-24 07:17:16'),
(134, 3, NULL, '102.89.68.32', 'Nigeria', '', '2024-11-24 07:17:50', '2024-11-24 07:17:50'),
(135, 3, NULL, '102.88.68.152', 'Nigeria', 'Lagos', '2024-11-24 15:14:28', '2024-11-24 15:14:28'),
(136, 5, NULL, '105.115.2.80', 'Nigeria', 'Lagos', '2024-11-24 18:03:42', '2024-11-24 18:03:42'),
(137, 4, NULL, '102.89.43.193', 'Nigeria', 'Lagos', '2024-11-24 19:43:41', '2024-11-24 19:43:41'),
(138, 3, NULL, '102.88.68.152', 'Nigeria', 'Lagos', '2024-11-24 20:14:18', '2024-11-24 20:14:18'),
(139, 3, NULL, '102.88.68.152', 'Nigeria', 'Lagos', '2024-11-25 05:31:44', '2024-11-25 05:31:44'),
(140, 3, NULL, '102.88.68.152', 'Nigeria', 'Lagos', '2024-11-25 09:08:08', '2024-11-25 09:08:08'),
(141, 5, NULL, '105.115.4.15', 'Nigeria', 'Lagos', '2024-11-25 10:52:47', '2024-11-25 10:52:47'),
(142, 3, NULL, '105.112.206.21', 'Nigeria', 'Lagos', '2024-11-25 13:57:29', '2024-11-25 13:57:29'),
(143, NULL, 2, '105.112.206.21', 'Nigeria', 'Lagos', '2024-11-25 14:03:53', '2024-11-25 14:03:53'),
(144, 5, NULL, '105.112.12.130', 'Nigeria', 'Katsina', '2024-11-25 16:52:37', '2024-11-25 16:52:37'),
(145, NULL, NULL, '102.89.22.158', 'Nigeria', 'Lagos', '2024-11-25 16:54:44', '2024-11-25 16:54:44'),
(146, NULL, NULL, '102.88.36.189', 'Nigeria', 'Lagos', '2024-11-25 17:02:44', '2024-11-25 17:02:44'),
(147, 3, NULL, '105.112.193.35', 'Nigeria', 'Lagos', '2024-11-26 08:01:28', '2024-11-26 08:01:28'),
(148, 4, NULL, '102.88.81.144', 'Nigeria', 'Lagos', '2024-11-26 09:43:10', '2024-11-26 09:43:10'),
(149, 5, NULL, '105.112.76.189', 'Nigeria', 'Lagos', '2024-11-26 09:44:32', '2024-11-26 09:44:32'),
(150, 3, NULL, '102.89.33.242', 'Nigeria', 'Lagos', '2024-11-26 22:55:33', '2024-11-26 22:55:33'),
(151, NULL, NULL, '84.239.7.5', 'United States', 'Charlotte', '2024-11-27 10:55:15', '2024-11-27 10:55:15'),
(152, NULL, 2, '102.88.81.199', 'Nigeria', 'Lagos', '2024-11-29 07:53:12', '2024-11-29 07:53:12'),
(153, NULL, NULL, '105.113.83.68', 'Nigeria', 'Lagos', '2024-11-29 10:18:33', '2024-11-29 10:18:33'),
(154, NULL, NULL, '105.115.1.154', 'Nigeria', 'Lagos', '2024-11-29 10:25:54', '2024-11-29 10:25:54'),
(155, NULL, NULL, '102.89.23.171', 'Nigeria', 'Lagos', '2024-11-29 10:27:18', '2024-11-29 10:27:18'),
(156, NULL, NULL, '105.112.12.183', 'Nigeria', 'Katsina', '2024-11-29 10:29:52', '2024-11-29 10:29:52'),
(157, NULL, NULL, '104.248.231.51', 'United States', 'North Bergen', '2024-11-29 10:37:06', '2024-11-29 10:37:06'),
(158, NULL, NULL, '102.88.82.51', 'Nigeria', 'Lagos', '2024-11-29 10:43:41', '2024-11-29 10:43:41'),
(159, NULL, NULL, '129.205.124.248', 'Nigeria', 'Lagos', '2024-11-29 12:05:00', '2024-11-29 12:05:00'),
(160, NULL, NULL, '102.88.71.223', 'Nigeria', 'Lagos', '2024-11-29 12:08:10', '2024-11-29 12:08:10'),
(161, NULL, NULL, '129.205.124.248', 'Nigeria', 'Lagos', '2024-11-29 12:09:46', '2024-11-29 12:09:46'),
(162, NULL, NULL, '105.112.176.13', 'Nigeria', 'Lagos', '2024-11-29 14:08:14', '2024-11-29 14:08:14'),
(163, NULL, NULL, '105.112.20.153', 'Nigeria', 'Lagos', '2024-11-29 14:21:13', '2024-11-29 14:21:13'),
(164, NULL, NULL, '102.89.23.108', 'Nigeria', 'Lagos', '2024-11-29 14:30:12', '2024-11-29 14:30:12'),
(165, 1, NULL, '102.88.81.199', 'Nigeria', 'Lagos', '2024-11-29 14:40:50', '2024-11-29 14:40:50'),
(166, NULL, NULL, '102.89.46.235', 'Nigeria', 'Lagos', '2024-11-29 15:32:31', '2024-11-29 15:32:31'),
(167, NULL, NULL, '102.89.33.124', 'Nigeria', 'Lagos', '2024-11-29 15:32:41', '2024-11-29 15:32:41'),
(168, NULL, NULL, '102.91.4.183', 'Nigeria', 'Abuja', '2024-11-29 15:50:01', '2024-11-29 15:50:01'),
(169, NULL, NULL, '105.112.201.217', 'Nigeria', 'Lagos', '2024-11-29 17:37:18', '2024-11-29 17:37:18'),
(170, NULL, NULL, '102.88.83.105', 'Nigeria', 'Lagos', '2024-11-29 19:21:28', '2024-11-29 19:21:28'),
(171, NULL, 2, '102.88.81.199', 'Nigeria', 'Lagos', '2024-11-29 22:12:17', '2024-11-29 22:12:17'),
(172, 1, NULL, '102.88.81.199', 'Nigeria', 'Lagos', '2024-11-29 22:12:57', '2024-11-29 22:12:57'),
(173, 25, NULL, '105.112.67.54', 'Nigeria', 'Lagos', '2024-11-29 22:42:33', '2024-11-29 22:42:33'),
(174, 3, NULL, '102.89.32.220', 'Nigeria', 'Lagos', '2024-11-30 05:09:08', '2024-11-30 05:09:08'),
(175, 25, NULL, '105.112.26.232', 'Nigeria', 'Lagos', '2024-11-30 05:48:00', '2024-11-30 05:48:00'),
(176, NULL, 2, '102.89.32.220', 'Nigeria', 'Lagos', '2024-11-30 07:03:01', '2024-11-30 07:03:01'),
(177, NULL, NULL, '102.88.70.91', 'Nigeria', 'Lagos', '2024-11-30 08:58:37', '2024-11-30 08:58:37'),
(178, NULL, 2, '102.89.32.220', 'Nigeria', 'Lagos', '2024-11-30 11:23:51', '2024-11-30 11:23:51'),
(179, 1, NULL, '102.88.36.100', 'Nigeria', 'Lagos', '2024-11-30 16:24:24', '2024-11-30 16:24:24'),
(180, NULL, NULL, '146.70.215.219', 'United States', 'New York', '2024-11-30 16:52:43', '2024-11-30 16:52:43'),
(181, NULL, NULL, '105.113.117.91', 'Nigeria', 'Lagos', '2024-11-30 17:06:42', '2024-11-30 17:06:42'),
(182, NULL, NULL, '102.88.69.155', 'Nigeria', 'Lagos', '2024-11-30 17:39:56', '2024-11-30 17:39:56'),
(183, 30, NULL, '102.88.69.155', 'Nigeria', 'Lagos', '2024-11-30 17:41:22', '2024-11-30 17:41:22'),
(184, 24, NULL, '102.91.71.253', 'Nigeria', 'Abuja', '2024-12-01 00:11:04', '2024-12-01 00:11:04'),
(185, NULL, 2, '102.88.68.38', 'Nigeria', 'Lagos', '2024-12-01 07:46:32', '2024-12-01 07:46:32'),
(186, NULL, NULL, '129.205.124.248', 'Nigeria', 'Lagos', '2024-12-01 16:44:00', '2024-12-01 16:44:00'),
(187, NULL, 2, '102.88.68.38', 'Nigeria', 'Lagos', '2024-12-01 19:14:05', '2024-12-01 19:14:05'),
(188, NULL, 2, '102.88.68.38', 'Nigeria', 'Lagos', '2024-12-01 19:28:11', '2024-12-01 19:28:11'),
(189, 24, NULL, '102.89.47.40', 'Nigeria', 'Lagos', '2024-12-01 21:54:50', '2024-12-01 21:54:50'),
(190, NULL, NULL, '102.91.92.147', 'Nigeria', 'Abuja', '2024-12-01 22:03:23', '2024-12-01 22:03:23'),
(191, 32, NULL, '102.91.92.147', 'Nigeria', 'Abuja', '2024-12-01 22:12:53', '2024-12-01 22:12:53'),
(192, 32, NULL, '102.91.92.147', 'Nigeria', 'Abuja', '2024-12-01 22:24:00', '2024-12-01 22:24:00'),
(193, NULL, 2, '102.88.68.38', 'Nigeria', 'Lagos', '2024-12-01 22:28:06', '2024-12-01 22:28:06'),
(194, NULL, NULL, '105.113.61.227', 'Nigeria', 'Lagos', '2024-12-01 22:51:09', '2024-12-01 22:51:09'),
(195, 3, NULL, '102.88.68.38', 'Nigeria', 'Lagos', '2024-12-02 05:33:58', '2024-12-02 05:33:58'),
(196, NULL, 2, '102.88.68.38', 'Nigeria', 'Lagos', '2024-12-02 08:45:52', '2024-12-02 08:45:52'),
(197, 5, NULL, '102.88.68.38', 'Nigeria', 'Lagos', '2024-12-02 08:50:10', '2024-12-02 08:50:10'),
(198, 5, NULL, '102.88.68.38', 'Nigeria', 'Lagos', '2024-12-02 09:18:50', '2024-12-02 09:18:50'),
(199, NULL, 2, '102.88.68.38', 'Nigeria', 'Lagos', '2024-12-02 15:59:47', '2024-12-02 15:59:47'),
(200, 33, NULL, '105.113.63.232', 'Nigeria', 'Lagos', '2024-12-02 21:00:54', '2024-12-02 21:00:54'),
(201, 32, NULL, '102.89.22.239', 'Nigeria', 'Lagos', '2024-12-02 21:50:47', '2024-12-02 21:50:47'),
(202, 32, NULL, '102.89.22.239', 'Nigeria', 'Lagos', '2024-12-02 21:54:38', '2024-12-02 21:54:38'),
(203, 32, NULL, '102.89.22.239', 'Nigeria', 'Lagos', '2024-12-02 21:57:02', '2024-12-02 21:57:02'),
(204, NULL, 2, '102.88.68.38', 'Nigeria', 'Lagos', '2024-12-03 03:38:05', '2024-12-03 03:38:05'),
(205, NULL, 2, '102.88.68.38', 'Nigeria', 'Lagos', '2024-12-03 06:03:08', '2024-12-03 06:03:08'),
(206, 19, NULL, '105.113.69.199', 'Nigeria', 'Lagos', '2024-12-03 06:44:04', '2024-12-03 06:44:04'),
(207, NULL, 2, '102.88.70.239', 'Nigeria', 'Lagos', '2024-12-04 07:06:40', '2024-12-04 07:06:40'),
(208, NULL, 2, '102.88.70.239', 'Nigeria', 'Lagos', '2024-12-04 07:08:55', '2024-12-04 07:08:55'),
(209, NULL, 2, '102.88.70.239', 'Nigeria', 'Lagos', '2024-12-04 14:03:55', '2024-12-04 14:03:55'),
(210, NULL, 2, '102.89.34.240', 'Nigeria', 'Lagos', '2024-12-04 19:05:17', '2024-12-04 19:05:17'),
(211, NULL, 2, '102.89.46.58', 'Nigeria', 'Lagos', '2024-12-05 08:10:34', '2024-12-05 08:10:34'),
(212, NULL, NULL, '102.91.93.74', 'Nigeria', 'Abuja', '2024-12-05 08:32:55', '2024-12-05 08:32:55'),
(213, NULL, NULL, '197.210.53.172', 'Nigeria', 'Abuja', '2024-12-05 11:13:18', '2024-12-05 11:13:18'),
(214, NULL, 2, '102.88.37.69', 'Nigeria', 'Lagos', '2024-12-05 14:28:12', '2024-12-05 14:28:12'),
(215, NULL, 2, '102.88.83.162', 'Nigeria', 'Lagos', '2024-12-06 18:44:47', '2024-12-06 18:44:47'),
(216, NULL, 2, '102.88.83.162', 'Nigeria', 'Lagos', '2024-12-06 18:45:19', '2024-12-06 18:45:19'),
(217, NULL, 2, '102.88.110.208', 'Nigeria', 'Lagos', '2024-12-06 18:49:41', '2024-12-06 18:49:41'),
(218, NULL, 2, '102.88.110.208', 'Nigeria', 'Lagos', '2024-12-06 23:34:47', '2024-12-06 23:34:47'),
(219, NULL, 2, '102.88.108.185', 'Nigeria', 'Lagos', '2024-12-07 08:45:40', '2024-12-07 08:45:40'),
(220, NULL, NULL, '102.89.75.152', 'Nigeria', '', '2024-12-07 23:14:39', '2024-12-07 23:14:39'),
(221, NULL, 2, '102.89.46.213', 'Nigeria', 'Lagos', '2024-12-08 09:06:42', '2024-12-08 09:06:42'),
(222, NULL, 2, '102.88.110.64', 'Nigeria', 'Lagos', '2024-12-08 19:10:45', '2024-12-08 19:10:45'),
(223, NULL, 2, '102.88.109.67', 'Nigeria', 'Lagos', '2024-12-09 05:57:13', '2024-12-09 05:57:13'),
(224, NULL, 2, '102.88.109.67', 'Nigeria', 'Lagos', '2024-12-09 15:58:02', '2024-12-09 15:58:02'),
(225, NULL, NULL, '84.65.31.252', 'United Kingdom', 'Thatcham', '2024-12-09 18:11:54', '2024-12-09 18:11:54'),
(226, 3, NULL, '102.215.57.139', 'Nigeria', 'Yenagoa', '2024-12-09 18:16:28', '2024-12-09 18:16:28'),
(227, NULL, 2, '102.88.109.51', 'Nigeria', 'Lagos', '2024-12-10 02:03:24', '2024-12-10 02:03:24'),
(228, 3, NULL, '102.215.57.139', 'Nigeria', 'Yenagoa', '2024-12-10 06:52:52', '2024-12-10 06:52:52'),
(229, NULL, 2, '102.89.47.54', 'Nigeria', 'Lagos', '2024-12-10 07:15:16', '2024-12-10 07:15:16'),
(230, NULL, 2, '102.89.47.54', 'Nigeria', 'Lagos', '2024-12-10 09:28:46', '2024-12-10 09:28:46'),
(231, NULL, 2, '102.89.47.54', 'Nigeria', 'Lagos', '2024-12-10 14:03:28', '2024-12-10 14:03:28'),
(232, NULL, 2, '102.89.41.185', 'Nigeria', 'Lagos', '2024-12-11 07:33:00', '2024-12-11 07:33:00'),
(233, NULL, 2, '197.210.28.54', 'Nigeria', 'Lagos', '2024-12-12 07:29:35', '2024-12-12 07:29:35'),
(234, NULL, 2, '102.89.22.128', 'Nigeria', 'Lagos', '2024-12-12 13:37:54', '2024-12-12 13:37:54'),
(235, NULL, 2, '102.89.22.128', 'Nigeria', 'Lagos', '2024-12-13 07:20:51', '2024-12-13 07:20:51'),
(236, NULL, 2, '102.89.22.128', 'Nigeria', 'Lagos', '2024-12-13 13:28:42', '2024-12-13 13:28:42'),
(237, NULL, 2, '102.88.108.231', 'Nigeria', 'Lagos', '2024-12-15 15:08:22', '2024-12-15 15:08:22'),
(238, NULL, 2, '102.88.108.231', 'Nigeria', 'Lagos', '2024-12-15 15:11:08', '2024-12-15 15:11:08'),
(239, 3, NULL, '102.88.70.20', 'Nigeria', 'Lagos', '2024-12-16 06:34:17', '2024-12-16 06:34:17'),
(240, NULL, 2, '102.89.47.114', 'Nigeria', 'Lagos', '2024-12-16 19:20:46', '2024-12-16 19:20:46'),
(241, 3, NULL, '102.88.108.42', 'Nigeria', 'Lagos', '2024-12-16 19:34:39', '2024-12-16 19:34:39'),
(242, 5, NULL, '105.112.17.129', 'Nigeria', 'Lagos', '2024-12-16 20:03:29', '2024-12-16 20:03:29'),
(243, 3, NULL, '102.88.108.42', 'Nigeria', 'Lagos', '2024-12-16 20:16:25', '2024-12-16 20:16:25'),
(244, 5, NULL, '102.88.83.174', 'Nigeria', 'Lagos', '2024-12-16 22:44:32', '2024-12-16 22:44:32'),
(245, 5, NULL, '105.112.11.92', 'Nigeria', 'Lagos', '2024-12-17 04:56:55', '2024-12-17 04:56:55'),
(246, NULL, 2, '102.89.33.159', 'Nigeria', 'Lagos', '2024-12-17 16:41:18', '2024-12-17 16:41:18'),
(247, 3, NULL, '102.89.47.49', 'Nigeria', 'Lagos', '2024-12-17 16:48:11', '2024-12-17 16:48:11'),
(248, NULL, NULL, '105.113.100.171', 'Nigeria', 'Lagos', '2024-12-17 19:41:10', '2024-12-17 19:41:10'),
(249, NULL, 2, '102.89.47.49', 'Nigeria', 'Lagos', '2024-12-17 20:47:59', '2024-12-17 20:47:59'),
(250, NULL, NULL, '193.148.18.202', 'United States', 'New York', '2024-12-17 21:48:26', '2024-12-17 21:48:26'),
(251, 39, NULL, '63.135.161.79', 'United States', 'New York', '2024-12-17 21:55:42', '2024-12-17 21:55:42'),
(252, 3, NULL, '102.89.22.249', 'Nigeria', 'Lagos', '2024-12-18 09:24:40', '2024-12-18 09:24:40'),
(253, NULL, 2, '102.89.47.228', 'Nigeria', 'Lagos', '2024-12-18 18:25:44', '2024-12-18 18:25:44'),
(254, 3, NULL, '105.112.192.41', 'Nigeria', 'Lagos', '2024-12-18 19:00:00', '2024-12-18 19:00:00'),
(255, NULL, 2, '102.89.47.228', 'Nigeria', 'Lagos', '2024-12-19 00:06:46', '2024-12-19 00:06:46'),
(256, 39, NULL, '45.130.83.209', 'United States', 'New York', '2024-12-19 06:59:58', '2024-12-19 06:59:58'),
(257, NULL, 2, '102.89.47.228', 'Nigeria', 'Lagos', '2024-12-19 10:49:41', '2024-12-19 10:49:41'),
(258, 3, NULL, '102.88.108.237', 'Nigeria', 'Lagos', '2024-12-20 11:43:52', '2024-12-20 11:43:52'),
(259, NULL, 2, '102.88.110.155', 'Nigeria', 'Lagos', '2024-12-21 11:59:26', '2024-12-21 11:59:26'),
(260, NULL, 2, '102.88.108.59', 'Nigeria', 'Lagos', '2024-12-21 22:02:49', '2024-12-21 22:02:49'),
(261, 39, NULL, '169.197.141.57', 'United States', 'New York', '2024-12-21 23:44:03', '2024-12-21 23:44:03'),
(262, 3, NULL, '102.88.83.58', 'Nigeria', 'Lagos', '2024-12-22 05:35:44', '2024-12-22 05:35:44'),
(263, NULL, 2, '102.88.108.59', 'Nigeria', 'Lagos', '2024-12-22 07:24:59', '2024-12-22 07:24:59'),
(264, NULL, 2, '102.88.83.58', 'Nigeria', 'Lagos', '2024-12-22 07:32:22', '2024-12-22 07:32:22'),
(265, NULL, 2, '102.88.71.128', 'Nigeria', 'Lagos', '2024-12-22 18:59:33', '2024-12-22 18:59:33'),
(266, 3, NULL, '102.88.109.98', 'Nigeria', 'Lagos', '2024-12-22 19:35:24', '2024-12-22 19:35:24'),
(267, 5, NULL, '102.88.110.15', 'Nigeria', 'Lagos', '2024-12-22 20:07:06', '2024-12-22 20:07:06'),
(268, 3, NULL, '102.88.110.209', NULL, 'Lagos', '2024-12-23 04:00:36', '2024-12-23 04:00:36'),
(269, NULL, 2, '102.88.110.15', 'Nigeria', 'Lagos', '2024-12-23 12:49:33', '2024-12-23 12:49:33'),
(270, NULL, 2, '102.88.110.15', 'Nigeria', 'Lagos', '2024-12-23 16:43:11', '2024-12-23 16:43:11'),
(271, NULL, 2, '31.171.130.67', 'United Kingdom', 'Harringay', '2024-12-23 16:48:33', '2024-12-23 16:48:33'),
(272, 3, NULL, '102.88.110.15', 'Nigeria', 'Lagos', '2024-12-23 16:53:46', '2024-12-23 16:53:46'),
(273, NULL, 2, '102.88.110.15', 'Nigeria', 'Lagos', '2024-12-23 19:43:23', '2024-12-23 19:43:23'),
(274, 3, NULL, '102.88.110.15', 'Nigeria', 'Lagos', '2024-12-24 01:25:22', '2024-12-24 01:25:22'),
(275, 3, NULL, '102.89.34.88', 'Nigeria', 'Lagos', '2024-12-24 09:31:56', '2024-12-24 09:31:56'),
(276, 3, NULL, '102.89.34.88', 'Nigeria', 'Lagos', '2024-12-24 09:39:29', '2024-12-24 09:39:29'),
(277, NULL, NULL, '105.112.12.21', 'Nigeria', 'Katsina', '2024-12-24 16:50:43', '2024-12-24 16:50:43'),
(278, NULL, 2, '102.88.110.15', 'Nigeria', 'Lagos', '2024-12-24 17:03:42', '2024-12-24 17:03:42'),
(279, NULL, 2, '102.88.110.15', 'Nigeria', 'Lagos', '2024-12-24 17:20:05', '2024-12-24 17:20:05'),
(280, 40, NULL, '146.70.215.166', 'United States', 'New York', '2024-12-25 04:31:50', '2024-12-25 04:31:50'),
(281, 40, NULL, '146.70.215.166', 'United States', 'New York', '2024-12-25 08:36:46', '2024-12-25 08:36:46'),
(282, NULL, NULL, '197.210.54.91', 'Nigeria', 'Abuja', '2024-12-25 22:05:04', '2024-12-25 22:05:04'),
(283, NULL, 2, '102.89.47.82', 'Nigeria', 'Lagos', '2024-12-25 22:26:44', '2024-12-25 22:26:44'),
(284, NULL, 2, '102.88.71.246', 'Nigeria', 'Lagos', '2024-12-26 15:38:19', '2024-12-26 15:38:19'),
(285, NULL, NULL, '102.89.82.214', 'Nigeria', 'Lagos', '2024-12-26 19:14:24', '2024-12-26 19:14:24'),
(286, 42, NULL, '102.89.85.59', 'Nigeria', 'Lagos', '2024-12-27 03:24:41', '2024-12-27 03:24:41'),
(287, 42, NULL, '102.89.85.59', 'Nigeria', 'Lagos', '2024-12-27 06:01:38', '2024-12-27 06:01:38'),
(288, 42, NULL, '102.89.85.180', 'Nigeria', 'Lagos', '2024-12-27 12:40:48', '2024-12-27 12:40:48'),
(289, 42, NULL, '102.89.75.12', 'Nigeria', 'Ibadan', '2024-12-27 18:22:20', '2024-12-27 18:22:20'),
(290, 42, NULL, '102.89.82.37', 'Nigeria', 'Lagos', '2024-12-28 09:56:57', '2024-12-28 09:56:57'),
(291, NULL, 2, '102.88.110.245', 'Nigeria', 'Lagos', '2024-12-28 14:16:09', '2024-12-28 14:16:09'),
(292, 40, NULL, '105.113.118.30', 'Nigeria', 'Lagos', '2024-12-28 14:19:51', '2024-12-28 14:19:51'),
(293, 42, NULL, '102.89.83.228', 'Nigeria', 'Lagos', '2024-12-28 17:27:34', '2024-12-28 17:27:34'),
(294, NULL, 2, '102.88.110.126', 'Nigeria', 'Lagos', '2024-12-28 19:56:50', '2024-12-28 19:56:50'),
(295, 1, NULL, '102.88.110.126', 'Nigeria', 'Lagos', '2024-12-28 20:10:42', '2024-12-28 20:10:42'),
(296, 42, NULL, '102.89.85.207', 'Nigeria', 'Lagos', '2024-12-29 05:02:30', '2024-12-29 05:02:30'),
(297, NULL, 2, '102.88.37.143', 'Nigeria', 'Lagos', '2024-12-29 09:09:50', '2024-12-29 09:09:50'),
(298, 42, NULL, '102.89.75.118', 'Nigeria', 'Ibadan', '2024-12-29 11:09:40', '2024-12-29 11:09:40'),
(299, 42, NULL, '102.89.84.9', 'Nigeria', 'Lagos', '2024-12-29 16:43:14', '2024-12-29 16:43:14'),
(300, NULL, 2, '102.88.37.143', 'Nigeria', 'Lagos', '2024-12-29 18:49:11', '2024-12-29 18:49:11'),
(301, 42, NULL, '102.89.83.28', 'Nigeria', 'Lagos', '2024-12-30 07:13:33', '2024-12-30 07:13:33'),
(302, NULL, 2, '102.88.37.143', 'Nigeria', 'Lagos', '2024-12-30 08:27:52', '2024-12-30 08:27:52'),
(303, 42, NULL, '102.89.82.217', 'Nigeria', 'Lagos', '2024-12-30 18:23:23', '2024-12-30 18:23:23'),
(304, 42, NULL, '102.89.75.42', 'Nigeria', 'Ibadan', '2024-12-31 20:51:25', '2024-12-31 20:51:25'),
(305, 1, NULL, '102.89.44.156', 'Nigeria', 'Lagos', '2025-01-01 02:59:44', '2025-01-01 02:59:44'),
(306, 3, NULL, '102.89.44.156', 'Nigeria', 'Lagos', '2025-01-01 03:27:47', '2025-01-01 03:27:47'),
(307, 42, NULL, '102.89.82.122', 'Nigeria', 'Lagos', '2025-01-01 12:04:34', '2025-01-01 12:04:34'),
(308, 1, NULL, '102.89.46.240', 'Nigeria', 'Lagos', '2025-01-01 15:20:09', '2025-01-01 15:20:09'),
(309, 42, NULL, '102.89.75.137', 'Nigeria', 'Ibadan', '2025-01-02 07:09:54', '2025-01-02 07:09:54'),
(310, 42, NULL, '102.89.75.137', 'Nigeria', 'Ibadan', '2025-01-02 12:20:11', '2025-01-02 12:20:11'),
(311, 1, NULL, '102.88.108.38', 'Nigeria', 'Lagos', '2025-01-02 12:21:25', '2025-01-02 12:21:25'),
(312, 1, NULL, '102.88.108.38', 'Nigeria', 'Lagos', '2025-01-02 12:30:14', '2025-01-02 12:30:14'),
(313, 1, NULL, '102.88.108.38', 'Nigeria', 'Lagos', '2025-01-02 12:37:57', '2025-01-02 12:37:57'),
(314, 1, NULL, '102.88.108.38', 'Nigeria', 'Lagos', '2025-01-02 12:52:41', '2025-01-02 12:52:41'),
(315, 42, NULL, '102.89.75.137', 'Nigeria', 'Ibadan', '2025-01-02 15:11:37', '2025-01-02 15:11:37'),
(316, 1, NULL, '102.88.108.38', 'Nigeria', 'Lagos', '2025-01-02 17:35:03', '2025-01-02 17:35:03'),
(317, 3, NULL, '102.88.108.38', 'Nigeria', 'Lagos', '2025-01-02 17:36:18', '2025-01-02 17:36:18'),
(318, 42, NULL, '102.89.69.35', 'Nigeria', 'Ibadan', '2025-01-02 18:52:33', '2025-01-02 18:52:33'),
(319, 42, NULL, '102.89.83.88', 'Nigeria', 'Lagos', '2025-01-03 04:57:40', '2025-01-03 04:57:40'),
(320, 3, NULL, '102.89.34.68', 'Nigeria', 'Lagos', '2025-01-03 06:14:24', '2025-01-03 06:14:24'),
(321, NULL, NULL, '102.89.82.212', 'Nigeria', 'Lagos', '2025-01-03 07:57:40', '2025-01-03 07:57:40'),
(322, 42, NULL, '102.89.76.167', 'Nigeria', 'Ibadan', '2025-01-03 16:53:10', '2025-01-03 16:53:10'),
(323, 42, NULL, '102.89.69.127', 'Nigeria', 'Ibadan', '2025-01-03 20:17:39', '2025-01-03 20:17:39'),
(324, 42, NULL, '102.89.68.26', 'Nigeria', 'Ibadan', '2025-01-04 07:44:02', '2025-01-04 07:44:02'),
(325, NULL, 2, '102.88.71.213', 'Nigeria', 'Lagos', '2025-01-04 18:00:51', '2025-01-04 18:00:51'),
(326, 42, NULL, '102.89.82.44', 'Nigeria', 'Lagos', '2025-01-04 19:12:52', '2025-01-04 19:12:52'),
(327, 42, NULL, '102.89.82.44', 'Nigeria', 'Lagos', '2025-01-04 22:38:10', '2025-01-04 22:38:10'),
(328, NULL, NULL, '31.171.130.10', 'United Kingdom', 'Harringay', '2025-01-05 01:24:46', '2025-01-05 01:24:46'),
(329, 43, NULL, '102.89.75.203', 'Nigeria', 'Ibadan', '2025-01-05 05:51:28', '2025-01-05 05:51:28'),
(330, 3, NULL, '102.89.34.68', 'Nigeria', 'Lagos', '2025-01-05 13:34:11', '2025-01-05 13:34:11'),
(331, 44, NULL, '31.171.130.23', 'United Kingdom', 'Harringay', '2025-01-05 14:06:43', '2025-01-05 14:06:43'),
(332, 3, NULL, '102.89.44.216', 'Nigeria', 'Lagos', '2025-01-05 19:11:28', '2025-01-05 19:11:28'),
(333, 43, NULL, '102.89.85.132', 'Nigeria', 'Lagos', '2025-01-06 06:39:49', '2025-01-06 06:39:49'),
(334, NULL, 2, '102.88.33.169', 'Nigeria', 'Lagos', '2025-01-06 10:21:57', '2025-01-06 10:21:57'),
(335, 4, NULL, '102.89.23.212', 'Nigeria', 'Lagos', '2025-01-06 10:52:00', '2025-01-06 10:52:00'),
(336, 4, NULL, '102.89.23.212', 'Nigeria', 'Lagos', '2025-01-06 11:02:13', '2025-01-06 11:02:13'),
(337, 3, NULL, '102.88.110.67', 'Nigeria', 'Lagos', '2025-01-06 14:39:14', '2025-01-06 14:39:14'),
(338, 42, NULL, '102.89.85.191', 'Nigeria', 'Lagos', '2025-01-06 15:34:42', '2025-01-06 15:34:42'),
(339, NULL, 2, '102.88.36.175', 'Nigeria', 'Lagos', '2025-01-06 16:22:26', '2025-01-06 16:22:26'),
(340, 3, NULL, '105.112.181.1', 'Nigeria', 'Lagos', '2025-01-06 17:43:02', '2025-01-06 17:43:02'),
(341, 44, NULL, '102.89.68.186', 'Nigeria', 'Ibadan', '2025-01-07 06:32:33', '2025-01-07 06:32:33'),
(342, 3, NULL, '105.112.18.153', 'Nigeria', 'Lagos', '2025-01-07 07:12:11', '2025-01-07 07:12:11'),
(343, NULL, 2, '102.88.71.37', 'Nigeria', 'Lagos', '2025-01-07 09:05:25', '2025-01-07 09:05:25'),
(344, 42, NULL, '102.89.85.176', 'Nigeria', 'Lagos', '2025-01-07 11:21:55', '2025-01-07 11:21:55'),
(345, 3, NULL, '105.112.18.153', 'Nigeria', 'Lagos', '2025-01-07 12:15:37', '2025-01-07 12:15:37'),
(346, 4, NULL, '102.88.36.74', 'Nigeria', 'Lagos', '2025-01-07 14:20:02', '2025-01-07 14:20:02'),
(347, NULL, NULL, '105.113.12.153', 'Nigeria', 'Port Harcourt', '2025-01-07 15:48:13', '2025-01-07 15:48:13'),
(348, 3, NULL, '105.112.206.96', 'Nigeria', 'Lagos', '2025-01-07 16:43:24', '2025-01-07 16:43:24'),
(349, 44, NULL, '102.89.34.116', 'Nigeria', 'Lagos', '2025-01-07 18:01:55', '2025-01-07 18:01:55'),
(350, 44, NULL, '102.89.69.214', 'Nigeria', 'Ibadan', '2025-01-07 18:21:58', '2025-01-07 18:21:58'),
(351, 3, NULL, '105.112.206.96', 'Nigeria', 'Lagos', '2025-01-07 19:52:17', '2025-01-07 19:52:17'),
(352, 3, NULL, '102.88.84.12', 'Nigeria', 'Lagos', '2025-01-08 04:40:14', '2025-01-08 04:40:14'),
(353, NULL, 2, '102.88.84.234', 'Nigeria', 'Lagos', '2025-01-08 08:28:21', '2025-01-08 08:28:21'),
(354, 3, NULL, '105.113.91.207', 'Nigeria', 'Lagos', '2025-01-08 09:45:59', '2025-01-08 09:45:59'),
(355, 42, NULL, '102.89.68.190', 'Nigeria', 'Ibadan', '2025-01-08 10:57:34', '2025-01-08 10:57:34'),
(356, 38, NULL, '45.92.229.56', 'United States', 'New York', '2025-01-08 11:24:55', '2025-01-08 11:24:55'),
(357, 4, NULL, '102.89.33.204', 'Nigeria', 'Lagos', '2025-01-08 12:35:00', '2025-01-08 12:35:00'),
(358, 1, NULL, '105.112.31.51', 'Nigeria', 'Lagos', '2025-01-08 13:25:03', '2025-01-08 13:25:03'),
(359, NULL, NULL, '105.112.183.140', 'Nigeria', 'Lagos', '2025-01-08 13:27:30', '2025-01-08 13:27:30'),
(360, 1, NULL, '105.112.31.51', 'Nigeria', 'Lagos', '2025-01-08 13:37:48', '2025-01-08 13:37:48'),
(361, NULL, NULL, '102.88.84.12', 'Nigeria', 'Lagos', '2025-01-08 13:42:33', '2025-01-08 13:42:33'),
(362, 42, NULL, '102.89.68.190', 'Nigeria', 'Ibadan', '2025-01-08 14:13:33', '2025-01-08 14:13:33'),
(363, 47, NULL, '105.112.203.88', 'Nigeria', 'Lagos', '2025-01-08 23:39:33', '2025-01-08 23:39:33'),
(364, NULL, 2, '105.112.203.88', 'Nigeria', 'Lagos', '2025-01-09 01:00:49', '2025-01-09 01:00:49'),
(365, NULL, 2, '102.88.84.12', 'Nigeria', 'Lagos', '2025-01-09 01:08:05', '2025-01-09 01:08:05'),
(366, 42, NULL, '102.89.83.247', 'Nigeria', 'Lagos', '2025-01-09 06:53:34', '2025-01-09 06:53:34'),
(367, NULL, NULL, '102.89.83.127', 'Nigeria', 'Lagos', '2025-01-09 07:06:50', '2025-01-09 07:06:50'),
(368, 42, NULL, '102.89.76.210', 'Nigeria', 'Ibadan', '2025-01-09 08:38:16', '2025-01-09 08:38:16'),
(369, 42, NULL, '102.89.76.210', 'Nigeria', 'Ibadan', '2025-01-09 10:40:01', '2025-01-09 10:40:01'),
(370, NULL, 2, '102.88.108.116', 'Nigeria', 'Lagos', '2025-01-09 11:25:43', '2025-01-09 11:25:43'),
(371, 4, NULL, '102.89.34.66', 'Nigeria', 'Lagos', '2025-01-09 11:36:24', '2025-01-09 11:36:24'),
(372, NULL, NULL, '105.113.72.239', 'Nigeria', 'Lagos', '2025-01-09 19:51:40', '2025-01-09 19:51:40'),
(373, 3, NULL, '102.89.46.153', 'Nigeria', 'Lagos', '2025-01-09 21:22:29', '2025-01-09 21:22:29'),
(374, NULL, 2, '102.89.46.153', 'Nigeria', 'Lagos', '2025-01-09 22:36:56', '2025-01-09 22:36:56'),
(375, 47, NULL, '102.89.68.189', 'Nigeria', 'Ibadan', '2025-01-10 01:38:08', '2025-01-10 01:38:08'),
(376, NULL, 2, '102.89.68.189', 'Nigeria', 'Ibadan', '2025-01-10 02:08:45', '2025-01-10 02:08:45'),
(377, NULL, 2, '102.89.68.189', 'Nigeria', 'Ibadan', '2025-01-10 02:14:54', '2025-01-10 02:14:54'),
(378, 47, NULL, '102.89.46.153', 'Nigeria', 'Lagos', '2025-01-10 02:55:15', '2025-01-10 02:55:15'),
(379, 3, NULL, '102.89.46.153', 'Nigeria', 'Lagos', '2025-01-10 03:12:17', '2025-01-10 03:12:17'),
(380, 3, NULL, '102.89.46.153', 'Nigeria', 'Lagos', '2025-01-10 03:22:32', '2025-01-10 03:22:32'),
(381, NULL, 2, '102.88.70.125', 'Nigeria', 'Lagos', '2025-01-10 09:27:19', '2025-01-10 09:27:19'),
(382, 47, NULL, '102.89.69.75', 'Nigeria', 'Ibadan', '2025-01-10 22:48:45', '2025-01-10 22:48:45'),
(383, 47, NULL, '102.89.69.75', 'Nigeria', 'Ibadan', '2025-01-10 23:15:44', '2025-01-10 23:15:44'),
(384, 3, NULL, '105.112.188.133', 'Nigeria', 'Lagos', '2025-01-10 23:22:04', '2025-01-10 23:22:04'),
(385, NULL, 2, '197.210.28.108', 'Nigeria', 'Lagos', '2025-01-10 23:25:12', '2025-01-10 23:25:12'),
(386, 47, NULL, '105.112.188.133', 'Nigeria', 'Lagos', '2025-01-10 23:48:55', '2025-01-10 23:48:55'),
(387, 47, NULL, '102.89.69.75', 'Nigeria', 'Ibadan', '2025-01-11 00:08:09', '2025-01-11 00:08:09'),
(388, 42, NULL, '102.89.69.217', 'Nigeria', 'Ibadan', '2025-01-11 11:46:29', '2025-01-11 11:46:29'),
(389, NULL, 2, '102.89.47.221', 'Nigeria', 'Lagos', '2025-01-11 15:10:27', '2025-01-11 15:10:27'),
(390, 47, NULL, '102.89.33.78', 'Nigeria', 'Lagos', '2025-01-12 03:45:46', '2025-01-12 03:45:46'),
(391, 47, NULL, '102.89.33.78', 'Nigeria', 'Lagos', '2025-01-12 12:04:35', '2025-01-12 12:04:35'),
(392, NULL, 2, '102.89.33.78', 'Nigeria', 'Lagos', '2025-01-12 13:49:45', '2025-01-12 13:49:45'),
(393, NULL, NULL, '197.211.59.80', 'Nigeria', 'Lagos', '2025-01-12 16:52:03', '2025-01-12 16:52:03'),
(394, NULL, NULL, '197.211.59.80', 'Nigeria', 'Lagos', '2025-01-12 17:01:25', '2025-01-12 17:01:25'),
(395, 51, NULL, '197.211.59.80', 'Nigeria', 'Lagos', '2025-01-12 17:14:58', '2025-01-12 17:14:58'),
(396, NULL, NULL, '102.89.68.201', 'Nigeria', 'Ibadan', '2025-01-12 18:14:40', '2025-01-12 18:14:40'),
(397, NULL, NULL, '161.35.28.237', 'Germany', 'Frankfurt am Main', '2025-01-12 18:35:58', '2025-01-12 18:35:58'),
(398, NULL, 2, '102.89.33.78', 'Nigeria', 'Lagos', '2025-01-12 19:16:53', '2025-01-12 19:16:53'),
(399, 41, NULL, '197.210.54.157', 'Nigeria', 'Abuja', '2025-01-12 19:32:25', '2025-01-12 19:32:25'),
(400, NULL, NULL, '129.205.124.175', 'Nigeria', 'Lagos', '2025-01-12 19:41:06', '2025-01-12 19:41:06'),
(401, NULL, NULL, '102.89.68.166', 'Nigeria', 'Ibadan', '2025-01-12 20:12:37', '2025-01-12 20:12:37'),
(402, NULL, NULL, '197.211.63.16', 'Nigeria', 'Lagos', '2025-01-12 20:49:42', '2025-01-12 20:49:42'),
(403, NULL, 2, '102.89.33.78', 'Nigeria', 'Lagos', '2025-01-12 21:44:29', '2025-01-12 21:44:29'),
(404, 42, NULL, '102.89.85.187', 'Nigeria', 'Lagos', '2025-01-12 23:02:23', '2025-01-12 23:02:23'),
(405, 47, NULL, '105.112.76.31', 'Nigeria', 'Lagos', '2025-01-12 23:06:17', '2025-01-12 23:06:17'),
(406, 51, NULL, '197.211.59.80', 'Nigeria', 'Lagos', '2025-01-13 07:06:26', '2025-01-13 07:06:26'),
(407, 47, NULL, '102.89.23.135', 'Nigeria', 'Lagos', '2025-01-13 07:10:14', '2025-01-13 07:10:14'),
(408, 47, NULL, '105.112.76.31', 'Nigeria', 'Lagos', '2025-01-13 07:35:18', '2025-01-13 07:35:18'),
(409, NULL, 2, '102.89.46.213', 'Nigeria', 'Lagos', '2025-01-13 08:43:23', '2025-01-13 08:43:23'),
(410, 47, NULL, '105.112.76.31', 'Nigeria', 'Lagos', '2025-01-13 17:22:28', '2025-01-13 17:22:28'),
(411, NULL, NULL, '197.210.28.18', 'Nigeria', 'Lagos', '2025-01-13 19:10:58', '2025-01-13 19:10:58'),
(412, 57, NULL, '197.210.28.18', 'Nigeria', 'Lagos', '2025-01-13 19:15:28', '2025-01-13 19:15:28'),
(413, 47, NULL, '102.88.110.145', 'Nigeria', 'Lagos', '2025-01-13 20:06:23', '2025-01-13 20:06:23'),
(414, 57, NULL, '102.88.110.21', 'Nigeria', 'Lagos', '2025-01-14 05:10:15', '2025-01-14 05:10:15'),
(415, 3, NULL, '105.112.12.18', 'Nigeria', 'Katsina', '2025-01-14 08:10:33', '2025-01-14 08:10:33'),
(416, 57, NULL, '102.88.110.21', 'Nigeria', 'Lagos', '2025-01-14 09:39:33', '2025-01-14 09:39:33'),
(417, 51, NULL, '129.205.124.184', 'Nigeria', 'Lagos', '2025-01-14 10:07:35', '2025-01-14 10:07:35'),
(418, 4, NULL, '197.210.28.187', 'Nigeria', 'Lagos', '2025-01-14 10:08:59', '2025-01-14 10:08:59'),
(419, NULL, 2, '197.210.28.187', 'Nigeria', 'Lagos', '2025-01-14 10:36:50', '2025-01-14 10:36:50'),
(420, 57, NULL, '102.89.40.45', 'Nigeria', 'Lagos', '2025-01-14 12:30:43', '2025-01-14 12:30:43'),
(421, NULL, 2, '197.210.28.187', 'Nigeria', 'Lagos', '2025-01-14 13:45:40', '2025-01-14 13:45:40'),
(422, 3, NULL, '102.89.47.130', 'Nigeria', 'Lagos', '2025-01-14 20:39:58', '2025-01-14 20:39:58'),
(423, NULL, 2, '102.89.22.168', 'Nigeria', 'Lagos', '2025-01-14 20:56:10', '2025-01-14 20:56:10'),
(424, NULL, 2, '105.112.12.18', 'Nigeria', 'Katsina', '2025-01-15 05:24:38', '2025-01-15 05:24:38'),
(425, NULL, 2, '102.88.111.140', 'Nigeria', 'Lagos', '2025-01-15 08:37:02', '2025-01-15 08:37:02'),
(426, 47, NULL, '105.112.22.216', 'Nigeria', 'Lagos', '2025-01-15 15:42:01', '2025-01-15 15:42:01'),
(427, 47, NULL, '105.112.22.216', 'Nigeria', 'Lagos', '2025-01-15 16:17:04', '2025-01-15 16:17:04'),
(428, NULL, 2, '102.89.22.224', 'Nigeria', 'Lagos', '2025-01-15 17:44:35', '2025-01-15 17:44:35'),
(429, NULL, 2, '102.88.83.39', 'Nigeria', 'Lagos', '2025-01-16 08:05:25', '2025-01-16 08:05:25'),
(430, 47, NULL, '102.89.46.37', 'Nigeria', 'Lagos', '2025-01-16 08:40:36', '2025-01-16 08:40:36'),
(431, NULL, 2, '102.89.22.126', 'Nigeria', 'Lagos', '2025-01-16 09:32:38', '2025-01-16 09:32:38'),
(432, NULL, 2, '102.89.22.126', 'Nigeria', 'Lagos', '2025-01-16 09:33:03', '2025-01-16 09:33:03'),
(433, 47, NULL, '102.89.46.37', 'Nigeria', 'Lagos', '2025-01-16 10:43:44', '2025-01-16 10:43:44'),
(434, NULL, NULL, '102.89.23.16', 'Nigeria', 'Lagos', '2025-01-16 11:43:50', '2025-01-16 11:43:50'),
(435, NULL, 2, '102.89.46.218', 'Nigeria', 'Lagos', '2025-01-16 21:44:16', '2025-01-16 21:44:16'),
(436, 3, NULL, '102.89.46.218', 'Nigeria', 'Lagos', '2025-01-16 21:44:54', '2025-01-16 21:44:54'),
(437, NULL, 2, '102.89.22.104', 'Nigeria', 'Lagos', '2025-01-17 07:39:46', '2025-01-17 07:39:46'),
(438, NULL, 2, '102.89.22.104', 'Nigeria', 'Lagos', '2025-01-17 10:05:15', '2025-01-17 10:05:15'),
(439, 47, NULL, '105.115.3.86', 'Nigeria', 'Lagos', '2025-01-17 11:30:33', '2025-01-17 11:30:33'),
(440, NULL, NULL, '102.88.71.232', 'Nigeria', 'Lagos', '2025-01-17 17:10:36', '2025-01-17 17:10:36'),
(441, 3, NULL, '102.89.46.218', 'Nigeria', 'Lagos', '2025-01-17 22:05:26', '2025-01-17 22:05:26'),
(442, NULL, 2, '102.88.108.114', 'Nigeria', 'Lagos', '2025-01-18 07:42:52', '2025-01-18 07:42:52'),
(443, NULL, NULL, '105.113.57.37', 'Nigeria', 'Lagos', '2025-01-18 08:35:47', '2025-01-18 08:35:47'),
(444, NULL, NULL, '102.90.103.209', 'Nigeria', 'Port Harcourt', '2025-01-18 09:08:26', '2025-01-18 09:08:26'),
(445, NULL, NULL, '102.90.103.209', 'Nigeria', 'Port Harcourt', '2025-01-18 09:13:15', '2025-01-18 09:13:15'),
(446, 47, NULL, '102.89.47.80', 'Nigeria', 'Lagos', '2025-01-19 02:32:12', '2025-01-19 02:32:12'),
(447, NULL, 2, '102.89.47.80', 'Nigeria', 'Lagos', '2025-01-19 16:14:02', '2025-01-19 16:14:02'),
(448, 47, NULL, '102.89.23.148', 'Nigeria', 'Lagos', '2025-01-20 10:48:06', '2025-01-20 10:48:06'),
(449, NULL, 2, '102.88.108.192', 'Nigeria', 'Lagos', '2025-01-20 10:55:35', '2025-01-20 10:55:35'),
(450, NULL, 2, '102.88.108.192', 'Nigeria', 'Lagos', '2025-01-20 12:44:44', '2025-01-20 12:44:44'),
(451, 47, NULL, '105.112.192.129', 'Nigeria', 'Lagos', '2025-01-20 18:36:20', '2025-01-20 18:36:20'),
(452, NULL, 2, '102.89.42.67', 'Nigeria', 'Lagos', '2025-01-21 07:39:21', '2025-01-21 07:39:21'),
(453, 3, NULL, '105.112.192.129', 'Nigeria', 'Lagos', '2025-01-21 08:14:21', '2025-01-21 08:14:21'),
(454, 47, NULL, '102.88.83.234', 'Nigeria', 'Lagos', '2025-01-21 08:37:42', '2025-01-21 08:37:42'),
(455, 47, NULL, '105.112.192.129', 'Nigeria', 'Lagos', '2025-01-21 12:19:08', '2025-01-21 12:19:08'),
(456, 3, NULL, '102.88.109.66', 'Nigeria', 'Lagos', '2025-01-21 17:51:49', '2025-01-21 17:51:49'),
(457, NULL, 2, '102.89.42.237', 'Nigeria', 'Lagos', '2025-01-22 07:54:15', '2025-01-22 07:54:15'),
(458, 47, NULL, '105.112.192.129', 'Nigeria', 'Lagos', '2025-01-23 00:44:03', '2025-01-23 00:44:03'),
(459, 42, NULL, '105.112.210.239', 'Nigeria', 'Benin City', '2025-01-23 07:36:55', '2025-01-23 07:36:55'),
(460, NULL, 2, '102.88.110.80', 'Nigeria', 'Lagos', '2025-01-23 07:39:34', '2025-01-23 07:39:34'),
(461, 42, NULL, '105.112.213.38', 'Nigeria', 'Benin City', '2025-01-24 06:39:35', '2025-01-24 06:39:35'),
(462, NULL, 2, '102.88.70.22', 'Nigeria', 'Lagos', '2025-01-24 08:03:26', '2025-01-24 08:03:26'),
(463, NULL, 2, '102.88.70.22', 'Nigeria', 'Lagos', '2025-01-24 08:04:15', '2025-01-24 08:04:15'),
(464, 42, NULL, '105.112.213.165', 'Nigeria', 'Benin City', '2025-01-24 11:00:00', '2025-01-24 11:00:00'),
(465, 47, NULL, '102.88.36.212', 'Nigeria', 'Lagos', '2025-01-24 22:46:06', '2025-01-24 22:46:06'),
(466, 47, NULL, '102.88.37.201', 'Nigeria', 'Lagos', '2025-01-25 08:49:51', '2025-01-25 08:49:51'),
(467, 42, NULL, '102.89.69.16', 'Nigeria', 'Lagos', '2025-01-25 16:56:45', '2025-01-25 16:56:45'),
(468, 47, NULL, '105.112.178.66', 'Nigeria', 'Lagos', '2025-01-26 15:52:45', '2025-01-26 15:52:45'),
(469, NULL, 2, '102.89.32.20', 'Nigeria', 'Lagos', '2025-01-27 08:47:54', '2025-01-27 08:47:54'),
(470, 42, NULL, '102.89.23.18', 'Nigeria', 'Lagos', '2025-01-27 20:12:11', '2025-01-27 20:12:11'),
(471, NULL, 2, '102.89.43.56', 'Nigeria', 'Lagos', '2025-01-28 07:11:15', '2025-01-28 07:11:15'),
(472, NULL, NULL, '98.97.79.4', 'Nigeria', 'Abakaliki', '2025-01-28 21:06:14', '2025-01-28 21:06:14'),
(473, 63, NULL, '98.97.79.194', 'Nigeria', 'Abakaliki', '2025-01-29 06:22:06', '2025-01-29 06:22:06'),
(474, 63, NULL, '98.97.79.194', 'Nigeria', 'Abakaliki', '2025-01-29 06:22:44', '2025-01-29 06:22:44'),
(475, NULL, 2, '102.88.109.151', 'Nigeria', 'Lagos', '2025-01-29 07:32:56', '2025-01-29 07:32:56'),
(476, 42, NULL, '105.112.198.109', 'Nigeria', 'Lagos', '2025-01-29 08:01:14', '2025-01-29 08:01:14'),
(477, 63, NULL, '98.97.79.194', 'Nigeria', 'Abakaliki', '2025-01-29 10:18:47', '2025-01-29 10:18:47'),
(478, 47, NULL, '105.112.176.193', 'Nigeria', 'Lagos', '2025-01-29 11:09:57', '2025-01-29 11:09:57'),
(479, NULL, NULL, '102.89.68.241', 'Nigeria', 'Lagos', '2025-01-29 11:22:09', '2025-01-29 11:22:09'),
(480, 47, NULL, '105.112.181.249', 'Nigeria', 'Lagos', '2025-01-29 14:07:45', '2025-01-29 14:07:45'),
(481, 47, NULL, '105.112.181.249', 'Nigeria', 'Lagos', '2025-01-29 17:14:39', '2025-01-29 17:14:39'),
(482, NULL, 2, '102.89.22.34', 'Nigeria', 'Lagos', '2025-01-30 07:27:34', '2025-01-30 07:27:34'),
(483, 47, NULL, '105.112.18.43', 'Nigeria', 'Lagos', '2025-01-30 10:16:28', '2025-01-30 10:16:28'),
(484, 47, NULL, '102.89.34.195', 'Nigeria', 'Lagos', '2025-01-30 18:19:12', '2025-01-30 18:19:12'),
(485, 47, NULL, '105.112.18.43', 'Nigeria', 'Lagos', '2025-01-30 19:10:32', '2025-01-30 19:10:32'),
(486, 42, NULL, '102.89.47.132', 'Nigeria', 'Lagos', '2025-01-30 19:24:10', '2025-01-30 19:24:10'),
(487, 47, NULL, '105.112.29.211', 'Nigeria', 'Lagos', '2025-01-31 07:05:13', '2025-01-31 07:05:13'),
(488, NULL, 2, '197.210.8.45', 'Nigeria', 'Lagos', '2025-01-31 07:54:29', '2025-01-31 07:54:29'),
(489, 63, NULL, '102.215.57.113', 'Nigeria', 'Yenagoa', '2025-01-31 08:43:42', '2025-01-31 08:43:42'),
(490, 42, NULL, '102.89.22.104', 'Nigeria', 'Lagos', '2025-01-31 16:24:09', '2025-01-31 16:24:09'),
(491, 47, NULL, '105.112.192.90', 'Nigeria', 'Lagos', '2025-02-01 06:27:18', '2025-02-01 06:27:18'),
(492, 47, NULL, '105.112.199.203', 'Nigeria', 'Lagos', '2025-02-01 18:46:58', '2025-02-01 18:46:58'),
(493, 47, NULL, '102.88.109.51', 'Nigeria', 'Lagos', '2025-02-02 14:37:20', '2025-02-02 14:37:20'),
(494, 47, NULL, '105.112.76.122', 'Nigeria', 'Lagos', '2025-02-02 20:52:32', '2025-02-02 20:52:32'),
(495, NULL, NULL, '102.88.84.105', 'Nigeria', 'Lagos', '2025-02-02 20:56:19', '2025-02-02 20:56:19'),
(496, 3, NULL, '105.112.68.246', 'Nigeria', 'Lagos', '2025-02-03 08:47:00', '2025-02-03 08:47:00'),
(497, NULL, 2, '102.88.33.215', 'Nigeria', 'Lagos', '2025-02-03 08:57:37', '2025-02-03 08:57:37'),
(498, NULL, 2, '102.88.109.51', 'Nigeria', 'Lagos', '2025-02-03 11:19:38', '2025-02-03 11:19:38'),
(499, 3, NULL, '105.112.198.53', 'Nigeria', 'Lagos', '2025-02-03 12:41:51', '2025-02-03 12:41:51'),
(500, 42, NULL, '102.89.83.171', 'Nigeria', 'Ibadan', '2025-02-04 11:05:19', '2025-02-04 11:05:19'),
(501, NULL, 2, '105.113.117.54', 'Nigeria', 'Lagos', '2025-02-04 16:37:45', '2025-02-04 16:37:45');
INSERT INTO `login_logs` (`id`, `user_id`, `merchant_id`, `ip`, `country`, `city`, `created_at`, `updated_at`) VALUES
(502, NULL, 2, '102.88.84.206', 'Nigeria', 'Lagos', '2025-02-04 22:56:55', '2025-02-04 22:56:55'),
(503, NULL, 2, '102.88.84.206', 'Nigeria', 'Lagos', '2025-02-05 08:58:41', '2025-02-05 08:58:41'),
(504, NULL, 2, '102.88.84.206', 'Nigeria', 'Lagos', '2025-02-05 13:48:40', '2025-02-05 13:48:40'),
(505, 1, NULL, '102.88.84.206', 'Nigeria', 'Lagos', '2025-02-05 13:49:07', '2025-02-05 13:49:07'),
(506, 41, NULL, '102.90.96.242', 'Nigeria', 'Port Harcourt', '2025-02-06 04:35:13', '2025-02-06 04:35:13'),
(507, 3, NULL, '105.112.201.153', 'Nigeria', 'Lagos', '2025-02-06 10:45:21', '2025-02-06 10:45:21'),
(508, NULL, 2, '102.88.84.233', 'Nigeria', 'Lagos', '2025-02-06 13:23:44', '2025-02-06 13:23:44'),
(509, NULL, 2, '102.89.46.172', 'Nigeria', 'Lagos', '2025-02-07 07:24:25', '2025-02-07 07:24:25'),
(510, NULL, 2, '102.89.46.172', 'Nigeria', 'Lagos', '2025-02-07 09:34:01', '2025-02-07 09:34:01'),
(511, NULL, NULL, '105.113.68.224', 'Nigeria', 'Lagos', '2025-02-10 16:44:42', '2025-02-10 16:44:42'),
(512, NULL, NULL, '102.210.168.34', 'Nigeria', '', '2025-02-10 21:21:59', '2025-02-10 21:21:59'),
(513, 42, NULL, '102.89.82.148', 'Nigeria', 'Ibadan', '2025-02-11 16:37:10', '2025-02-11 16:37:10'),
(514, NULL, 2, '102.89.47.232', 'Nigeria', 'Lagos', '2025-02-11 16:48:04', '2025-02-11 16:48:04'),
(515, 66, NULL, '105.113.83.98', 'Nigeria', 'Lagos', '2025-02-11 17:16:03', '2025-02-11 17:16:03'),
(516, 66, NULL, '105.113.103.5', 'Nigeria', 'Lagos', '2025-02-12 05:34:36', '2025-02-12 05:34:36'),
(517, 66, NULL, '105.113.103.5', 'Nigeria', 'Lagos', '2025-02-12 08:14:09', '2025-02-12 08:14:09'),
(518, 1, NULL, '105.120.128.240', 'Nigeria', 'Enugu', '2025-02-12 09:43:52', '2025-02-12 09:43:52'),
(519, 1, NULL, '105.120.128.240', 'Nigeria', 'Enugu', '2025-02-12 14:21:23', '2025-02-12 14:21:23'),
(520, 66, NULL, '105.113.114.239', 'Nigeria', 'Lagos', '2025-02-12 23:49:48', '2025-02-12 23:49:48'),
(521, 66, NULL, '105.113.112.201', 'Nigeria', 'Lagos', '2025-02-13 07:56:40', '2025-02-13 07:56:40'),
(522, 1, NULL, '102.89.34.241', 'Nigeria', 'Lagos', '2025-02-13 22:58:38', '2025-02-13 22:58:38'),
(523, 3, NULL, '102.89.34.241', 'Nigeria', 'Lagos', '2025-02-13 23:33:35', '2025-02-13 23:33:35'),
(524, 1, NULL, '105.112.179.52', 'Nigeria', 'Lagos', '2025-02-14 06:08:44', '2025-02-14 06:08:44'),
(525, 66, NULL, '105.113.94.48', 'Nigeria', 'Lagos', '2025-02-16 09:40:05', '2025-02-16 09:40:05'),
(526, 1, NULL, '102.89.47.52', 'Nigeria', 'Lagos', '2025-02-16 10:25:23', '2025-02-16 10:25:23'),
(527, 3, NULL, '102.88.109.108', 'Nigeria', 'Lagos', '2025-02-16 14:38:29', '2025-02-16 14:38:29'),
(528, 3, NULL, '102.88.109.108', 'Nigeria', 'Lagos', '2025-02-16 16:17:25', '2025-02-16 16:17:25'),
(529, 66, NULL, '105.113.64.178', 'Nigeria', 'Lagos', '2025-02-16 16:46:10', '2025-02-16 16:46:10'),
(530, NULL, NULL, '168.90.145.8', 'Brazil', 'Senhor do Bonfim', '2025-02-17 23:17:44', '2025-02-17 23:17:44'),
(531, 68, NULL, '168.90.145.8', 'Brazil', 'Senhor do Bonfim', '2025-02-17 23:18:01', '2025-02-17 23:18:01'),
(532, NULL, NULL, '102.182.206.236', 'South Africa', 'Cape Town', '2025-02-18 03:49:36', '2025-02-18 03:49:36'),
(533, 69, NULL, '102.182.206.236', 'South Africa', 'Cape Town', '2025-02-18 03:49:56', '2025-02-18 03:49:56'),
(534, NULL, NULL, '212.200.100.194', 'Serbia', 'Novi Banovci', '2025-02-18 04:21:13', '2025-02-18 04:21:13'),
(535, 70, NULL, '212.200.100.194', 'Serbia', 'Novi Banovci', '2025-02-18 04:21:28', '2025-02-18 04:21:28'),
(536, NULL, NULL, '103.227.118.170', 'India', '', '2025-02-18 04:29:43', '2025-02-18 04:29:43'),
(537, 71, NULL, '103.227.118.170', 'India', '', '2025-02-18 04:30:04', '2025-02-18 04:30:04'),
(538, 3, NULL, '102.89.47.65', 'Nigeria', 'Lagos', '2025-02-18 07:31:41', '2025-02-18 07:31:41'),
(539, 66, NULL, '102.88.83.104', 'Nigeria', 'Lagos', '2025-02-18 09:38:54', '2025-02-18 09:38:54'),
(540, NULL, NULL, '45.248.173.215', 'India', '', '2025-02-18 11:19:31', '2025-02-18 11:19:31'),
(541, 72, NULL, '45.248.173.215', 'India', '', '2025-02-18 11:19:50', '2025-02-18 11:19:50'),
(542, 3, NULL, '102.88.110.156', 'Nigeria', 'Lagos', '2025-02-18 17:19:27', '2025-02-18 17:19:27'),
(543, 66, NULL, '105.113.82.17', 'Nigeria', 'Lagos', '2025-02-18 18:28:58', '2025-02-18 18:28:58'),
(544, 66, NULL, '102.88.83.104', 'Nigeria', 'Lagos', '2025-02-18 21:42:23', '2025-02-18 21:42:23'),
(545, NULL, NULL, '124.248.177.53', 'Cambodia', 'Phnom Penh', '2025-02-18 21:42:23', '2025-02-18 21:42:23'),
(546, 44, NULL, '31.171.130.120', 'United Kingdom', 'Harringay', '2025-02-19 00:24:37', '2025-02-19 00:24:37'),
(547, 44, NULL, '31.171.130.133', 'United Kingdom', 'Harringay', '2025-02-19 00:36:51', '2025-02-19 00:36:51'),
(548, 3, NULL, '105.112.67.122', 'Nigeria', 'Lagos', '2025-02-19 00:50:40', '2025-02-19 00:50:40'),
(549, 44, NULL, '31.171.130.120', 'United Kingdom', 'Harringay', '2025-02-19 01:00:17', '2025-02-19 01:00:17'),
(550, 3, NULL, '105.112.67.122', 'Nigeria', 'Lagos', '2025-02-19 01:00:38', '2025-02-19 01:00:38'),
(551, 3, NULL, '105.112.67.122', 'Nigeria', 'Lagos', '2025-02-19 01:13:44', '2025-02-19 01:13:44'),
(552, 44, NULL, '31.171.130.155', 'United Kingdom', 'Harringay', '2025-02-19 01:14:32', '2025-02-19 01:14:32'),
(553, NULL, NULL, '31.171.130.140', 'United Kingdom', 'Harringay', '2025-02-19 01:18:23', '2025-02-19 01:18:23'),
(554, NULL, NULL, '197.211.59.165', 'Nigeria', 'Lagos', '2025-02-19 01:27:15', '2025-02-19 01:27:15'),
(555, 3, NULL, '105.112.67.122', 'Nigeria', 'Lagos', '2025-02-19 01:40:34', '2025-02-19 01:40:34'),
(556, 75, NULL, '197.211.59.165', 'Nigeria', 'Lagos', '2025-02-19 01:40:53', '2025-02-19 01:40:53'),
(557, 75, NULL, '197.211.59.165', 'Nigeria', 'Lagos', '2025-02-19 01:45:00', '2025-02-19 01:45:00'),
(558, 42, NULL, '102.89.84.227', 'Nigeria', 'Ibadan', '2025-02-20 17:15:24', '2025-02-20 17:15:24'),
(559, NULL, NULL, '82.3.229.121', 'United Kingdom', 'Bournemouth', '2025-02-22 09:49:37', '2025-02-22 09:49:37'),
(560, 66, NULL, '105.113.65.8', 'Nigeria', 'Lagos', '2025-02-22 14:06:14', '2025-02-22 14:06:14'),
(561, 42, NULL, '102.89.85.181', 'Nigeria', 'Ibadan', '2025-02-23 07:19:27', '2025-02-23 07:19:27'),
(562, 67, NULL, '102.210.168.39', 'Nigeria', '', '2025-02-23 08:01:42', '2025-02-23 08:01:42'),
(563, 3, NULL, '102.88.108.222', 'Nigeria', 'Lagos', '2025-02-25 04:32:25', '2025-02-25 04:32:25'),
(564, 3, NULL, '102.89.47.208', 'Nigeria', 'Lagos', '2025-02-25 11:48:46', '2025-02-25 11:48:46'),
(565, 42, NULL, '102.89.83.5', 'Nigeria', 'Ibadan', '2025-02-25 16:12:03', '2025-02-25 16:12:03'),
(566, 51, NULL, '129.205.124.248', 'Nigeria', 'Lagos', '2025-02-25 19:17:00', '2025-02-25 19:17:00'),
(567, 3, NULL, '102.88.36.183', 'Nigeria', 'Lagos', '2025-02-25 23:22:25', '2025-02-25 23:22:25'),
(568, 47, NULL, '102.88.70.42', 'Nigeria', 'Lagos', '2025-02-26 13:33:32', '2025-02-26 13:33:32'),
(569, 42, NULL, '102.89.85.15', 'Nigeria', 'Ibadan', '2025-02-27 11:46:29', '2025-02-27 11:46:29'),
(570, 44, NULL, '105.119.15.82', 'Nigeria', 'Ibadan', '2025-02-27 12:52:23', '2025-02-27 12:52:23'),
(571, NULL, 2, '105.112.75.10', 'Nigeria', 'Lagos', '2025-02-27 13:49:47', '2025-02-27 13:49:47'),
(572, 42, NULL, '102.89.69.7', 'Nigeria', 'Ibadan', '2025-02-27 15:40:23', '2025-02-27 15:40:23'),
(573, 44, NULL, '102.89.69.19', 'Nigeria', 'Ibadan', '2025-02-27 20:09:57', '2025-02-27 20:09:57'),
(574, NULL, NULL, '105.119.11.169', 'Nigeria', 'Ibadan', '2025-02-27 20:19:14', '2025-02-27 20:19:14'),
(575, 77, NULL, '105.119.18.155', 'Nigeria', 'Ibadan', '2025-02-28 06:27:36', '2025-02-28 06:27:36'),
(576, 42, NULL, '102.89.75.126', 'Nigeria', 'Ibadan', '2025-02-28 08:07:06', '2025-02-28 08:07:06'),
(577, 77, NULL, '105.119.21.178', 'Nigeria', 'Ibadan', '2025-02-28 09:31:31', '2025-02-28 09:31:31'),
(578, 42, NULL, '102.89.83.73', 'Nigeria', 'Ibadan', '2025-02-28 11:14:58', '2025-02-28 11:14:58'),
(579, 77, NULL, '105.119.19.10', 'Nigeria', 'Ibadan', '2025-02-28 14:02:01', '2025-02-28 14:02:01'),
(580, 42, NULL, '102.89.76.38', 'Nigeria', 'Ibadan', '2025-02-28 16:17:27', '2025-02-28 16:17:27'),
(581, 42, NULL, '102.89.83.253', 'Nigeria', 'Ibadan', '2025-02-28 18:25:58', '2025-02-28 18:25:58'),
(582, 77, NULL, '105.119.17.183', 'Nigeria', 'Ibadan', '2025-02-28 19:08:23', '2025-02-28 19:08:23'),
(583, NULL, NULL, '102.89.83.89', 'Nigeria', 'Ibadan', '2025-02-28 19:27:17', '2025-02-28 19:27:17'),
(584, 77, NULL, '105.119.15.74', 'Nigeria', 'Ibadan', '2025-02-28 23:02:30', '2025-02-28 23:02:30'),
(585, 42, NULL, '102.89.83.123', 'Nigeria', 'Ibadan', '2025-03-01 03:26:07', '2025-03-01 03:26:07'),
(586, 42, NULL, '102.89.68.183', 'Nigeria', 'Ibadan', '2025-03-01 05:57:15', '2025-03-01 05:57:15'),
(587, 78, NULL, '102.89.68.94', 'Nigeria', 'Ibadan', '2025-03-01 06:11:32', '2025-03-01 06:11:32'),
(588, 77, NULL, '102.90.43.122', 'Nigeria', '', '2025-03-01 06:42:18', '2025-03-01 06:42:18'),
(589, 77, NULL, '102.88.111.88', 'Nigeria', 'Lagos', '2025-03-01 10:42:20', '2025-03-01 10:42:20'),
(590, 42, NULL, '102.89.68.225', 'Nigeria', 'Ibadan', '2025-03-01 11:19:28', '2025-03-01 11:19:28'),
(591, 78, NULL, '102.89.76.94', 'Nigeria', 'Ibadan', '2025-03-01 15:19:25', '2025-03-01 15:19:25'),
(592, NULL, 2, '105.112.31.241', 'Nigeria', 'Lagos', '2025-03-01 15:52:28', '2025-03-01 15:52:28'),
(593, 1, NULL, '105.112.31.241', 'Nigeria', 'Lagos', '2025-03-01 15:57:38', '2025-03-01 15:57:38'),
(594, 47, NULL, '105.112.178.4', 'Nigeria', 'Lagos', '2025-03-01 19:27:17', '2025-03-01 19:27:17'),
(595, 77, NULL, '105.119.22.202', 'Nigeria', 'Ibadan', '2025-03-01 20:53:53', '2025-03-01 20:53:53'),
(596, 42, NULL, '102.89.68.149', 'Nigeria', 'Ibadan', '2025-03-02 03:19:53', '2025-03-02 03:19:53'),
(597, 77, NULL, NULL, NULL, NULL, '2025-03-02 07:17:25', '2025-03-02 07:17:25'),
(598, 66, NULL, '102.88.83.138', 'Nigeria', 'Lagos', '2025-03-02 08:55:50', '2025-03-02 08:55:50'),
(599, 78, NULL, '102.89.83.55', 'Nigeria', 'Ibadan', '2025-03-02 15:55:42', '2025-03-02 15:55:42'),
(600, 77, NULL, '105.119.17.1', 'Nigeria', 'Ibadan', '2025-03-03 06:22:12', '2025-03-03 06:22:12'),
(601, 77, NULL, '102.89.32.11', 'Nigeria', 'Lagos', '2025-03-03 10:12:47', '2025-03-03 10:12:47'),
(602, 47, NULL, '105.112.73.82', 'Nigeria', 'Lagos', '2025-03-03 14:08:31', '2025-03-03 14:08:31'),
(603, 3, NULL, '105.112.73.82', 'Nigeria', 'Lagos', '2025-03-03 14:09:13', '2025-03-03 14:09:13'),
(604, 77, NULL, '102.89.45.109', 'Nigeria', 'Lagos', '2025-03-03 16:21:56', '2025-03-03 16:21:56'),
(605, 3, NULL, '105.112.20.93', 'Nigeria', 'Lagos', '2025-03-04 10:29:03', '2025-03-04 10:29:03'),
(606, NULL, 2, '105.112.20.93', 'Nigeria', 'Lagos', '2025-03-04 10:36:26', '2025-03-04 10:36:26'),
(607, 3, NULL, '105.112.20.93', 'Nigeria', 'Lagos', '2025-03-04 10:53:20', '2025-03-04 10:53:20'),
(608, 77, NULL, '105.119.20.222', 'Nigeria', 'Ibadan', '2025-03-06 07:33:13', '2025-03-06 07:33:13'),
(609, 3, NULL, '105.112.204.193', 'Nigeria', 'Lagos', '2025-03-06 11:36:50', '2025-03-06 11:36:50'),
(610, 77, NULL, '105.119.18.14', 'Nigeria', 'Ibadan', '2025-03-07 20:22:34', '2025-03-07 20:22:34'),
(611, NULL, NULL, '102.88.36.224', 'Nigeria', 'Lagos', '2025-03-07 22:26:47', '2025-03-07 22:26:47'),
(612, 42, NULL, '102.89.83.245', 'Nigeria', 'Ibadan', '2025-03-08 09:31:03', '2025-03-08 09:31:03'),
(613, 3, NULL, '105.112.186.20', 'Nigeria', 'Lagos', '2025-03-08 10:49:31', '2025-03-08 10:49:31'),
(614, NULL, NULL, '102.89.68.244', 'Nigeria', 'Ibadan', '2025-03-08 12:05:11', '2025-03-08 12:05:11'),
(615, 80, NULL, '102.89.68.244', 'Nigeria', 'Ibadan', '2025-03-08 12:09:04', '2025-03-08 12:09:04'),
(616, 80, NULL, '102.89.68.9', 'Nigeria', 'Ibadan', '2025-03-08 12:19:44', '2025-03-08 12:19:44'),
(617, 80, NULL, '102.89.68.9', 'Nigeria', 'Ibadan', '2025-03-08 12:20:05', '2025-03-08 12:20:05'),
(618, 77, NULL, '105.119.20.138', 'Nigeria', 'Ibadan', '2025-03-08 18:03:58', '2025-03-08 18:03:58'),
(619, 77, NULL, '102.89.32.7', 'Nigeria', 'Lagos', '2025-03-10 11:13:57', '2025-03-10 11:13:57'),
(620, 80, NULL, '102.89.75.169', 'Nigeria', 'Ibadan', '2025-03-10 23:10:06', '2025-03-10 23:10:06'),
(621, NULL, NULL, '72.146.41.117', 'Italy', 'Milan', '2025-03-11 20:16:08', '2025-03-11 20:16:08'),
(622, NULL, 2, '102.89.42.90', 'Nigeria', 'Lagos', '2025-03-12 00:19:34', '2025-03-12 00:19:34'),
(623, NULL, NULL, '188.127.254.234', 'Russia', '', '2025-03-13 11:57:07', '2025-03-13 11:57:07'),
(624, NULL, NULL, '72.146.40.59', 'Italy', 'Milan', '2025-03-13 13:29:31', '2025-03-13 13:29:31'),
(625, NULL, NULL, '185.130.251.231', 'Russia', '', '2025-03-13 14:02:57', '2025-03-13 14:02:57'),
(626, NULL, NULL, '91.219.148.87', 'Russia', '', '2025-03-13 14:57:40', '2025-03-13 14:57:40'),
(627, NULL, NULL, '72.146.40.59', 'Italy', 'Milan', '2025-03-13 15:52:18', '2025-03-13 15:52:18'),
(628, NULL, NULL, '185.130.251.231', 'Russia', '', '2025-03-13 16:47:20', '2025-03-13 16:47:20'),
(629, NULL, NULL, '193.169.228.43', 'Russia', '', '2025-03-13 17:14:06', '2025-03-13 17:14:06'),
(630, NULL, NULL, '193.169.228.43', 'Russia', '', '2025-03-13 18:03:28', '2025-03-13 18:03:28'),
(631, NULL, NULL, '185.130.251.231', 'Russia', '', '2025-03-13 18:35:15', '2025-03-13 18:35:15'),
(632, NULL, NULL, '185.130.251.231', 'Russia', '', '2025-03-13 19:13:09', '2025-03-13 19:13:09'),
(633, NULL, NULL, '193.169.228.43', 'Russia', '', '2025-03-13 20:19:10', '2025-03-13 20:19:10'),
(634, NULL, NULL, '91.219.148.87', 'Russia', '', '2025-03-13 21:16:15', '2025-03-13 21:16:15'),
(635, NULL, NULL, '91.219.148.87', 'Russia', '', '2025-03-13 22:03:01', '2025-03-13 22:03:01'),
(636, NULL, NULL, '72.146.40.59', 'Italy', 'Milan', '2025-03-14 00:30:39', '2025-03-14 00:30:39'),
(637, NULL, NULL, '185.130.251.231', 'Russia', '', '2025-03-14 00:38:57', '2025-03-14 00:38:57'),
(638, NULL, NULL, '193.169.228.43', 'Russia', '', '2025-03-14 00:57:30', '2025-03-14 00:57:30'),
(639, NULL, NULL, '193.169.228.43', 'Russia', '', '2025-03-14 01:46:25', '2025-03-14 01:46:25'),
(640, NULL, NULL, '91.219.148.87', 'Russia', '', '2025-03-14 02:14:00', '2025-03-14 02:14:00'),
(641, NULL, NULL, '193.169.228.43', 'Russia', '', '2025-03-14 02:46:24', '2025-03-14 02:46:24'),
(642, NULL, NULL, '188.127.254.234', 'Russia', '', '2025-03-14 03:40:28', '2025-03-14 03:40:28'),
(643, NULL, NULL, '185.130.251.231', 'Russia', '', '2025-03-14 12:36:20', '2025-03-14 12:36:20'),
(644, NULL, NULL, '188.127.254.234', 'Russia', '', '2025-03-14 15:51:06', '2025-03-14 15:51:06'),
(645, 77, NULL, '105.112.211.151', 'Nigeria', 'Benin City', '2025-03-14 16:58:24', '2025-03-14 16:58:24'),
(646, NULL, NULL, '193.169.228.43', 'Russia', '', '2025-03-14 17:15:39', '2025-03-14 17:15:39'),
(647, NULL, NULL, '91.219.148.87', 'Russia', '', '2025-03-14 17:44:21', '2025-03-14 17:44:21'),
(648, NULL, NULL, '188.127.254.234', 'Russia', '', '2025-03-14 17:48:51', '2025-03-14 17:48:51'),
(649, NULL, NULL, '188.127.254.234', 'Russia', '', '2025-03-14 18:11:19', '2025-03-14 18:11:19'),
(650, NULL, NULL, '185.130.251.231', 'Russia', '', '2025-03-14 18:15:04', '2025-03-14 18:15:04'),
(651, NULL, NULL, '188.127.254.234', 'Russia', '', '2025-03-14 18:37:59', '2025-03-14 18:37:59');

-- --------------------------------------------------------

--
-- Table structure for table `merchants`
--

CREATE TABLE `merchants` (
  `id` bigint(20) UNSIGNED NOT NULL,
  `business_name` varchar(255) NOT NULL,
  `name` varchar(255) NOT NULL,
  `email` varchar(255) NOT NULL,
  `photo` varchar(255) DEFAULT NULL,
  `phone` varchar(255) DEFAULT NULL,
  `country` varchar(255) DEFAULT NULL,
  `city` varchar(255) DEFAULT NULL,
  `address` text DEFAULT NULL,
  `zip` varchar(25) DEFAULT NULL,
  `status` tinyint(4) NOT NULL DEFAULT 1,
  `email_verified` tinyint(1) DEFAULT NULL,
  `verification_link` varchar(255) DEFAULT NULL,
  `verify_code` int(11) DEFAULT NULL,
  `password` varchar(255) NOT NULL,
  `remember_token` varchar(100) DEFAULT NULL,
  `kyc_status` tinyint(1) NOT NULL DEFAULT 0,
  `kyc_info` text DEFAULT NULL,
  `kyc_reject_reason` varchar(255) DEFAULT NULL,
  `access_key` varchar(255) DEFAULT NULL,
  `secret_key` varchar(255) DEFAULT NULL,
  `two_fa_status` tinyint(1) NOT NULL DEFAULT 0,
  `two_fa` tinyint(1) DEFAULT 0,
  `two_fa_code` int(10) DEFAULT NULL,
  `created_at` timestamp NULL DEFAULT NULL,
  `updated_at` timestamp NULL DEFAULT NULL,
  `active_status` tinyint(1) DEFAULT NULL,
  `avatar` varchar(255) DEFAULT NULL,
  `dark_mode` tinyint(1) DEFAULT NULL,
  `messenger_color` varchar(255) DEFAULT NULL
) ENGINE=InnoDB DEFAULT CHARSET=utf8mb4 COLLATE=utf8mb4_unicode_ci;

--
-- Dumping data for table `merchants`
--

INSERT INTO `merchants` (`id`, `business_name`, `name`, `email`, `photo`, `phone`, `country`, `city`, `address`, `zip`, `status`, `email_verified`, `verification_link`, `verify_code`, `password`, `remember_token`, `kyc_status`, `kyc_info`, `kyc_reject_reason`, `access_key`, `secret_key`, `two_fa_status`, `two_fa`, `two_fa_code`, `created_at`, `updated_at`, `active_status`, `avatar`, `dark_mode`, `messenger_color`) VALUES
(1, 'BillGate', 'ARSENAL', 'ememokon63@gmail.com', NULL, '+2347069625454', 'Nigeria', 'lagos', 'LAGOS', NULL, 1, 1, NULL, NULL, '$2y$10$J6S.IrnbJWMm0y3p2LnWue66gEfE8wvs5Q/BXU0aKnilU/VJDtO6m', NULL, 1, NULL, NULL, '88djdksjkjda90odjjj', NULL, 0, 0, NULL, '2024-01-06 09:08:50', '2024-11-19 10:07:59', NULL, 'avatar.png', NULL, NULL),
(2, 'Test Agent', 'BILL GATE', 'merchant@gmail.com', NULL, '+23409045000045', 'Nigeria', NULL, 'Just the address', NULL, 1, 1, NULL, NULL, '$2y$10$7oJiKnYGG6dL2bH7I1b34OaQzm3Rr3gime0DkmESx4eJ6epQ/eIay', NULL, 1, NULL, NULL, 'jjkd990sdkkkdksdkk', NULL, 0, 0, NULL, '2024-01-16 22:08:34', '2025-01-31 08:02:40', 0, 'avatar.png', NULL, NULL),
(3, 'Taiwo', 'MAN U', 'oladimejiabiola003@gmail.com', NULL, '+2347069625454', 'Nigeria', 'lagos', 'LAGOS', NULL, 1, 1, NULL, NULL, '$2y$10$EXWsd8rfDL9N8CgYs1NCte3jEN0S2.kHBvnXq44vX1ui3epX3rie2', NULL, 1, NULL, NULL, '0c49ce21-45bf-430a-9375-dbb989f3653f', NULL, 0, 0, NULL, '2024-01-19 12:45:42', '2024-11-19 10:13:49', 0, 'avatar.png', NULL, NULL),
(4, 'On GOD', 'BLESSING', 'olorunfemiolami15@gmail.com', NULL, '+23408134844224', 'Nigeria', NULL, 'LAGOS', NULL, 1, NULL, NULL, NULL, '$2y$10$cRb.QcTS8H3zfUCin4C8OOGMIXsU8YTliqMh3Fe1CBLBtYEblO656', NULL, 0, NULL, NULL, 'df75a6f5-1f10-4540-9855-4e567ab1e6ba', NULL, 0, 0, NULL, '2024-07-09 07:58:48', '2024-07-09 07:58:48', NULL, NULL, NULL, NULL);

-- --------------------------------------------------------

--
-- Table structure for table `merchant_payments`
--

CREATE TABLE `merchant_payments` (
  `id` bigint(20) UNSIGNED NOT NULL,
  `payment_id` varchar(255) DEFAULT NULL,
  `user_id` int(11) DEFAULT NULL,
  `merchant_id` int(11) NOT NULL,
  `currency_id` int(11) NOT NULL,
  `amount` decimal(20,10) NOT NULL,
  `details` varchar(255) NOT NULL,
  `web_hook` varchar(255) NOT NULL,
  `custom` varchar(255) NOT NULL,
  `cancel_url` varchar(255) NOT NULL,
  `success_url` varchar(255) NOT NULL,
  `customer_email` varchar(255) NOT NULL,
  `status` tinyint(4) NOT NULL DEFAULT 0,
  `mode` tinyint(1) NOT NULL,
  `created_at` timestamp NULL DEFAULT NULL,
  `updated_at` timestamp NULL DEFAULT NULL
) ENGINE=InnoDB DEFAULT CHARSET=utf8mb4 COLLATE=utf8mb4_unicode_ci;

-- --------------------------------------------------------

--
-- Table structure for table `messages`
--

CREATE TABLE `messages` (
  `id` int(10) UNSIGNED NOT NULL,
  `user_id` int(11) DEFAULT NULL,
  `title` varchar(191) NOT NULL,
  `image` varchar(191) DEFAULT NULL,
  `details` longtext DEFAULT NULL,
  `status` tinyint(4) NOT NULL DEFAULT 0,
  `admin` int(55) NOT NULL DEFAULT 0,
  `view` int(55) NOT NULL DEFAULT 0,
  `code` varchar(55) DEFAULT NULL,
  `desk` varchar(55) DEFAULT NULL,
  `type` varchar(55) DEFAULT NULL,
  `sender` int(55) NOT NULL DEFAULT 0,
  `created_at` timestamp NULL DEFAULT NULL,
  `updated_at` timestamp NULL DEFAULT NULL
) ENGINE=InnoDB DEFAULT CHARSET=utf8mb4 COLLATE=utf8mb4_unicode_ci;

--
-- Dumping data for table `messages`
--

INSERT INTO `messages` (`id`, `user_id`, `title`, `image`, `details`, `status`, `admin`, `view`, `code`, `desk`, `type`, `sender`, `created_at`, `updated_at`) VALUES
(1, 3, 'Hello', NULL, 'Support', 0, 0, 0, 'LXUXSA', 'Support', '1', 0, '2024-11-25 05:33:24', '2024-11-25 05:33:24'),
(2, 42, 'Issue', NULL, 'Why am I see Initiated', 1, 0, 0, '6YGJMY', 'Select Desk', '1', 0, '2025-01-03 07:29:41', '2025-01-11 11:46:56'),
(3, 4, 'Assistance', NULL, 'Hello, I need help', 0, 0, 0, 'M1V8XP', 'Select Desk', '1', 0, '2025-01-14 10:28:50', '2025-01-14 10:28:50'),
(4, 4, 'Assistance', NULL, 'Hello I need assistance with my withdrawal', 0, 0, 0, 'QXUQAU', 'Complaint', '1', 0, '2025-01-14 10:32:46', '2025-01-14 10:32:46'),
(5, 66, 'Urgent!!!', NULL, 'Pls I’m unable to upload my nin slip it keeps saying the id image failed to upload', 1, 0, 0, 'FDQPED', 'Select Desk', '1', 0, '2025-02-12 08:33:27', '2025-02-12 08:46:29'),
(6, 77, 'Complain about data purchase', NULL, 'Please i have been purchasing data since afternoon but it keeps \"saying error in performing this task\"', 1, 0, 0, 'IVLVRS', 'Complaint', '1', 0, '2025-03-01 00:52:29', '2025-03-01 14:22:36');

-- --------------------------------------------------------

--
-- Table structure for table `migrations`
--

CREATE TABLE `migrations` (
  `id` int(10) UNSIGNED NOT NULL,
  `migration` varchar(255) NOT NULL,
  `batch` int(11) NOT NULL
) ENGINE=InnoDB DEFAULT CHARSET=utf8mb4 COLLATE=utf8mb4_unicode_ci;

--
-- Dumping data for table `migrations`
--

INSERT INTO `migrations` (`id`, `migration`, `batch`) VALUES
(1, '2014_10_12_000000_create_users_table', 1),
(2, '2014_10_12_100000_create_password_resets_table', 1),
(3, '2019_08_19_000000_create_failed_jobs_table', 1),
(4, '2019_12_14_000001_create_personal_access_tokens_table', 1),
(5, '2021_09_25_053316_create_admins_table', 2),
(6, '2021_12_19_042602_create_site_contents_table', 3),
(7, '2021_12_20_032716_create_currencies_table', 4),
(8, '2021_12_20_041453_create_wallets_table', 5),
(9, '2021_12_20_061743_create_charges_table', 6),
(10, '2021_12_21_041624_create_countries_table', 7),
(11, '2021_12_21_095225_create_transactions_table', 8),
(12, '2021_12_22_044221_create_request_money_table', 9),
(13, '2021_12_23_053336_create_exchange_money_table', 10),
(14, '2021_12_28_083959_create_modules_table', 11),
(15, '2021_12_29_035701_create_vouchers_table', 12),
(16, '2021_12_30_050418_create_withdraws_table', 13),
(17, '2021_12_30_111614_create_withdrawals_table', 14),
(18, '2022_01_02_102323_create_payments_table', 15),
(19, '2022_01_03_032851_create_invoices_table', 16),
(20, '2022_01_03_034414_create_inv_items_table', 17),
(21, '2022_01_04_092638_create_k_y_c_s_table', 18),
(22, '2022_01_04_103906_create_kyc_forms_table', 18),
(23, '2022_01_09_035144_create_escrows_table', 19),
(24, '2022_01_09_064757_create_disputes_table', 20),
(25, '2022_01_16_053729_create_api_creds_table', 21),
(26, '2022_01_16_060854_create_merchant_payments_table', 22),
(27, '2022_01_17_100203_create_permission_tables', 23),
(28, '2022_01_20_050330_create_sms_gateways_table', 24),
(29, '2022_01_30_031517_create_login_logs_table', 25),
(30, '2022_02_02_091116_create_support_tickets_table', 26),
(31, '2022_02_02_091130_create_ticket_messages_table', 26),
(32, '2022_04_13_051442_create_agents_table', 27),
(33, '2022_04_21_053042_create_fund_requests_table', 27),
(34, '2022_06_06_051606_create_addons_table', 28),
(35, '2024_01_03_999999_add_active_status_to_users', 28),
(36, '2024_01_03_999999_add_avatar_to_users', 28),
(37, '2024_01_03_999999_add_dark_mode_to_users', 28),
(38, '2024_01_03_999999_add_messenger_color_to_users', 28),
(39, '2024_01_03_999999_create_chatify_favorites_table', 28),
(40, '2024_01_03_999999_create_chatify_messages_table', 28),
(41, '0000_00_00_000000_create_websockets_statistics_entries_table', 29),
(42, '2024_01_08_235146_create_private_messages_table', 30),
(53, '2024_01_11_233818_gift_cards', 31),
(54, '2024_01_11_234708_gift_card_amount', 31),
(55, '2024_01_13_225218_create_trade_gift_cards_table', 31),
(56, '2024_01_13_231131_create_trading_card_details_table', 31),
(57, '2024_01_19_201651_create_trade_requests_table', 32),
(58, '2024_01_31_224140_create_transaction_histories_table', 33),
(59, '2024_02_08_004303_create_beneficiaries_table', 34),
(60, '2024_02_08_215036_create_banks_table', 35),
(61, '2022_12_02_032758_create_nowpayments_logger_table', 36),
(62, '2024_02_09_192011_create_bill_payments_table', 36),
(64, '2024_02_11_131019_create_crypto_transactions_table', 37),
(65, '2024_02_12_063846_create_coins_table', 37);

-- --------------------------------------------------------

--
-- Table structure for table `model_has_permissions`
--

CREATE TABLE `model_has_permissions` (
  `permission_id` bigint(20) UNSIGNED NOT NULL,
  `model_type` varchar(255) NOT NULL,
  `model_id` bigint(20) UNSIGNED NOT NULL
) ENGINE=InnoDB DEFAULT CHARSET=utf8mb4 COLLATE=utf8mb4_unicode_ci;

-- --------------------------------------------------------

--
-- Table structure for table `model_has_roles`
--

CREATE TABLE `model_has_roles` (
  `role_id` bigint(20) UNSIGNED NOT NULL,
  `model_type` varchar(255) NOT NULL,
  `model_id` bigint(20) UNSIGNED NOT NULL
) ENGINE=InnoDB DEFAULT CHARSET=utf8mb4 COLLATE=utf8mb4_unicode_ci;

--
-- Dumping data for table `model_has_roles`
--

INSERT INTO `model_has_roles` (`role_id`, `model_type`, `model_id`) VALUES
(1, 'App\\Models\\Admin', 1),
(3, 'App\\Models\\Admin', 2),
(3, 'App\\Models\\Admin', 3),
(3, 'App\\Models\\Admin', 6),
(4, 'App\\Models\\Admin', 4);

-- --------------------------------------------------------

--
-- Table structure for table `modules`
--

CREATE TABLE `modules` (
  `id` bigint(20) UNSIGNED NOT NULL,
  `module` varchar(255) NOT NULL,
  `status` tinyint(4) NOT NULL DEFAULT 1,
  `kyc` tinyint(1) NOT NULL DEFAULT 0,
  `created_at` timestamp NULL DEFAULT NULL,
  `updated_at` timestamp NULL DEFAULT NULL
) ENGINE=InnoDB DEFAULT CHARSET=utf8mb4 COLLATE=utf8mb4_unicode_ci;

--
-- Dumping data for table `modules`
--

INSERT INTO `modules` (`id`, `module`, `status`, `kyc`, `created_at`, `updated_at`) VALUES
(1, 'transfer-money', 0, 0, NULL, '2022-03-03 00:14:02'),
(2, 'request-money', 1, 0, NULL, '2022-03-02 23:58:21'),
(3, 'exchange-money', 1, 0, NULL, '2022-02-16 05:49:16'),
(4, 'make-payment', 1, 0, NULL, '2022-01-20 02:41:19'),
(5, 'create-voucher', 1, 0, NULL, '2022-02-06 04:39:38'),
(6, 'withdraw-money', 1, 0, NULL, '2022-02-02 00:03:33'),
(7, 'create-invoice', 1, 0, NULL, '2022-02-17 01:56:10'),
(8, 'make-escrow', 1, 0, NULL, '2022-01-11 05:46:09'),
(9, 'deposit', 1, 0, NULL, '2022-02-02 00:04:29');

-- --------------------------------------------------------

--
-- Table structure for table `nowpayments_api_call_logger`
--

CREATE TABLE `nowpayments_api_call_logger` (
  `id` bigint(20) UNSIGNED NOT NULL,
  `endpoint` varchar(255) NOT NULL,
  `count` int(11) NOT NULL DEFAULT 0
) ENGINE=InnoDB DEFAULT CHARSET=utf8mb4 COLLATE=utf8mb4_unicode_ci;

--
-- Dumping data for table `nowpayments_api_call_logger`
--

INSERT INTO `nowpayments_api_call_logger` (`id`, `endpoint`, `count`) VALUES
(1, '/estimate', 237),
(2, '/min-amount', 60),
(3, '/payment', 31),
(4, '/currencies', 2),
(5, '/payment/4703776273', 2);

-- --------------------------------------------------------

--
-- Table structure for table `pages`
--

CREATE TABLE `pages` (
  `id` int(191) NOT NULL,
  `title` varchar(191) CHARACTER SET utf8mb4 COLLATE utf8mb4_unicode_ci NOT NULL,
  `slug` varchar(191) CHARACTER SET utf8mb4 COLLATE utf8mb4_unicode_ci NOT NULL,
  `details` longtext CHARACTER SET utf8mb4 COLLATE utf8mb4_unicode_ci NOT NULL,
  `lang` varchar(10) DEFAULT NULL
) ENGINE=InnoDB DEFAULT CHARSET=latin1 COLLATE=latin1_swedish_ci;

--
-- Dumping data for table `pages`
--

INSERT INTO `pages` (`id`, `title`, `slug`, `details`, `lang`) VALUES
(13, 'About', 'about', '<p style=\"color:rgb(108,117,125);font-family:Nunito, \'Segoe UI\', arial;font-size:14px;text-align:justify;\">REFER AND EARN FOREVER WHENEVER YOUR REFERRALS TRADE</p>\n\n<p style=\"color:rgb(108,117,125);font-family:Nunito, \'Segoe UI\', arial;font-size:14px;text-align:justify;\">COMPANY REGISTRATION NUMBER : 8014026</p>\n\n<p style=\"color:rgb(108,117,125);font-family:Nunito, \'Segoe UI\', arial;font-size:14px;text-align:justify;\">ADDRESS : IKOTA VILLA ESTATE, LAGOS , NIGERIA</p>', 'en');

-- --------------------------------------------------------

--
-- Table structure for table `password_resets`
--

CREATE TABLE `password_resets` (
  `email` varchar(255) NOT NULL,
  `token` varchar(255) NOT NULL,
  `created_at` timestamp NULL DEFAULT NULL
) ENGINE=InnoDB DEFAULT CHARSET=utf8mb4 COLLATE=utf8mb4_unicode_ci;

-- --------------------------------------------------------

--
-- Table structure for table `payments`
--

CREATE TABLE `payments` (
  `id` bigint(20) UNSIGNED NOT NULL,
  `user_id` int(11) NOT NULL,
  `gateway_id` int(11) NOT NULL,
  `currency_id` int(11) NOT NULL,
  `trnx` varchar(255) NOT NULL,
  `gateway_trx` varchar(255) DEFAULT NULL,
  `amount` decimal(20,10) NOT NULL,
  `status` tinyint(4) NOT NULL DEFAULT 0,
  `created_at` timestamp NULL DEFAULT NULL,
  `updated_at` timestamp NULL DEFAULT NULL
) ENGINE=InnoDB DEFAULT CHARSET=utf8mb4 COLLATE=utf8mb4_unicode_ci;

-- --------------------------------------------------------

--
-- Table structure for table `payment_gateways`
--

CREATE TABLE `payment_gateways` (
  `id` int(191) NOT NULL,
  `subtitle` varchar(191) CHARACTER SET utf8mb4 COLLATE utf8mb4_unicode_ci DEFAULT NULL,
  `title` varchar(191) CHARACTER SET utf8mb4 COLLATE utf8mb4_unicode_ci DEFAULT NULL,
  `fixed_charge` decimal(20,10) DEFAULT NULL,
  `percent_charge` decimal(5,2) DEFAULT NULL,
  `details` text CHARACTER SET utf8mb4 COLLATE utf8mb4_unicode_ci DEFAULT NULL,
  `name` varchar(100) CHARACTER SET utf8mb4 COLLATE utf8mb4_unicode_ci DEFAULT NULL,
  `type` enum('manual','automatic') CHARACTER SET utf8mb4 COLLATE utf8mb4_unicode_ci DEFAULT 'manual',
  `information` mediumtext CHARACTER SET utf8mb4 COLLATE utf8mb4_unicode_ci DEFAULT NULL,
  `keyword` varchar(191) DEFAULT NULL,
  `currency_id` varchar(191) NOT NULL DEFAULT '0',
  `checkout` int(191) NOT NULL DEFAULT 1,
  `status` int(1) NOT NULL DEFAULT 1,
  `subscription` int(191) NOT NULL DEFAULT 1
) ENGINE=InnoDB DEFAULT CHARSET=latin1 COLLATE=latin1_swedish_ci;

--
-- Dumping data for table `payment_gateways`
--

INSERT INTO `payment_gateways` (`id`, `subtitle`, `title`, `fixed_charge`, `percent_charge`, `details`, `name`, `type`, `information`, `keyword`, `currency_id`, `checkout`, `status`, `subscription`) VALUES
(2, '(5 - 6 days)', 'Mobile Money', NULL, NULL, '<b>Payment Number: </b>69234324233423', 'Mobile Money', 'manual', NULL, 'mobile-money', '[\"4\"]', 1, 1, 1),
(7, NULL, NULL, NULL, NULL, NULL, 'Mercadopago', 'automatic', '{\"public_key\":\"TEST-6f72a502-51c8-4e9a-8ca3-cb7fa0addad8\",\"token\":\"TEST-6068652511264159-022306-e78da379f3963916b1c7130ff2906826-529753482\",\"text\":\"Pay Via MercadoPago\",\"sandbox_check\":1}', 'mercadopago', '[\"1\"]', 1, 1, 1),
(8, NULL, NULL, NULL, NULL, NULL, 'Authorize.Net', 'automatic', '{\"login_id\":\"76zu9VgUSxrJ\",\"txn_key\":\"2Vj62a6skSrP5U3X\",\"text\":\"Pay Via Authorize.Net\",\"sandbox_check\":1}', 'authorize', '[\"1\",\"4\"]', 1, 1, 1),
(9, NULL, NULL, NULL, NULL, NULL, 'Razorpay', 'automatic', '{\"key\":\"rzp_test_xDH74d48cwl8DF\",\"secret\":\"cr0H1BiQ20hVzhpHfHuNbGri\",\"text\":\"Pay via your Razorpay account.\"}', 'razorpay', '[\"10\"]', 1, 1, 1),
(11, NULL, NULL, NULL, NULL, NULL, 'Paytm', 'automatic', '{\"merchant\":\"tkogux49985047638244\",\"secret\":\"LhNGUUKE9xCQ9xY8\",\"website\":\"WEBSTAGING\",\"industry\":\"Retail\",\"text\":\"Pay via your Paytm account.\",\"sandbox_check\":1}', 'paytm', '[\"1\"]', 1, 1, 1),
(12, NULL, NULL, NULL, NULL, NULL, 'Paystack', 'automatic', '{\"key\":\"pk_test_162a56d42131cbb01932ed0d2c48f9cb99d8e8e2\",\"email\":\"junnuns@gmail.com\",\"text\":\"Pay via your Paystack account.\"}', 'paystack', '[\"1\"]', 1, 1, 1),
(13, NULL, NULL, NULL, NULL, NULL, 'Instamojo', 'automatic', '{\"key\":\"test_172371aa837ae5cad6047dc3052\",\"token\":\"test_4ac5a785e25fc596b67dbc5c267\",\"text\":\"Pay via your Instamojo account.\",\"sandbox_check\":1}', 'instamojo', '[\"1\",\"10\"]', 1, 1, 1),
(14, NULL, NULL, NULL, NULL, NULL, 'Stripe', 'automatic', '{\"key\":\"pk_test_UnU1Coi1p5qFGwtpjZMRMgJM\",\"secret\":\"sk_test_QQcg3vGsKRPlW6T3dXcNJsor\",\"text\":\"Pay via your Credit Card.\"}', 'stripe', '[\"1\",\"4\"]', 1, 1, 1),
(15, NULL, NULL, NULL, NULL, NULL, 'Paypal', 'automatic', '{\"client_id\":\"AcWYnysKa_elsQIAnlfsJXokR64Z31CeCbpis9G3msDC-BvgcbAwbacfDfEGSP-9Dp9fZaGgD05pX5Qi\",\"client_secret\":\"EGZXTq6d6vBPq8kysVx8WQA5NpavMpDzOLVOb9u75UfsJ-cFzn6aeBXIMyJW2lN1UZtJg5iDPNL9ocYE\",\"sandbox_check\":0,\"text\":\"Pay via your PayPal account.\"}', 'paypal', '[\"1\",\"4\"]', 1, 1, 1),
(19, '5-6 days', 'Wire Bank', 5.0000000000, 2.00, '<p>Description</p>', 'Wire Bank', 'manual', NULL, 'manual', '[\"1\",\"4\",\"6\"]', 1, 1, 1),
(20, '', 'Coin Gate', NULL, NULL, '<p>Wire bank&nbsp;</p><p>ACC NO. : 268653464646546465.</p><p>Deep branch</p>', 'Coin Gate', 'automatic', '{\"secret_string\":\"B46P1XMf388193hz-sqrDJPhNprKy8xaZ3Sb2dt2\",\"text\":\"Pay via your Coin gate account.\"}', 'coingate', '[\"1\",\"9\"]', 1, 1, 1);

-- --------------------------------------------------------

--
-- Table structure for table `permissions`
--

CREATE TABLE `permissions` (
  `id` bigint(20) UNSIGNED NOT NULL,
  `name` varchar(255) NOT NULL,
  `guard_name` varchar(255) NOT NULL,
  `created_at` timestamp NULL DEFAULT NULL,
  `updated_at` timestamp NULL DEFAULT NULL
) ENGINE=InnoDB DEFAULT CHARSET=utf8mb4 COLLATE=utf8mb4_unicode_ci;

--
-- Dumping data for table `permissions`
--

INSERT INTO `permissions` (`id`, `name`, `guard_name`, `created_at`, `updated_at`) VALUES
(209, 'dashboard info', 'admin', '2022-02-16 23:31:25', '2022-02-16 23:31:25'),
(210, 'profit report', 'admin', '2022-02-16 23:31:25', '2022-02-16 23:31:25'),
(211, 'transactions', 'admin', '2022-02-16 23:31:25', '2022-02-16 23:31:25'),
(212, 'manage user', 'admin', '2022-02-16 23:31:25', '2022-02-16 23:31:25'),
(213, 'edit user', 'admin', '2022-02-16 23:31:25', '2022-02-16 23:31:25'),
(214, 'update user', 'admin', '2022-02-16 23:31:25', '2022-02-16 23:31:25'),
(215, 'user balance modify', 'admin', '2022-02-16 23:31:25', '2022-02-16 23:31:25'),
(216, 'user login', 'admin', '2022-02-16 23:31:25', '2022-02-16 23:31:25'),
(217, 'user login logs', 'admin', '2022-02-16 23:31:25', '2022-02-16 23:31:25'),
(218, 'manage merchant', 'admin', '2022-02-16 23:31:25', '2022-02-16 23:31:25'),
(219, 'edit merchant', 'admin', '2022-02-16 23:31:25', '2022-02-16 23:31:25'),
(220, 'update merchant', 'admin', '2022-02-16 23:31:25', '2022-02-16 23:31:25'),
(221, 'merchant balance modify', 'admin', '2022-02-16 23:31:25', '2022-02-16 23:31:25'),
(222, 'merchant login', 'admin', '2022-02-16 23:31:25', '2022-02-16 23:31:25'),
(223, 'merchant login logs', 'admin', '2022-02-16 23:31:25', '2022-02-16 23:31:25'),
(224, 'manage currency', 'admin', '2022-02-16 23:31:25', '2022-02-16 23:31:25'),
(225, 'add currency', 'admin', '2022-02-16 23:31:25', '2022-02-16 23:31:25'),
(226, 'edit currency', 'admin', '2022-02-16 23:31:25', '2022-02-16 23:31:25'),
(227, 'update currency', 'admin', '2022-02-16 23:31:25', '2022-02-16 23:31:25'),
(228, 'update currency api', 'admin', '2022-02-16 23:31:25', '2022-02-16 23:31:25'),
(229, 'manage charges', 'admin', '2022-02-16 23:31:25', '2022-02-16 23:31:25'),
(230, 'edit charge', 'admin', '2022-02-16 23:31:25', '2022-02-16 23:31:25'),
(231, 'update charge', 'admin', '2022-02-16 23:31:25', '2022-02-16 23:31:25'),
(232, 'manage country', 'admin', '2022-02-16 23:31:25', '2022-02-16 23:31:25'),
(233, 'add country', 'admin', '2022-02-16 23:31:25', '2022-02-16 23:31:25'),
(234, 'update country', 'admin', '2022-02-16 23:31:25', '2022-02-16 23:31:25'),
(235, 'manage modules', 'admin', '2022-02-16 23:31:25', '2022-02-16 23:31:25'),
(236, 'update module', 'admin', '2022-02-16 23:31:25', '2022-02-16 23:31:25'),
(237, 'manage kyc', 'admin', '2022-02-16 23:31:25', '2022-02-16 23:31:25'),
(238, 'manage kyc form', 'admin', '2022-02-16 23:31:25', '2022-02-16 23:31:25'),
(239, 'kyc form add', 'admin', '2022-02-16 23:31:25', '2022-02-16 23:31:25'),
(240, 'kyc form update', 'admin', '2022-02-16 23:31:25', '2022-02-16 23:31:25'),
(241, 'kyc form delete', 'admin', '2022-02-16 23:31:25', '2022-02-16 23:31:25'),
(242, 'kyc info', 'admin', '2022-02-16 23:31:25', '2022-02-16 23:31:25'),
(243, 'kyc details', 'admin', '2022-02-16 23:31:25', '2022-02-16 23:31:25'),
(244, 'kyc approve', 'admin', '2022-02-16 23:31:25', '2022-02-16 23:31:25'),
(245, 'kyc reject', 'admin', '2022-02-16 23:31:25', '2022-02-16 23:31:25'),
(246, 'manage escrow', 'admin', '2022-02-16 23:31:25', '2022-02-16 23:31:25'),
(247, 'escrow on-hold', 'admin', '2022-02-16 23:31:25', '2022-02-16 23:31:25'),
(248, 'escrow disputed', 'admin', '2022-02-16 23:31:25', '2022-02-16 23:31:25'),
(249, 'escrow details', 'admin', '2022-02-16 23:31:25', '2022-02-16 23:31:25'),
(250, 'dispute store', 'admin', '2022-02-16 23:31:25', '2022-02-16 23:31:25'),
(251, 'escrow return payment', 'admin', '2022-02-16 23:31:25', '2022-02-16 23:31:25'),
(252, 'escrow file download', 'admin', '2022-02-16 23:31:25', '2022-02-16 23:31:25'),
(253, 'escrow close', 'admin', '2022-02-16 23:31:25', '2022-02-16 23:31:25'),
(254, 'manage role', 'admin', '2022-02-16 23:31:25', '2022-02-16 23:31:25'),
(255, 'create role', 'admin', '2022-02-16 23:31:25', '2022-02-16 23:31:25'),
(256, 'edit permissions', 'admin', '2022-02-16 23:31:25', '2022-02-16 23:31:25'),
(257, 'update permissions', 'admin', '2022-02-16 23:31:25', '2022-02-16 23:31:25'),
(258, 'manage staff', 'admin', '2022-02-16 23:31:25', '2022-02-16 23:31:25'),
(259, 'add staff', 'admin', '2022-02-16 23:31:25', '2022-02-16 23:31:25'),
(260, 'update staff', 'admin', '2022-02-16 23:31:25', '2022-02-16 23:31:25'),
(261, 'general setting', 'admin', '2022-02-16 23:31:25', '2022-02-16 23:31:25'),
(262, 'general settings update', 'admin', '2022-02-16 23:31:25', '2022-02-16 23:31:25'),
(263, 'general settings logo favicon', 'admin', '2022-02-16 23:31:25', '2022-02-16 23:31:25'),
(264, 'general settings status update', 'admin', '2022-02-16 23:31:25', '2022-02-16 23:31:25'),
(265, 'menu builder', 'admin', '2022-02-16 23:31:25', '2022-02-16 23:31:25'),
(266, 'maintainance', 'admin', '2022-02-16 23:31:25', '2022-02-16 23:31:25'),
(267, 'email templates', 'admin', '2022-02-16 23:31:25', '2022-02-16 23:31:25'),
(268, 'template edit', 'admin', '2022-02-16 23:31:25', '2022-02-16 23:31:25'),
(269, 'template update', 'admin', '2022-02-16 23:31:25', '2022-02-16 23:31:25'),
(270, 'email config', 'admin', '2022-02-16 23:31:26', '2022-02-16 23:31:26'),
(271, 'group email', 'admin', '2022-02-16 23:31:26', '2022-02-16 23:31:26'),
(272, 'sms gateways', 'admin', '2022-02-16 23:31:26', '2022-02-16 23:31:26'),
(273, 'sms gateway edit', 'admin', '2022-02-16 23:31:26', '2022-02-16 23:31:26'),
(274, 'sms gateway update', 'admin', '2022-02-16 23:31:26', '2022-02-16 23:31:26'),
(275, 'sms templates', 'admin', '2022-02-16 23:31:26', '2022-02-16 23:31:26'),
(276, 'sms template edit', 'admin', '2022-02-16 23:31:26', '2022-02-16 23:31:26'),
(277, 'sms template update', 'admin', '2022-02-16 23:31:26', '2022-02-16 23:31:26'),
(278, 'site contents', 'admin', '2022-02-16 23:31:26', '2022-02-16 23:31:26'),
(279, 'edit site contents', 'admin', '2022-02-16 23:31:26', '2022-02-16 23:31:26'),
(280, 'site content update', 'admin', '2022-02-16 23:31:26', '2022-02-16 23:31:26'),
(281, 'site sub-content update', 'admin', '2022-02-16 23:31:26', '2022-02-16 23:31:26'),
(282, 'section status update', 'admin', '2022-02-16 23:31:26', '2022-02-16 23:31:26'),
(283, 'withdraw method', 'admin', '2022-02-16 23:31:26', '2022-02-16 23:31:26'),
(284, 'withdraw method search', 'admin', '2022-02-16 23:31:26', '2022-02-16 23:31:26'),
(285, 'withdraw method create', 'admin', '2022-02-16 23:31:26', '2022-02-16 23:31:26'),
(286, 'withdraw method edit', 'admin', '2022-02-16 23:31:26', '2022-02-16 23:31:26'),
(287, 'withdraw method update', 'admin', '2022-02-16 23:31:26', '2022-02-16 23:31:26'),
(288, 'pending withdraw', 'admin', '2022-02-16 23:31:26', '2022-02-16 23:31:26'),
(289, 'accepted withdraw', 'admin', '2022-02-16 23:31:26', '2022-02-16 23:31:26'),
(290, 'rejected withdraw', 'admin', '2022-02-16 23:31:26', '2022-02-16 23:31:26'),
(291, 'withdraw accept', 'admin', '2022-02-16 23:31:26', '2022-02-16 23:31:26'),
(292, 'withdraw reject', 'admin', '2022-02-16 23:31:26', '2022-02-16 23:31:26'),
(293, 'manage payment gateway', 'admin', '2022-02-16 23:31:26', '2022-02-16 23:31:26'),
(294, 'add payment gateway', 'admin', '2022-02-16 23:31:26', '2022-02-16 23:31:26'),
(295, 'store payment gateway', 'admin', '2022-02-16 23:31:26', '2022-02-16 23:31:26'),
(296, 'edit payment gateway', 'admin', '2022-02-16 23:31:26', '2022-02-16 23:31:26'),
(297, 'update payment gateway', 'admin', '2022-02-16 23:31:26', '2022-02-16 23:31:26'),
(298, 'manage deposit', 'admin', '2022-02-16 23:31:26', '2022-02-16 23:31:26'),
(299, 'approve deposit', 'admin', '2022-02-16 23:31:26', '2022-02-16 23:31:26'),
(300, 'reject deposit', 'admin', '2022-02-16 23:31:26', '2022-02-16 23:31:26'),
(301, 'manage page', 'admin', '2022-02-16 23:31:26', '2022-02-16 23:31:26'),
(302, 'page create', 'admin', '2022-02-16 23:31:26', '2022-02-16 23:31:26'),
(303, 'page store', 'admin', '2022-02-16 23:31:26', '2022-02-16 23:31:26'),
(304, 'page edit', 'admin', '2022-02-16 23:31:26', '2022-02-16 23:31:26'),
(305, 'page update', 'admin', '2022-02-16 23:31:26', '2022-02-16 23:31:26'),
(306, 'page remove', 'admin', '2022-02-16 23:31:26', '2022-02-16 23:31:26'),
(307, 'manage cookie', 'admin', '2022-02-16 23:31:26', '2022-02-16 23:31:26'),
(308, 'update cookie', 'admin', '2022-02-16 23:31:26', '2022-02-16 23:31:26'),
(309, 'manage blog-category', 'admin', '2022-02-16 23:31:26', '2022-02-16 23:31:26'),
(310, 'store blog-category', 'admin', '2022-02-16 23:31:26', '2022-02-16 23:31:26'),
(311, 'update blog-category', 'admin', '2022-02-16 23:31:26', '2022-02-16 23:31:26'),
(312, 'manage blog', 'admin', '2022-02-16 23:31:26', '2022-02-16 23:31:26'),
(313, 'blog create', 'admin', '2022-02-16 23:31:26', '2022-02-16 23:31:26'),
(314, 'blog store', 'admin', '2022-02-16 23:31:26', '2022-02-16 23:31:26'),
(315, 'blog edit', 'admin', '2022-02-16 23:31:26', '2022-02-16 23:31:26'),
(316, 'blog update', 'admin', '2022-02-16 23:31:26', '2022-02-16 23:31:26'),
(317, 'blog destroy', 'admin', '2022-02-16 23:31:26', '2022-02-16 23:31:26'),
(318, 'manage language', 'admin', '2022-02-16 23:31:26', '2022-02-16 23:31:26'),
(319, 'manage ticket', 'admin', '2022-02-16 23:31:26', '2022-02-16 23:31:26'),
(320, 'reply ticket', 'admin', '2022-02-16 23:31:26', '2022-02-16 23:31:26'),
(321, 'seo settings', 'admin', '2022-02-16 23:31:26', '2022-02-16 23:31:26'),
(322, 'manage addon', 'admin', '2022-02-16 23:31:26', '2022-02-16 23:31:26'),
(323, 'system update', 'admin', '2022-02-16 23:31:26', '2022-02-16 23:31:26');

-- --------------------------------------------------------

--
-- Table structure for table `personal_access_tokens`
--

CREATE TABLE `personal_access_tokens` (
  `id` bigint(20) UNSIGNED NOT NULL,
  `tokenable_type` varchar(255) NOT NULL,
  `tokenable_id` bigint(20) UNSIGNED NOT NULL,
  `name` varchar(255) NOT NULL,
  `token` varchar(64) NOT NULL,
  `abilities` text DEFAULT NULL,
  `last_used_at` timestamp NULL DEFAULT NULL,
  `created_at` timestamp NULL DEFAULT NULL,
  `updated_at` timestamp NULL DEFAULT NULL
) ENGINE=InnoDB DEFAULT CHARSET=utf8mb4 COLLATE=utf8mb4_unicode_ci;

-- --------------------------------------------------------

--
-- Table structure for table `private_messages`
--

CREATE TABLE `private_messages` (
  `id` bigint(20) UNSIGNED NOT NULL,
  `receiver_id` bigint(20) UNSIGNED NOT NULL,
  `sender_id` bigint(20) UNSIGNED NOT NULL,
  `type` enum('DOCUMENT','TEXT') NOT NULL,
  `value` varchar(255) NOT NULL,
  `read_at` timestamp NULL DEFAULT NULL,
  `created_at` timestamp NULL DEFAULT NULL,
  `updated_at` timestamp NULL DEFAULT NULL,
  `deleted_at` timestamp NULL DEFAULT NULL
) ENGINE=InnoDB DEFAULT CHARSET=utf8mb4 COLLATE=utf8mb4_unicode_ci;

-- --------------------------------------------------------

--
-- Table structure for table `products`
--

CREATE TABLE `products` (
  `id` bigint(20) UNSIGNED NOT NULL,
  `product_name` varchar(255) NOT NULL,
  `product_description` text NOT NULL,
  `slug` varchar(255) NOT NULL,
  `status` varchar(255) NOT NULL,
  `price` varchar(255) NOT NULL,
  `currency` varchar(20) DEFAULT NULL,
  `created_at` timestamp NULL DEFAULT NULL,
  `updated_at` timestamp NULL DEFAULT NULL,
  `p_image1` varchar(100) DEFAULT NULL,
  `p_image2` varchar(100) DEFAULT NULL,
  `p_image3` varchar(100) DEFAULT NULL,
  `p_image4` varchar(100) DEFAULT NULL
) ENGINE=InnoDB DEFAULT CHARSET=utf8mb4 COLLATE=utf8mb4_unicode_ci;

-- --------------------------------------------------------

--
-- Table structure for table `refer_bonuses`
--

CREATE TABLE `refer_bonuses` (
  `id` bigint(20) UNSIGNED NOT NULL,
  `owner_id` int(11) NOT NULL,
  `earn_from` varchar(255) NOT NULL,
  `refer_user` varchar(255) NOT NULL,
  `amount` decimal(12,2) NOT NULL,
  `created_by` int(11) NOT NULL,
  `created_at` timestamp NULL DEFAULT NULL,
  `updated_at` timestamp NULL DEFAULT NULL
) ENGINE=InnoDB DEFAULT CHARSET=utf8mb4 COLLATE=utf8mb4_unicode_ci;

--
-- Dumping data for table `refer_bonuses`
--

INSERT INTO `refer_bonuses` (`id`, `owner_id`, `earn_from`, `refer_user`, `amount`, `created_by`, `created_at`, `updated_at`) VALUES
(1, 42, 'Airtime', '43', 3.00, 43, '2025-01-06 06:40:44', '2025-01-06 06:40:44'),
(2, 3, 'Data', '47', 23.25, 47, '2025-01-08 23:43:51', '2025-01-08 23:43:51'),
(3, 3, 'Data', '47', 28.50, 47, '2025-01-12 03:47:15', '2025-01-12 03:47:15'),
(4, 3, 'Airtime', '47', 20.00, 47, '2025-01-12 13:53:45', '2025-01-12 13:53:45'),
(5, 3, 'Data', '47', 28.50, 47, '2025-01-12 13:57:53', '2025-01-12 13:57:53'),
(6, 3, 'Airtime', '47', 10.00, 47, '2025-01-16 08:43:37', '2025-01-16 08:43:37'),
(7, 3, 'Airtime', '47', 10.00, 47, '2025-01-16 09:04:47', '2025-01-16 09:04:47'),
(8, 3, 'Airtime', '47', 20.00, 47, '2025-01-19 02:33:09', '2025-01-19 02:33:09'),
(9, 3, 'Airtime', '47', 20.00, 47, '2025-01-20 10:48:57', '2025-01-20 10:48:57'),
(10, 3, 'Data', '47', 11.70, 47, '2025-01-20 19:03:05', '2025-01-20 19:03:05'),
(11, 3, 'Airtime', '47', 20.00, 47, '2025-01-23 00:45:44', '2025-01-23 00:45:44'),
(12, 3, 'Data', '47', 28.50, 47, '2025-01-25 08:51:40', '2025-01-25 08:51:40'),
(13, 3, 'Airtime', '47', 5.00, 47, '2025-01-26 15:54:37', '2025-01-26 15:54:37'),
(14, 3, 'Data', '47', 11.70, 47, '2025-01-30 18:20:16', '2025-01-30 18:20:16'),
(15, 3, 'Data', '47', 14.25, 47, '2025-01-30 19:18:27', '2025-01-30 19:18:27'),
(16, 3, 'Airtime', '47', 10.00, 47, '2025-02-01 06:32:49', '2025-02-01 06:32:49'),
(17, 3, 'Airtime', '47', 20.00, 47, '2025-02-02 14:38:19', '2025-02-02 14:38:19'),
(18, 3, 'Airtime', '47', 10.00, 47, '2025-02-02 14:40:38', '2025-02-02 14:40:38'),
(19, 3, 'Airtime', '47', 280.00, 47, '2025-02-02 15:22:13', '2025-02-02 15:22:13'),
(20, 3, 'Airtime', '47', 19.00, 47, '2025-02-02 15:24:17', '2025-02-02 15:24:17'),
(21, 42, 'Data', '78', 11.25, 78, '2025-03-01 16:12:21', '2025-03-01 16:12:21'),
(22, 42, 'Data', '78', 11.25, 78, '2025-03-01 17:15:27', '2025-03-01 17:15:27'),
(23, 42, 'Data', '78', 10.50, 78, '2025-03-01 17:18:30', '2025-03-01 17:18:30');

-- --------------------------------------------------------

--
-- Table structure for table `request_money`
--

CREATE TABLE `request_money` (
  `id` bigint(20) UNSIGNED NOT NULL,
  `sender_id` int(11) NOT NULL,
  `receiver_id` int(11) NOT NULL,
  `currency_id` int(11) NOT NULL,
  `request_amount` decimal(20,10) NOT NULL,
  `charge` decimal(20,10) NOT NULL,
  `final_amount` decimal(20,10) NOT NULL,
  `status` tinyint(4) NOT NULL DEFAULT 0 COMMENT '0 => pending, 1 => accepted, 2 => rejected',
  `created_at` timestamp NULL DEFAULT NULL,
  `updated_at` timestamp NULL DEFAULT NULL
) ENGINE=InnoDB DEFAULT CHARSET=utf8mb4 COLLATE=utf8mb4_unicode_ci;

-- --------------------------------------------------------

--
-- Table structure for table `roles`
--

CREATE TABLE `roles` (
  `id` bigint(20) UNSIGNED NOT NULL,
  `name` varchar(255) NOT NULL,
  `guard_name` varchar(255) NOT NULL,
  `created_at` timestamp NULL DEFAULT NULL,
  `updated_at` timestamp NULL DEFAULT NULL
) ENGINE=InnoDB DEFAULT CHARSET=utf8mb4 COLLATE=utf8mb4_unicode_ci;

--
-- Dumping data for table `roles`
--

INSERT INTO `roles` (`id`, `name`, `guard_name`, `created_at`, `updated_at`) VALUES
(1, 'admin', 'admin', '2022-01-17 04:25:50', '2022-01-17 04:25:50'),
(3, 'moderator', 'admin', '2022-01-17 05:23:47', '2022-01-17 05:23:47'),
(4, 'Ticket Handler', 'admin', '2022-02-16 23:55:38', '2022-02-16 23:55:38'),
(5, 'Edi', 'admin', '2024-04-09 05:21:57', '2024-04-09 05:21:57');

-- --------------------------------------------------------

--
-- Table structure for table `role_has_permissions`
--

CREATE TABLE `role_has_permissions` (
  `permission_id` bigint(20) UNSIGNED NOT NULL,
  `role_id` bigint(20) UNSIGNED NOT NULL
) ENGINE=InnoDB DEFAULT CHARSET=utf8mb4 COLLATE=utf8mb4_unicode_ci;

--
-- Dumping data for table `role_has_permissions`
--

INSERT INTO `role_has_permissions` (`permission_id`, `role_id`) VALUES
(209, 1),
(210, 1),
(211, 1),
(212, 1),
(213, 1),
(214, 1),
(215, 1),
(216, 1),
(217, 1),
(218, 1),
(219, 1),
(219, 5),
(220, 1),
(221, 1),
(222, 1),
(223, 1),
(224, 1),
(225, 1),
(226, 1),
(227, 1),
(228, 1),
(229, 1),
(230, 1),
(231, 1),
(232, 1),
(233, 1),
(234, 1),
(235, 1),
(236, 1),
(237, 1),
(238, 1),
(239, 1),
(240, 1),
(241, 1),
(242, 1),
(243, 1),
(244, 1),
(245, 1),
(246, 1),
(247, 1),
(248, 1),
(249, 1),
(250, 1),
(251, 1),
(252, 1),
(253, 1),
(254, 1),
(255, 1),
(256, 1),
(257, 1),
(258, 1),
(259, 1),
(260, 1),
(261, 1),
(262, 1),
(263, 1),
(264, 1),
(265, 1),
(266, 1),
(267, 1),
(268, 1),
(269, 1),
(270, 1),
(271, 1),
(272, 1),
(273, 1),
(274, 1),
(275, 1),
(276, 1),
(277, 1),
(278, 1),
(279, 1),
(280, 1),
(281, 1),
(282, 1),
(283, 1),
(284, 1),
(285, 1),
(286, 1),
(287, 1),
(288, 1),
(289, 1),
(290, 1),
(291, 1),
(292, 1),
(293, 1),
(294, 1),
(295, 1),
(296, 1),
(297, 1),
(298, 1),
(299, 1),
(300, 1),
(301, 1),
(302, 1),
(303, 1),
(304, 1),
(305, 1),
(306, 1),
(307, 1),
(308, 1),
(309, 1),
(310, 1),
(311, 1),
(312, 1),
(313, 1),
(314, 1),
(315, 1),
(316, 1),
(317, 1),
(318, 1),
(319, 1),
(319, 4),
(320, 1),
(320, 4),
(321, 1),
(322, 1),
(323, 1);

-- --------------------------------------------------------

--
-- Table structure for table `seo_settings`
--

CREATE TABLE `seo_settings` (
  `id` bigint(20) NOT NULL,
  `title` varchar(255) DEFAULT NULL,
  `meta_tag` text DEFAULT NULL,
  `meta_description` text DEFAULT NULL,
  `meta_image` varchar(255) DEFAULT NULL
) ENGINE=InnoDB DEFAULT CHARSET=utf8mb4 COLLATE=utf8mb4_general_ci;

--
-- Dumping data for table `seo_settings`
--

INSERT INTO `seo_settings` (`id`, `title`, `meta_tag`, `meta_description`, `meta_image`) VALUES
(1, 'refer2trade.com', NULL, '@refer2trade on IG', '15339411471646279600.png');

-- --------------------------------------------------------

--
-- Table structure for table `site_contents`
--

CREATE TABLE `site_contents` (
  `id` bigint(20) UNSIGNED NOT NULL,
  `name` varchar(255) NOT NULL,
  `slug` varchar(255) NOT NULL,
  `content` text DEFAULT NULL,
  `sub_content` longtext DEFAULT NULL,
  `status` tinyint(4) NOT NULL DEFAULT 1,
  `created_at` timestamp NULL DEFAULT NULL,
  `updated_at` timestamp NULL DEFAULT NULL
) ENGINE=InnoDB DEFAULT CHARSET=utf8mb4 COLLATE=utf8mb4_unicode_ci;

--
-- Dumping data for table `site_contents`
--

INSERT INTO `site_contents` (`id`, `name`, `slug`, `content`, `sub_content`, `status`, `created_at`, `updated_at`) VALUES
(1, 'banner', 'banner', '{\"title\":\"Simple. Quick. Secure.\",\"heading\":\"Buy & Sell cryptocurrencies, gift cards, get a virtual dollar card, utility bills and shop for goods and services\",\"sub_heading\":\"Earn a continuous 50% commision from any profit we make through your refferal\",\"button_1_name\":\"Get Started\",\"button_1_url\":\"\\/user\\/register\",\"button_2_name\":\"Contact Us\",\"button_2_url\":\"\\/contact\",\"image_size\":\"1320x880\",\"image\":\"7430732421644388266.jpg\"}', NULL, 1, NULL, '2024-11-24 19:51:20'),
(2, 'about\r\n', 'about', '{\"title\":\"We are Reliable\",\"heading\":\"We are a Stable Platform\",\"short_details\":\"At the core of every successful transaction lies reliability. Since 2016, we have been actively engaged in trading, establishing ourselves as a trusted entity. Formerly known as iTunes2Naira, our reputation for dependability has enabled us to facilitate millions of transactions daily, even without extensive social media awareness. This level of trust and reliability is a testament to the confidence our customers have in us.\",\"feature_1_icon\":\"fas fa-shipping-fast\",\"feature_1_title\":\"Our Services are Faster\",\"feature_1_details\":\"We guarantee fast processing of your transactions through our streamlined systems and cutting-edge technology. Our trading and shopping experiences offer live chat with our customer service, creating a seamless interaction that resembles chatting on social media. Unlike other platforms that rely on bots, we prioritize genuine human interaction. Our cryptocurrency ensures automatic confirmation and payment, while other functions such as airtime, data, and cable subscription are processed automatically as expected\",\"feature_2_icon\":\"fas fa-user-shield\",\"feature_2_title\":\"Security and Satisfaction\",\"feature_2_details\":\"Our platform is encrypted with robust security protocols so your personal information and transactions are safe with us. Refer2Trade is not only security conscious, we\\u2019re concerned about our customers too. From an easy-to-use interface to our responsive customer support team, every aspect of our platform is tailored to meet customer satisfaction.\",\"image_size\":\"700x570\",\"image\":\"12626417021644473699.png\"}', NULL, 1, NULL, '2025-02-19 09:54:34'),
(3, 'service\r\n', 'service', '{\"title\":\"Services\",\"heading\":\"What We Serve to You\",\"sub_heading\":\"\'\'Expanding Your Financial Horizons; Buy, Sell, and Earn with crytocurrencies, Gift Cards, Utility Bills and more\'\'\"}', '[{\"icon\":\"far fa-money-bill-alt\",\"title\":\"GIFT CARD TRADE\",\"details\":\"We buy\\/sell any giftcard with good rate and instant payment\"},{\"icon\":\"fas fa-download\",\"title\":\"AIRTIME\\/DATA  AND BILL PAYMENT\",\"details\":\"You can use your, naira, giftcard or crypto to pay your bill, CABLE TV, GOTV, DSTV, TSTV, Electricity bill, OR airtime and data etc\"},{\"icon\":\"fas fa-upload\",\"title\":\"DOLLAR VIRTUAL CARD\",\"details\":\"make international transactions on any site e.g apple, amazon, ebay, netflix, spotify etc\"},{\"icon\":\"far fa-check-circle\",\"title\":\"SHOPPING WITH BTC\\/GIFTCARD\",\"details\":\"We have exclusive product like Gadgets, houses, car, land and accessories etc that you can shop with any of your chosen payment method like crypto, or naira\"},{\"icon\":\"fas fa-qrcode\",\"title\":\"SELL\\/BUY CRYPTO CURRENCY\",\"details\":\"We buy and sell any crypto currency with instant reflection in your wallet\"}]', 1, NULL, '2024-11-29 16:54:31'),
(4, 'how to\n', 'how', '{\"title\":\"How To Start\",\"heading\":\"We have some easy steps!\",\"sub_heading\":\"Here are the steps to get started:\",\"image_size\":\"720x700\",\"image\":\"8838201231644403288.png\"}', '[{\"icon\":\"fas fa-user-plus\",\"title\":\"Register on Refer2trade.com\",\"details\":\"Sign up for an account on the website. Fill in the required information and create your account.\"},{\"icon\":\"fas fa-user-check\",\"title\":\"Verify Your Account\",\"details\":\"Once you have registered, you will need to verify your account. Follow the instructions provided to complete the verification process. This may involve providing additional documents or information to ensure the security and legitimacy of your account.\"},{\"icon\":\"fas fa-exchange-alt\",\"title\":\"Make Unlimited Transactions\",\"details\":\"After your account has been verified, you can start making unlimited transactions and earn a continuous commission on your referrals, Whether you want to buy or sell cryptocurrencies, trade gift cards, or pay utility billsand shop. Refer2trade Wallet provides a platform for all your financial needs.\"}]', 1, NULL, '2024-02-16 19:03:26'),
(5, 'Counter', 'counter', '{\"title\":\"Our Statistics\",\"heading\":\"We are here since 2016\",\"sub_heading\":\"edit\",\"button_name\":\"Get Started\",\"button_url\":\"\\/user\\/register\"}', '[{\"icon\":\"fas fa-users\",\"title\":\"Happy Clients\",\"counter\":\"890M\"},{\"icon\":\"fas fa-exchange-alt\",\"title\":\"Total Transactions\",\"counter\":\"96M\"},{\"icon\":\"fas fa-dollar-sign\",\"title\":\"Total Deposit\",\"counter\":\"$890M\"},{\"icon\":\"fas fa-money-check-alt\",\"title\":\"Total Withdraw\",\"counter\":\"$456M\"}]', 0, NULL, '2024-02-05 16:19:08'),
(6, 'Feature\r\n', 'feature', '{\"title\":\"Your Benefits\",\"heading\":\"Take The Stress Out Of Managing Your Wallet\",\"sub_heading\":\"edit\"}', '[{\"image_size\":\"128x128\",\"title\":\"Global Coverage\",\"details\":\"At Refer2Trade, we believe in breaking down barriers and providing access to digital assets for everyone, everywhere. Regardless of your location in the world, you can always access our platform 24\\/7 and enjoy the benefits of shopping or paying utility bills with ease. Whether you\\u2019re home, at work, or on the move, you can always trade from any device with an internet connection. Get to expand your reach by trading with people from diverse regions and locations.\",\"image\":\"11228532431644465552.png\"},{\"image_size\":\"128x128\",\"title\":\"Lowest Fee\",\"details\":\"Choosing Refer2Trade for your cryptocurrency and gift card transactions means making a conscious decision to save. Our low transfer fees add up to significant savings over time, allowing you to retain more of your hard-earned money\",\"image\":\"9520810491646279362.png\"},{\"image_size\":\"128x128\",\"title\":\"Simple Transfer Methods\",\"details\":\"No matter your experience level, we offer various simple and secure methods to transfer your assets without any hassle. With a few clicks, you can execute transactions of various kinds. We know how navigating complex interfaces can be frustrating. This is why our platform is user-friendly saving you the time and energy you would have invested in completing your transactions. Refer2Trade focuses on promoting a smooth experience by offering multiple payment options to accommodate your preferences. You can choose to perform bank transfers or use credit cards.\",\"image\":\"4080473251644466179.png\"},{\"image_size\":\"128x128\",\"title\":\"Instant Processing\",\"details\":\"edit\",\"image\":\"4808291231644466203.png\"},{\"image_size\":\"128x128\",\"title\":\"Bank-level Security\",\"details\":\"edit\",\"image\":\"18431945771644466228.png\"},{\"image_size\":\"128x128\",\"title\":\"Global 24\\/7 Support\",\"details\":\"edit\",\"image\":\"13995404631644466245.png\"},{\"image_size\":\"128x128\",\"title\":\"Shop Online\",\"details\":\"Besides buying and selling cryptocurrency, exchanging gift cards and making bill payments, you can shop for items like phones, clothes, shoes, accessories or any item you can find on amazon. Plus, you can shop for properties like land and houses too.\"}]', 0, NULL, '2024-02-18 14:16:30'),
(7, 'FAQs\r\n', 'faq', '{\"title\":\"FAQs\",\"heading\":\"Frequently Asked Questions\",\"sub_heading\":\"\\u2026\"}', '[{\"question\":\"What cryptocurrencies do Refer2Trade support for buying and selling?\",\"answer\":\"We support various cryptocurrencies, including Bitcoin (BTC, USDt , Ethereum (ETH), and many more. Check our platform for the full list of supported cryptocurrencies.\"},{\"question\":\"What payment methods are accepted on Refer2Trade?\",\"answer\":\"We accept various payment methods, including bank transfers, credit\\/debit cards, crypto deposit and alternative international payment options such as VISA ,MASTERCARD and SEPA. You can choose the payment method that works best for you when completing your transactions.\"},{\"question\":\"Is my personal information secure on Refer2Trade?\",\"answer\":\"Yes, we take the security of your personal information seriously. Our platform utilizes advanced encryption technology and stringent security protocols to ensure that your data is protected at all times. Additionally, we adhere to strict privacy policies to protect your information\"},{\"question\":\"How do I participate in the referral program?\",\"answer\":\"Sign up for an account on Refer2Trade to receive your unique referral link. Share this link  or referral code with your network, and earn rewards for every successful referral.\"},{\"question\":\"Is there a limit to how many referrals I can make?\",\"answer\":\"There is no limit to the number of referrals you can make on Refer2Trade. The more people you refer, the more opportunities you have to earn rewards through the referral program.\"},{\"question\":\"What if I encounter a problem with my transaction?\",\"answer\":\"If you have any issues with your transaction, such as delays or errors, please contact our customer support team for assistance. We\'re available 24\\/7 to help resolve any problems while facilitating a smooth trading experience.\"}]', 1, NULL, '2024-02-18 14:14:02'),
(8, 'Testimonial', 'testimonial', '{\"title\":\"Testimonials\",\"heading\":\"What Clients Say About Us\",\"sub_heading\":\"edit\"}', '{\"1\":{\"image\":\"17081516131644467428.png\",\"image_size\":\"120x120\",\"name\":\"John Doe\",\"quote\":\"Incidunt maxime necessitatibus maiores voluptate, error vero velit, consequuntur ut porro  cumque beatae sed repellendus in non nulla at\"},\"2\":{\"image\":\"13860206431644467446.png\",\"image_size\":\"120x120\",\"name\":\"Stephen Rodrick\",\"quote\":\"Incidunt maxime necessitatibus maiores voluptate, error vero velit, consequuntur ut porro  cumque beatae sed repellendus in non nulla at\"},\"3\":{\"image\":\"7314344801644467467.png\",\"image_size\":\"120x120\",\"name\":\"Matt Damon\",\"quote\":\"Incidunt maxime necessitatibus maiores voluptate, error vero velit, consequuntur ut porro  cumque beatae sed repellendus in non nulla at\"}}', 0, NULL, '2024-02-16 19:23:19'),
(9, 'Blog', 'blog', '{\"title\":\"Blog Posts\",\"heading\":\"Our Latest News & Tips\",\"sub_heading\":\".\"}', NULL, 0, NULL, '2024-11-29 18:02:18'),
(10, 'Sponsors', 'sponsors', '{\"title\":\"Sponsors\",\"heading\":\"Genious Wallet Brand Sponsors\",\"sub_heading\":\"Deserunt hic consequatur ex placeat! atque repellendus inventore quisquam, perferendis, eum reiciendis quia nesciunt fuga magni.\"}', '[{\"image\":\"4506843581646279391.png\",\"image_size\":\"260x200\"},{\"image\":\"4240436131646279399.png\",\"image_size\":\"260x200\"},{\"image\":\"6956855071646279421.png\",\"image_size\":\"260x200\"},{\"image\":\"3515199711644469859.png\",\"image_size\":\"260x200\"},{\"image\":\"18874078061644469864.png\",\"image_size\":\"260x200\"},{\"image\":\"5588095611644469870.png\",\"image_size\":\"260x200\"},{\"image\":\"8676066221646279428.png\",\"image_size\":\"260x200\"},{\"image\":\"13654331771646279436.png\",\"image_size\":\"260x200\"},{\"image\":\"2093287281644469889.png\",\"image_size\":\"260x200\"}]', 0, NULL, '2024-01-11 12:38:26'),
(11, 'Social Links', 'social', NULL, '[{\"icon\":\"fab fa-facebook-f\",\"url\":\"https:\\/\\/facebook.com\"},{\"icon\":\"fab fa-twitter\",\"url\":\"https:\\/\\/x.com\\/refer2trade?s=21&t=aCCu8G_N3x-sd3QBj824yQ\"},{\"icon\":\"fab fa-instagram\",\"url\":\"https:\\/\\/www.instagram.com\\/refer2trade?igsh=NnZmYmxhdjBxcjhw\"},{\"icon\":\"fab fa-linkedin-in\",\"url\":\"https:\\/\\/linkedin.com\"},{\"icon\":\"fab fa-youtube\",\"url\":\"https:\\/\\/youtube.com\"}]', 1, NULL, '2024-11-29 16:44:35'),
(12, 'Policies And Terms', 'policies', NULL, '[{\"lang\":\"en\",\"title\":\"Privacy\",\"description\":\"<p><br><\\/p>\\n\\n<p><b>Site Policy for refer2trade.com<\\/b><\\/p>\\n\\n<p><\\/p>\\n\\n<p><br><\\/p>\\n\\n<p>At refer2trade.com, we are committed to protecting the\\nprivacy and personal information of our users. This Site Policy outlines how we\\ncollect, use, and safeguard the personal details, bank account information, and\\nidentity card information of our users. Please read this policy carefully to\\nunderstand how we handle your information.<\\/p>\\n\\n<p><\\/p>\\n\\n<p><br><\\/p>\\n\\n<p><b><span style=\\\"font-family:Arial, sans-serif;\\\">Collection\\nof Personal Information:<br>\\n<\\/span><\\/b><span style=\\\"font-family:Arial, sans-serif;\\\">We collect personal\\ninformation from our users when they register an account, use our wallet\\nservices, engage in e-commerce activities, or participate in gift card and\\ncrypto trading. The personal information we collect may include, but is not\\nlimited to:<\\/span><\\/p>\\n\\n<p><\\/p>\\n\\n<p><br><\\/p>\\n\\n<p><span style=\\\"font-family:Symbol;\\\"><span>\\u00b7<span style=\\\"font:7pt \'Times New Roman\';\\\">\\u00a0\\u00a0\\u00a0\\u00a0\\u00a0\\n<\\/span><\\/span><\\/span><span style=\\\"font-family:Arial, sans-serif;\\\">Full\\nname<\\/span><\\/p>\\n\\n<p><\\/p>\\n\\n<p><br><\\/p>\\n\\n<p><span style=\\\"font-family:Symbol;\\\"><span>\\u00b7<span style=\\\"font:7pt \'Times New Roman\';\\\">\\u00a0\\u00a0\\u00a0\\u00a0\\u00a0\\n<\\/span><\\/span><\\/span><span style=\\\"font-family:Arial, sans-serif;\\\">Contact\\ninformation (phone number, email address)<\\/span><\\/p>\\n\\n<p><\\/p>\\n\\n<p><br><\\/p>\\n\\n<p><span style=\\\"font-family:Symbol;\\\"><span>\\u00b7<span style=\\\"font:7pt \'Times New Roman\';\\\">\\u00a0\\u00a0\\u00a0\\u00a0\\u00a0\\n<\\/span><\\/span><\\/span><span style=\\\"font-family:Arial, sans-serif;\\\">Residential\\naddress<\\/span><\\/p>\\n\\n<p><\\/p>\\n\\n<p><br><\\/p>\\n\\n<p><span style=\\\"font-family:Symbol;\\\"><span>\\u00b7<span style=\\\"font:7pt \'Times New Roman\';\\\">\\u00a0\\u00a0\\u00a0\\u00a0\\u00a0\\n<\\/span><\\/span><\\/span><span style=\\\"font-family:Arial, sans-serif;\\\">Bank\\naccount details<\\/span><\\/p>\\n\\n<p><\\/p>\\n\\n<p><br><\\/p>\\n\\n<p><\\/p>\\n\\n<p><br><\\/p>\\n\\n<p><span style=\\\"font-family:Symbol;\\\"><span>\\u00b7<span style=\\\"font:7pt \'Times New Roman\';\\\">\\u00a0\\u00a0\\u00a0\\u00a0\\u00a0\\n<\\/span><\\/span><\\/span><span style=\\\"font-family:Arial, sans-serif;\\\">Identity\\ncard information (such as passport or driver\'s license)<\\/span><\\/p>\\n\\n<p><\\/p>\\n\\n<p><br><\\/p>\\n\\n<p><b><span style=\\\"font-family:Arial, sans-serif;\\\">Use\\nof Personal Information:<br>\\n<\\/span><\\/b><span style=\\\"font-family:Arial, sans-serif;\\\">We use the collected\\npersonal information for the following purposes:<\\/span><\\/p>\\n\\n<p><\\/p>\\n\\n<p><br><\\/p>\\n\\n<p><span style=\\\"font-family:Symbol;\\\"><span>\\u00b7<span style=\\\"font:7pt \'Times New Roman\';\\\">\\u00a0\\u00a0\\u00a0\\u00a0\\u00a0\\n<\\/span><\\/span><\\/span><span style=\\\"font-family:Arial, sans-serif;\\\">To\\nprovide and improve our e-commerce, wallet, and bill payment services<\\/span><\\/p>\\n\\n<p><\\/p>\\n\\n<p><br><\\/p>\\n\\n<p><span style=\\\"font-family:Symbol;\\\"><span>\\u00b7<span style=\\\"font:7pt \'Times New Roman\';\\\">\\u00a0\\u00a0\\u00a0\\u00a0\\u00a0\\n<\\/span><\\/span><\\/span><span style=\\\"font-family:Arial, sans-serif;\\\">To\\nfacilitate gift card and crypto trading activities<\\/span><\\/p>\\n\\n<p><\\/p>\\n\\n<p><br><\\/p>\\n\\n<p><span style=\\\"font-family:Symbol;\\\"><span>\\u00b7<span style=\\\"font:7pt \'Times New Roman\';\\\">\\u00a0\\u00a0\\u00a0\\u00a0\\u00a0\\n<\\/span><\\/span><\\/span><span style=\\\"font-family:Arial, sans-serif;\\\">To\\nverify user identities and prevent fraud<\\/span><\\/p>\\n\\n<p><\\/p>\\n\\n<p><br><\\/p>\\n\\n<p><span style=\\\"font-family:Symbol;\\\"><span>\\u00b7<span style=\\\"font:7pt \'Times New Roman\';\\\">\\u00a0\\u00a0\\u00a0\\u00a0\\u00a0\\n<\\/span><\\/span><\\/span><span style=\\\"font-family:Arial, sans-serif;\\\">To\\nprocess transactions and payments<\\/span><\\/p>\\n\\n<p><\\/p>\\n\\n<p><br><\\/p>\\n\\n<p><span style=\\\"font-family:Symbol;\\\"><span>\\u00b7<span style=\\\"font:7pt \'Times New Roman\';\\\">\\u00a0\\u00a0\\u00a0\\u00a0\\u00a0\\n<\\/span><\\/span><\\/span><span style=\\\"font-family:Arial, sans-serif;\\\">To\\ncommunicate with users regarding their accounts, transactions, and customer\\nsupport inquiries<\\/span><\\/p>\\n\\n<p><\\/p>\\n\\n<p><br><\\/p>\\n\\n<p><span style=\\\"font-family:Symbol;\\\"><span>\\u00b7<span style=\\\"font:7pt \'Times New Roman\';\\\">\\u00a0\\u00a0\\u00a0\\u00a0\\u00a0\\n<\\/span><\\/span><\\/span><span style=\\\"font-family:Arial, sans-serif;\\\">To\\ncomply with legal and regulatory requirements<\\/span><\\/p>\\n\\n<p><\\/p>\\n\\n<p><br><\\/p>\\n\\n<p><b><span style=\\\"font-family:Arial, sans-serif;\\\">Protection\\nof Personal Information:<\\/span><\\/b><span style=\\\"font-family:Arial, sans-serif;\\\"><br>\\nWe implement appropriate security measures to protect the personal information\\nwe collect and store. These measures include encryption, access controls, and\\nregular system updates. However, please note that no method of transmission\\nover the internet or electronic storage is 100% secure, and we cannot guarantee\\nabsolute security.<\\/span><\\/p>\\n\\n<p><\\/p>\\n\\n<p><br><\\/p>\\n\\n<p><\\/p>\\n\\n<p><br><\\/p>\\n\\n<p><br><\\/p>\\n\\n<p><\\/p>\\n\\n<p><br><\\/p>\\n\\n<p><\\/p>\\n\\n<p><br><\\/p>\\n\\n<p><br><\\/p>\\n\\n<p><\\/p>\\n\\n<p><br><\\/p>\\n\\n<p><b><span style=\\\"font-family:Arial, sans-serif;\\\">Sharing\\nof Personal Information:<br>\\n<\\/span><\\/b><span style=\\\"font-family:Arial, sans-serif;\\\">We may share personal\\ninformation with trusted third parties in the following circumstances:<\\/span><\\/p>\\n\\n<p><\\/p>\\n\\n<p><br><\\/p>\\n\\n<p><\\/p>\\n\\n<p><br><\\/p>\\n\\n<p><br><\\/p>\\n\\n<p><\\/p>\\n\\n<p><br><\\/p>\\n\\n<p><span style=\\\"font-family:Arial, sans-serif;\\\">With\\nservice providers and business partners who assist us in delivering our\\nservices (e.g., payment processors, identity verification services)<\\/span><\\/p>\\n\\n<p><\\/p>\\n\\n<p><br><\\/p>\\n\\n<p><\\/p>\\n\\n<p><br><\\/p>\\n\\n<p><br><\\/p>\\n\\n<p><\\/p>\\n\\n<p><br><\\/p>\\n\\n<p><span style=\\\"font-family:Arial, sans-serif;\\\">With\\nlaw enforcement agencies, government authorities, or other third parties when\\nrequired by law or to protect our legal rights<\\/span><\\/p>\\n\\n<p><\\/p>\\n\\n<p><br><\\/p>\\n\\n<p><\\/p>\\n\\n<p><br><\\/p>\\n\\n<p><br><\\/p>\\n\\n<p><\\/p>\\n\\n<p><br><\\/p>\\n\\n<p><span style=\\\"font-family:Arial, sans-serif;\\\">We\\ndo not sell, rent, or trade personal information to third parties for marketing\\npurposes.<\\/span><\\/p>\\n\\n<p><\\/p>\\n\\n<p><br><\\/p>\\n\\n<p><\\/p>\\n\\n<p><br><\\/p>\\n\\n<p><br><\\/p>\\n\\n<p><\\/p>\\n\\n<p><br><\\/p>\\n\\n<p><\\/p>\\n\\n<p><br><\\/p>\\n\\n<p><br><\\/p>\\n\\n<p><\\/p>\\n\\n<p><br><\\/p>\\n\\n<p><b><span style=\\\"font-family:Arial, sans-serif;\\\">Third-Party\\nWebsites:<\\/span><\\/b><span style=\\\"font-family:Arial, sans-serif;\\\"><br>\\nOur website may contain links to third-party websites. We are not responsible\\nfor the privacy practices or content of those websites. We encourage users to\\nreview the privacy policies of those third-party websites before providing any\\npersonal information.<\\/span><\\/p>\\n\\n<p><\\/p>\\n\\n<p><br><\\/p>\\n\\n<p><\\/p>\\n\\n<p><br><\\/p>\\n\\n<p><br><\\/p>\\n\\n<p><\\/p>\\n\\n<p><br><\\/p>\\n\\n<p><span style=\\\"font-family:Arial, sans-serif;\\\">Cookie\\nPolicy:<br>\\nWe use cookies and similar technologies to enhance user experience, analyze\\nusage patterns, and personalize content. By using our website, you consent to\\nthe use of cookies as described in our separate Cookie Policy.<\\/span><\\/p>\\n\\n<p><\\/p>\\n\\n<p><br><\\/p>\\n\\n<p><\\/p>\\n\\n<p><br><\\/p>\\n\\n<p><br><\\/p>\\n\\n<p><\\/p>\\n\\n<p><br><\\/p>\\n\\n<p><b><span style=\\\"font-family:Arial, sans-serif;\\\">Consent\\nand Opt-Out:<br>\\n<\\/span><\\/b><span style=\\\"font-family:Arial, sans-serif;\\\">By using\\nrefer2trade.com and providing your personal information, you consent to the\\ncollection, use, and disclosure of your information as described in this Site\\nPolicy. If you wish to withdraw your consent or opt-out from receiving\\nmarketing communications, please contact us using the provided contact\\ninformation below.<\\/span><\\/p>\\n\\n<p><\\/p>\\n\\n<p><br><\\/p>\\n\\n<p><\\/p>\\n\\n<p><br><\\/p>\\n\\n<p><br><\\/p>\\n\\n<p><\\/p>\\n\\n<p><br><\\/p>\\n\\n<p><\\/p>\\n\\n<p><br><\\/p>\\n\\n<p><br><\\/p>\\n\\n<p><\\/p>\\n\\n<p><br><\\/p>\\n\\n<p><b><span style=\\\"font-family:Arial, sans-serif;\\\">Updates\\nto the Site Policy:<br>\\n<\\/span><\\/b><span style=\\\"font-family:Arial, sans-serif;\\\">We may update this Site\\nPolicy from time to time to reflect changes in our practices or legal\\nrequirements. We encourage users to review this policy periodically. The\\nrevised policy will be effective upon posting on our website.<\\/span><\\/p>\\n\\n<p><\\/p>\\n\\n<p><br><\\/p>\\n\\n<p><\\/p>\\n\\n<p><br><\\/p>\\n\\n<p><br><\\/p>\\n\\n<p><\\/p>\\n\\n<p><br><\\/p>\\n\\n<p><b><span style=\\\"font-family:Arial, sans-serif;\\\">Contact\\nUs:<\\/span><\\/b><span style=\\\"font-family:Arial, sans-serif;\\\"><br>\\nIf you have any questions, concerns, or requests regarding this Site Policy or\\nthe handling of your personal information, please contact us using the\\nfollowing information:<\\/span><\\/p>\\n\\n<p><\\/p>\\n\\n<p><br><\\/p>\\n\\n<p><\\/p>\\n\\n<p><br><\\/p>\\n\\n<p><br><\\/p>\\n\\n<p><\\/p>\\n\\n<p><br><\\/p>\\n\\n<p><span style=\\\"font-family:Arial, sans-serif;\\\">Email:\\ninfo@refer2trade.com <\\/span><\\/p>\\n\\n<p><\\/p>\\n\\n<p><br><\\/p>\\n\\n<p><\\/p>\\n\\n<p><br><\\/p>\\n\\n<p><br><\\/p>\\n\\n<p><\\/p>\\n\\n<p><br><\\/p>\\n\\n<p><span style=\\\"font-family:Arial, sans-serif;\\\">Phone:\\n+2347069625454<\\/span><\\/p>\\n\\n<p><\\/p>\\n\\n<p><br><\\/p>\\n\\n<p><\\/p>\\n\\n<p><br><\\/p>\\n\\n<p><br><\\/p>\\n\\n<p><\\/p>\\n\\n<p><br><\\/p>\\n\\n<p><span style=\\\"font-family:Arial, sans-serif;\\\">By\\nusing refer2trade.com, you acknowledge that you have read and understood this\\nSite Policy and agree to its terms and conditions.<\\/span><\\/p>\"},{\"lang\":\"en\",\"title\":\"Terms and Condition\",\"description\":\"<p><br><\\/p>\\n\\n<p><\\/p>\\n\\n<p>Site Policy for refer2trade.com<br>At refer2trade.com, we are committed to protecting the privacy and personal infor nation of our users. This Site Policy outlines how we collect, use, and safeguard the personal details, bank account information, and identity card information of our users. Please read this policy carefully to understand how we handle your information.<br>1. Collection of Personal Information:<br>We collect personal information from our users when they register an account, use our wallet services, engage in e-commerce activities, or participate in gift card and crypto trading. The personal information we collect may include, but is not limited to: Full name<br>Contact information (phone number, email address)<br>Residential address<br>Bank account details<br>Identity card information (such as passport or driver\'s license)<br>2. Use of Personal Information:<br>We use the collected personal information for the following purposes:<br>To provide and improve our e-commerce, wallet, and bill payment services<br>To facilitate gift card and crypto trading activities<br>To verify user identities and prevent fraud<br>To process transactions and payments<br>\\u2022 To communicate with users regarding their accounts, transactions, and customer support inquiries<br>To comply with legal and regulatory requirements<br>3. Protection of Personal Information:<br>We implement appropriate security measures to protect the personal information we collect and store. These measures include encryption, access controls, and regular system updates. However, please note that no method of transmission over the internet or electronic storage is 100% secure, and we cannot guarantee absolute security.<br>4. Sharing of Personal Information:<br>We may share personal information with trusted third parties in the following circumstances:<\\/p>\\n\\n<p><span>With service providers and business partners who assist us in delivering our services (e.g., payment processors, identity verification services)<\\/span><\\/p>\\n\\n<p>\\u2022With law enforcement agencies, government authorities, or other third parties when required by law or to protect our legal rights<\\/p>\\n\\n<p>We do not sell, rent, or trade personal information to third parties for marketing purposes.<\\/p>\\n\\n<p>5.Third-Party Websites:<\\/p>\\n\\n<p>Our website may contain links to third-party websites. We are not responsible for the privacy practices or content of those websites. We encourage users to review the privacy policies of those third-party websites before providing any personal information.<\\/p>\\n\\n<p>6.Cookie Policy:<\\/p>\\n\\n<p>We use cookies and similar technologies to enhance user experience, analyze usage patterns, and personalize content. By using our website, you consent to the use of cookies as described in our separate Cookie Policy.<\\/p>\\n\\n<p>7.Consent and Opt-Out:<\\/p>\\n\\n<p>By using refer2trade.com and providing your personal information, you consent to the collection, use, and disclosure of your information as described in this Site Policy. If you wish to withdraw your consent or opt-out from receiving marketing communications, please contact us using the provided contact information below.<\\/p>\\n\\n<p>8.Updates to the Site Policy:<\\/p>\\n\\n<p>We may update this Site Policy from time to time to reflect changes in our practices or legal requirements. We encourage users to review this policy periodically. The revised policy will be effective upon posting on our website.<\\/p>\\n\\n<p>9.Contact Us:<\\/p>\\n\\n<p>If you have any questions, concerns, or requests regarding this Site Policy or the handling of your personal information, please contact us using the following information:<\\/p>\\n\\n<p>\\u2022Email: info@refer2trade.com\\u00a0<\\/p>\\n\\n<p>\\u2022Phone: +2347069625454<\\/p>\\n\\n<p>By using refer2trade.com, you acknowledge that you have read and understood this Site Policy and agree to its terms and conditions.<\\/p>\"}]', 1, NULL, '2024-11-29 18:52:44'),
(13, 'Contact Us', 'contact', '{\"title\":\"Contact Us\",\"heading\":\"Get In Touch\",\"sub_heading\":\"WhatsApp or Call\",\"phone\":\"+2347069625454\",\"email\":\"info@refer2trade.com\",\"address\":\"lekki lagos Nigeria\"}', NULL, 1, NULL, '2025-02-19 09:55:30');

-- --------------------------------------------------------

--
-- Table structure for table `site_contentsbk`
--

CREATE TABLE `site_contentsbk` (
  `id` bigint(20) UNSIGNED NOT NULL,
  `name` varchar(255) NOT NULL,
  `slug` varchar(255) NOT NULL,
  `content` text DEFAULT NULL,
  `sub_content` longtext DEFAULT NULL,
  `status` tinyint(4) NOT NULL DEFAULT 1,
  `created_at` timestamp NULL DEFAULT NULL,
  `updated_at` timestamp NULL DEFAULT NULL
) ENGINE=InnoDB DEFAULT CHARSET=utf8mb4 COLLATE=utf8mb4_unicode_ci;

--
-- Dumping data for table `site_contentsbk`
--

INSERT INTO `site_contentsbk` (`id`, `name`, `slug`, `content`, `sub_content`, `status`, `created_at`, `updated_at`) VALUES
(1, 'banner', 'banner', '{\"title\":\"Simple. Quick. Secure.\",\"heading\":\"Buy & Sell Gift Card, Enjoy Fast and secured transactions\",\"sub_heading\":\"Enjoy good rates and move your money easily to meet your everyday needs.\",\"button_1_name\":\"Get Started\",\"button_1_url\":\"\\/user\\/register\",\"button_2_name\":\"Contact Us\",\"button_2_url\":\"\\/contact\",\"image_size\":\"1320x880\",\"image\":\"7430732421644388266.jpg\"}', NULL, 1, NULL, '2024-01-11 12:27:02'),
(2, 'about\r\n', 'about', '{\"title\":\"We Are Secure\",\"heading\":\"We are Secure and Stable Platform\",\"short_details\":\"Porro illum impedit nemo hic, similique at, qui ducimus praesentium ullam voluptatem culpa temporibus eveniet, esse accusamus? Deserunt hic consequatur ex placeat! atque repellendus inventore quisquam, perferendis, eum reiciendis quia nesciunt fuga magni esse quibusdam numquam.\",\"feature_1_icon\":\"fas fa-shipping-fast\",\"feature_1_title\":\"Faster And Cheaper\",\"feature_1_details\":\"Deserunt hic consequatur ex placeat! atque repellendus inventore quisquam\",\"feature_2_icon\":\"fas fa-user-shield\",\"feature_2_title\":\"Trusted & Secure\",\"feature_2_details\":\"Deserunt hic consequatur ex placeat! atque repellendus inventore quisquam\",\"image_size\":\"700x570\",\"image\":\"12626417021644473699.png\"}', NULL, 1, NULL, '2022-02-17 01:54:20'),
(3, 'service\r\n', 'service', '{\"title\":\"Services\",\"heading\":\"What We Serve to You\",\"sub_heading\":\"Deserunt hic consequatur ex placeat! atque repellendus inventore quisquam, perferendis, eum reiciendis quia nesciunt fuga magni.\"}', '[{\"icon\":\"far fa-money-bill-alt\",\"title\":\"GIFT CARD TRADE\",\"details\":\"We buy\\/sell any giftcard with good rate and instant payment\"},{\"icon\":\"fas fa-download\",\"title\":\"BILL PAYMENT\",\"details\":\"You can use your giftcard or crypto to pay your bill, CABLE TV, GOTV, DSTV, TSTV, Electricity bill payment etc\"},{\"icon\":\"fas fa-upload\",\"title\":\"AIRTIME\\/DATA PURCHASES\",\"details\":\"You can buy airitime, data\"},{\"icon\":\"far fa-check-circle\",\"title\":\"SHOPPING WITH BTC\\/GIFTCARD\",\"details\":\"We have exclusive product like houses, car, land etc that you can shop with any of your chosen payment method like crypto, giftcard\"},{\"icon\":\"fas fa-qrcode\",\"title\":\"SELL\\/BUY CRYPTO CURRENCY\",\"details\":\"We buy and sell any crypto currency with install reflection in your wallet\"}]', 1, NULL, '2024-01-11 12:37:21'),
(4, 'how to\n', 'how', '{\"title\":\"How To Start\",\"heading\":\"We have some easy steps!\",\"sub_heading\":\"Deserunt hic consequatur ex placeat! atque repellendus inventore quisquam, perferendis, eum reiciendis quia nesciunt fuga magni.\",\"image\":\"8838201231644403288.png\",\"image_size\":\"720x700\"}', '[{\"icon\":\"fas fa-user-plus\",\"title\":\"Register to Genious Wallet\",\"details\":\"Repellendus consequuntur vel nam numquam labore reiciendis rem neque eveniet, dicta molestias.\"},{\"icon\":\"fas fa-user-check\",\"title\":\"Verify Your Account\",\"details\":\"Repellendus consequuntur vel nam numquam labore reiciendis rem neque eveniet, dicta molestias.\"},{\"icon\":\"fas fa-exchange-alt\",\"title\":\"Make Unlimited Transactions\",\"details\":\"Repellendus consequuntur vel nam numquam labore reiciendis rem neque eveniet, dicta molestias.\"}]', 1, NULL, '2022-02-16 03:27:47'),
(5, 'Counter', 'counter', '{\"title\":\"Our Statistics\",\"heading\":\"We are here since 1998\",\"sub_heading\":\"Porro illum impedit nemo hic, similique at, qui ducimus praesentium ullam voluptatem culpa temporibus eveniet, esse accusamus? Deserunt hic consequatur ex placeat! atque repellendus inventore quisquam, perferendis, eum reiciendis\",\"button_name\":\"Get Started\",\"button_url\":\"\\/user\\/register\"}', '[{\"icon\":\"fas fa-users\",\"title\":\"Happy Clients\",\"counter\":\"890M\"},{\"icon\":\"fas fa-exchange-alt\",\"title\":\"Total Transactions\",\"counter\":\"96M\"},{\"icon\":\"fas fa-dollar-sign\",\"title\":\"Total Deposit\",\"counter\":\"$890M\"},{\"icon\":\"fas fa-money-check-alt\",\"title\":\"Total Withdraw\",\"counter\":\"$456M\"}]', 0, NULL, '2024-01-11 12:30:58'),
(6, 'Feature\r\n', 'feature', '{\"title\":\"Your Benefits\",\"heading\":\"Take The Stress Out Of Managing Your Wallet\",\"sub_heading\":\"Deserunt hic consequatur ex placeat! atque repellendus inventore quisquam, perferendis, eum reiciendis quia nesciunt fuga magni.\"}', '[{\"image_size\":\"128x128\",\"title\":\"Global Coverage\",\"details\":\"Minus quasi quis nesciunt, porro sunt soluta laborum dolore voluptas natus ratione iste vel, rem neque earum, repellendus voluptate! Quam, soluta.\",\"image\":\"11228532431644465552.png\"},{\"image\":\"9520810491646279362.png\",\"image_size\":\"128x128\",\"title\":\"Lowest Fee\",\"details\":\"Minus quasi quis nesciunt, porro sunt soluta laborum dolore voluptas natus ratione iste vel, rem neque earum, repellendus voluptate! Quam, soluta.\"},{\"image\":\"4080473251644466179.png\",\"image_size\":\"128x128\",\"title\":\"Simple Transfer Methods\",\"details\":\"Minus quasi quis nesciunt, porro sunt soluta laborum dolore voluptas natus ratione iste vel, rem neque earum, repellendus voluptate! Quam, soluta.\"},{\"image\":\"4808291231644466203.png\",\"image_size\":\"128x128\",\"title\":\"Instant Processing\",\"details\":\"Minus quasi quis nesciunt, porro sunt soluta laborum dolore voluptas natus ratione iste vel, rem neque earum, repellendus voluptate! Quam, soluta.\"},{\"image\":\"18431945771644466228.png\",\"image_size\":\"128x128\",\"title\":\"Bank-level Security\",\"details\":\"Minus quasi quis nesciunt, porro sunt soluta laborum dolore voluptas natus ratione iste vel, rem neque earum, repellendus voluptate! Quam, soluta.\"},{\"image\":\"13995404631644466245.png\",\"image_size\":\"128x128\",\"title\":\"Global 24\\/7 Support\",\"details\":\"Minus quasi quis nesciunt, porro sunt soluta laborum dolore voluptas natus ratione iste vel, rem neque earum, repellendus voluptate! Quam, soluta.\"}]', 1, NULL, '2022-03-02 21:49:22'),
(7, 'FAQs\r\n', 'faq', '{\"title\":\"FAQs\",\"heading\":\"Frequently Asked Questions\",\"sub_heading\":\"Deserunt hic consequatur ex placeat! atque repellendus inventore quisquam, perferendis, eum reiciendis quia nesciunt fuga magni.\"}', '[{\"question\":\"Deserunt hic consequatur ex placeat?\",\"answer\":\"First : Aut, expedita optio? Quis ab laudantium, facilis similique est alias, possimus expedita dolorum fugit mollitia, optio quo?\\r\\n\\r\\nSecond : Facilis similique est alias, possimus expedita dolorum fugit mollitia, optio quo? Dignissimos beatae officia repellat maiores!\"},{\"question\":\"Deserunt hic consequatur ex placeat?\",\"answer\":\"First : Aut, expedita optio? Quis ab laudantium, facilis similique est alias, possimus expedita dolorum fugit mollitia, optio quo?\\r\\n\\r\\nSecond : Facilis similique est alias, possimus expedita dolorum fugit mollitia, optio quo? Dignissimos beatae officia repellat maiores!\"},{\"question\":\"Deserunt hic consequatur ex placeat?\",\"answer\":\"First : Aut, expedita optio? Quis ab laudantium, facilis similique est alias, possimus expedita dolorum fugit mollitia, optio quo?\\r\\n\\r\\nSecond : Facilis similique est alias, possimus expedita dolorum fugit mollitia, optio quo? Dignissimos beatae officia repellat maiores!\"},{\"question\":\"Deserunt hic consequatur ex placeat?\",\"answer\":\"First : Aut, expedita optio? Quis ab laudantium, facilis similique est alias, possimus expedita dolorum fugit mollitia, optio quo?\\r\\n\\r\\nSecond : Facilis similique est alias, possimus expedita dolorum fugit mollitia, optio quo? Dignissimos beatae officia repellat maiores!\"},{\"question\":\"Deserunt hic consequatur ex placeat?\",\"answer\":\"First : Aut, expedita optio? Quis ab laudantium, facilis similique est alias, possimus expedita dolorum fugit mollitia, optio quo?\\r\\n\\r\\nSecond : Facilis similique est alias, possimus expedita dolorum fugit mollitia, optio quo? Dignissimos beatae officia repellat maiores!\"},{\"question\":\"Deserunt hic consequatur ex placeat?\",\"answer\":\"First : Aut, expedita optio? Quis ab laudantium, facilis similique est alias, possimus expedita dolorum fugit mollitia, optio quo?\\r\\n\\r\\nSecond : Facilis similique est alias, possimus expedita dolorum fugit mollitia, optio quo? Dignissimos beatae officia repellat maiores!\"},{\"question\":\"Deserunt hic consequatur ex placeat?\",\"answer\":\"First : Aut, expedita optio? Quis ab laudantium, facilis similique est alias, possimus expedita dolorum fugit mollitia, optio quo?\\r\\n\\r\\nSecond : Facilis similique est alias, possimus expedita dolorum fugit mollitia, optio quo? Dignissimos beatae officia repellat maiores!\"},{\"question\":\"Deserunt hic consequatur ex placeat?\",\"answer\":\"First : Aut, expedita optio? Quis ab laudantium, facilis similique est alias, possimus expedita dolorum fugit mollitia, optio quo?\\r\\n\\r\\nSecond : Facilis similique est alias, possimus expedita dolorum fugit mollitia, optio quo? Dignissimos beatae officia repellat maiores!\"},{\"question\":\"Deserunt hic consequatur ex placeat?\",\"answer\":\"First : Aut, expedita optio? Quis ab laudantium, facilis similique est alias, possimus expedita dolorum fugit mollitia, optio quo?\\r\\n\\r\\nSecond : Facilis similique est alias, possimus expedita dolorum fugit mollitia, optio quo? Dignissimos beatae officia repellat maiores!\"},{\"question\":\"Deserunt hic consequatur ex placeat?\",\"answer\":\"First : Aut, expedita optio? Quis ab laudantium, facilis similique est alias, possimus expedita dolorum fugit mollitia, optio quo?\\r\\n\\r\\nSecond : Facilis similique est alias, possimus expedita dolorum fugit mollitia, optio quo? Dignissimos beatae officia repellat maiores!\"}]', 1, NULL, '2022-02-09 22:20:01'),
(8, 'Testimonial', 'testimonial', '{\"title\":\"Testimonials\",\"heading\":\"What Clients Say About Us\",\"sub_heading\":\"Deserunt hic consequatur ex placeat! atque repellendus inventore quisquam, perferendis, eum reiciendis quia nesciunt fuga magni.\"}', '[{\"image\":\"17542701511644467352.png\",\"image_size\":\"120x120\",\"name\":\"Peter Parker\",\"quote\":\"Incidunt maxime necessitatibus maiores voluptate, error vero velit, consequuntur ut porro  cumque beatae sed repellendus in non nulla at\"},{\"image\":\"17081516131644467428.png\",\"image_size\":\"120x120\",\"name\":\"John Doe\",\"quote\":\"Incidunt maxime necessitatibus maiores voluptate, error vero velit, consequuntur ut porro  cumque beatae sed repellendus in non nulla at\"},{\"image\":\"13860206431644467446.png\",\"image_size\":\"120x120\",\"name\":\"Stephen Rodrick\",\"quote\":\"Incidunt maxime necessitatibus maiores voluptate, error vero velit, consequuntur ut porro  cumque beatae sed repellendus in non nulla at\"},{\"image\":\"7314344801644467467.png\",\"image_size\":\"120x120\",\"name\":\"Matt Damon\",\"quote\":\"Incidunt maxime necessitatibus maiores voluptate, error vero velit, consequuntur ut porro  cumque beatae sed repellendus in non nulla at\"}]', 1, NULL, '2022-02-17 01:54:26'),
(9, 'Blog', 'blog', '{\"title\":\"Blog Posts\",\"heading\":\"Our Latest News & Tips\",\"sub_heading\":\"Deserunt hic consequatur ex placeat! atque repellendus inventore quisquam, perferendis, eum reiciendis quia nesciunt fuga magni.\"}', NULL, 0, NULL, '2024-01-11 12:38:29'),
(10, 'Sponsors', 'sponsors', '{\"title\":\"Sponsors\",\"heading\":\"Genious Wallet Brand Sponsors\",\"sub_heading\":\"Deserunt hic consequatur ex placeat! atque repellendus inventore quisquam, perferendis, eum reiciendis quia nesciunt fuga magni.\"}', '[{\"image\":\"4506843581646279391.png\",\"image_size\":\"260x200\"},{\"image\":\"4240436131646279399.png\",\"image_size\":\"260x200\"},{\"image\":\"6956855071646279421.png\",\"image_size\":\"260x200\"},{\"image\":\"3515199711644469859.png\",\"image_size\":\"260x200\"},{\"image\":\"18874078061644469864.png\",\"image_size\":\"260x200\"},{\"image\":\"5588095611644469870.png\",\"image_size\":\"260x200\"},{\"image\":\"8676066221646279428.png\",\"image_size\":\"260x200\"},{\"image\":\"13654331771646279436.png\",\"image_size\":\"260x200\"},{\"image\":\"2093287281644469889.png\",\"image_size\":\"260x200\"}]', 0, NULL, '2024-01-11 12:38:26'),
(11, 'Social Links', 'social', NULL, '[{\"icon\":\"fab fa-facebook-f\",\"url\":\"https:\\/\\/facebook.com\"},{\"icon\":\"fab fa-twitter\",\"url\":\"https:\\/\\/twiiter.com\"},{\"icon\":\"fab fa-instagram\",\"url\":\"https:\\/\\/instagram.com\"},{\"icon\":\"fab fa-linkedin-in\",\"url\":\"https:\\/\\/linkedin.com\"},{\"icon\":\"fab fa-youtube\",\"url\":\"https:\\/\\/youtube.com\"}]', 1, NULL, '2022-02-13 02:49:01'),
(12, 'Policies And Terms', 'policies', NULL, '[{\"lang\":\"en\",\"title\":\"Privacy\",\"description\":\"<h2 style=\\\"margin-right: 0px; margin-bottom: 10px; margin-left: 0px; padding: 0px; font-weight: 400; font-family: DauphinPlain; font-size: 24px; line-height: 24px; color: rgb(0, 0, 0);\\\">What is Lorem Ipsum?<\\/h2><p style=\\\"margin-right: 0px; margin-bottom: 15px; margin-left: 0px; padding: 0px; text-align: justify; color: rgb(0, 0, 0); font-family: &quot;Open Sans&quot;, Arial, sans-serif;\\\"><strong style=\\\"margin: 0px; padding: 0px;\\\">Lorem Ipsum<\\/strong>&nbsp;is simply dummy text of the printing and typesetting industry. Lorem Ipsum has been the industry\'s standard dummy text ever since the 1500s, when an unknown printer took a galley of type and scrambled it to make a type specimen book. It has survived not only five centuries, but also the leap into electronic typesetting, remaining essentially unchanged. It was popularised in the 1960s with the release of Letraset sheets containing Lorem Ipsum passages, and more recently with desktop publishing software like Aldus PageMaker including versions of Lorem Ipsum.<\\/p><h2 style=\\\"margin-right: 0px; margin-bottom: 10px; margin-left: 0px; font-weight: 400; line-height: 24px; font-size: 24px; padding: 0px; font-family: DauphinPlain; color: rgb(0, 0, 0);\\\">What is Lorem Ipsum?<\\/h2><p style=\\\"margin-right: 0px; margin-bottom: 15px; margin-left: 0px; padding: 0px; text-align: justify; color: rgb(0, 0, 0); font-family: &quot;Open Sans&quot;, Arial, sans-serif;\\\"><span style=\\\"font-weight: bolder; margin: 0px; padding: 0px;\\\">Lorem Ipsum<\\/span>&nbsp;is simply dummy text of the printing and typesetting industry. Lorem Ipsum has been the industry\'s standard dummy text ever since the 1500s, when an unknown printer took a galley of type and scrambled it to make a type specimen book. It has survived not only five centuries, but also the leap into electronic typesetting, remaining essentially unchanged. It was popularised in the 1960s with the release of Letraset sheets containing Lorem Ipsum passages, and more recently with desktop publishing software like Aldus PageMaker including versions of Lorem Ipsum.<\\/p><h2 style=\\\"margin-right: 0px; margin-bottom: 10px; margin-left: 0px; font-weight: 400; line-height: 24px; font-size: 24px; padding: 0px; font-family: DauphinPlain; color: rgb(0, 0, 0);\\\">What is Lorem Ipsum?<\\/h2><p style=\\\"margin-right: 0px; margin-bottom: 15px; margin-left: 0px; padding: 0px; text-align: justify; color: rgb(0, 0, 0); font-family: &quot;Open Sans&quot;, Arial, sans-serif;\\\"><span style=\\\"font-weight: bolder; margin: 0px; padding: 0px;\\\">Lorem Ipsum<\\/span>&nbsp;is simply dummy text of the printing and typesetting industry. Lorem Ipsum has been the industry\'s standard dummy text ever since the 1500s, when an unknown printer took a galley of type and scrambled it to make a type specimen book. It has survived not only five centuries, but also the leap into electronic typesetting, remaining essentially unchanged. It was popularised in the 1960s with the release of Letraset sheets containing Lorem Ipsum passages, and more recently with desktop publishing software like Aldus PageMaker including versions of Lorem Ipsum.<\\/p><h2 style=\\\"margin-right: 0px; margin-bottom: 10px; margin-left: 0px; font-weight: 400; line-height: 24px; font-size: 24px; padding: 0px; font-family: DauphinPlain; color: rgb(0, 0, 0);\\\">What is Lorem Ipsum?<\\/h2><p style=\\\"margin-right: 0px; margin-bottom: 15px; margin-left: 0px; padding: 0px; text-align: justify; color: rgb(0, 0, 0); font-family: &quot;Open Sans&quot;, Arial, sans-serif;\\\"><span style=\\\"font-weight: bolder; margin: 0px; padding: 0px;\\\">Lorem Ipsum<\\/span>&nbsp;is simply dummy text of the printing and typesetting industry. Lorem Ipsum has been the industry\'s standard dummy text ever since the 1500s, when an unknown printer took a galley of type and scrambled it to make a type specimen book. It has survived not only five centuries, but also the leap into electronic typesetting, remaining essentially unchanged. It was popularised in the 1960s with the release of Letraset sheets containing Lorem Ipsum passages, and more recently with desktop publishing software like Aldus PageMaker including versions of Lorem Ipsum.<\\/p><h2 style=\\\"margin-right: 0px; margin-bottom: 10px; margin-left: 0px; font-weight: 400; line-height: 24px; font-size: 24px; padding: 0px; font-family: DauphinPlain; color: rgb(0, 0, 0);\\\">What is Lorem Ipsum?<\\/h2><p style=\\\"margin-right: 0px; margin-bottom: 15px; margin-left: 0px; padding: 0px; text-align: justify; color: rgb(0, 0, 0); font-family: &quot;Open Sans&quot;, Arial, sans-serif;\\\"><span style=\\\"font-weight: bolder; margin: 0px; padding: 0px;\\\">Lorem Ipsum<\\/span>&nbsp;is simply dummy text of the printing and typesetting industry. Lorem Ipsum has been the industry\'s standard dummy text ever since the 1500s, when an unknown printer took a galley of type and scrambled it to make a type specimen book. It has survived not only five centuries, but also the leap into electronic typesetting, remaining essentially unchanged. It was popularised in the 1960s with the release of Letraset sheets containing Lorem Ipsum passages, and more recently with desktop publishing software like Aldus PageMaker including versions of Lorem Ipsum.<\\/p><p style=\\\"margin-right: 0px; margin-bottom: 15px; margin-left: 0px; padding: 0px; text-align: justify; color: rgb(0, 0, 0); font-family: &quot;Open Sans&quot;, Arial, sans-serif;\\\"><br><\\/p>\"},{\"lang\":\"en\",\"title\":\"Terms and Condition\",\"description\":\"<p><br><\\/p><p>What is Lorem Ipsum?<\\/p>\\r\\n\\r\\n<p style=\\\"text-align:justify;color:rgb(0,0,0);font-family:\'Open Sans\', Arial, sans-serif;\\\"><span style=\\\"font-weight:bolder;\\\">Lorem Ipsum<\\/span>\\u00a0is simply dummy text of the printing and typesetting industry. Lorem Ipsum has been the industry\'s standard dummy text ever since the 1500s, when an unknown printer took a galley of type and scrambled it to make a type specimen book. It has survived not only five centuries, but also the leap into electronic typesetting, remaining essentially unchanged. It was popularised in the 1960s with the release of Letraset sheets containing Lorem Ipsum passages, and more recently with desktop publishing software like Aldus PageMaker including versions of Lorem Ipsum.<\\/p><p>What is Lorem Ipsum?<\\/p>\\r\\n\\r\\n<p style=\\\"text-align:justify;color:rgb(0,0,0);font-family:\'Open Sans\', Arial, sans-serif;\\\"><span style=\\\"font-weight:bolder;\\\">Lorem Ipsum<\\/span>\\u00a0is simply dummy text of the printing and typesetting industry. Lorem Ipsum has been the industry\'s standard dummy text ever since the 1500s, when an unknown printer took a galley of type and scrambled it to make a type specimen book. It has survived not only five centuries, but also the leap into electronic typesetting, remaining essentially unchanged. It was popularised in the 1960s with the release of Letraset sheets containing Lorem Ipsum passages, and more recently with desktop publishing software like Aldus PageMaker including versions of Lorem Ipsum.<\\/p><p>What is Lorem Ipsum?<\\/p>\\r\\n\\r\\n<p style=\\\"text-align:justify;color:rgb(0,0,0);font-family:\'Open Sans\', Arial, sans-serif;\\\"><span style=\\\"font-weight:bolder;\\\">Lorem Ipsum<\\/span>\\u00a0is simply dummy text of the printing and typesetting industry. Lorem Ipsum has been the industry\'s standard dummy text ever since the 1500s, when an unknown printer took a galley of type and scrambled it to make a type specimen book. It has survived not only five centuries, but also the leap into electronic typesetting, remaining essentially unchanged. It was popularised in the 1960s with the release of Letraset sheets containing Lorem Ipsum passages, and more recently with desktop publishing software like Aldus PageMaker including versions of Lorem Ipsum.<\\/p><p>What is Lorem Ipsum?<\\/p>\\r\\n\\r\\n<p style=\\\"text-align:justify;color:rgb(0,0,0);font-family:\'Open Sans\', Arial, sans-serif;\\\"><span style=\\\"font-weight:bolder;\\\">Lorem Ipsum<\\/span>\\u00a0is simply dummy text of the printing and typesetting industry. Lorem Ipsum has been the industry\'s standard dummy text ever since the 1500s, when an unknown printer took a galley of type and scrambled it to make a type specimen book. It has survived not only five centuries, but also the leap into electronic typesetting, remaining essentially unchanged. It was popularised in the 1960s with the release of Letraset sheets containing Lorem Ipsum passages, and more recently with desktop publishing software like Aldus PageMaker including versions of Lorem Ipsum.<\\/p><p>What is Lorem Ipsum?<\\/p>\\r\\n\\r\\n<p style=\\\"text-align:justify;color:rgb(0,0,0);font-family:\'Open Sans\', Arial, sans-serif;\\\"><span style=\\\"font-weight:bolder;\\\">Lorem Ipsum<\\/span>\\u00a0is simply dummy text of the printing and typesetting industry. Lorem Ipsum has been the industry\'s standard dummy text ever since the 1500s, when an unknown printer took a galley of type and scrambled it to make a type specimen book. It has survived not only five centuries, but also the leap into electronic typesetting, remaining essentially unchanged. It was popularised in the 1960s with the release of Letraset sheets containing Lorem Ipsum passages, and more recently with desktop publishing software like Aldus PageMaker including versions of Lorem Ipsum.<\\/p><p>What is Lorem Ipsum?<\\/p>\\r\\n\\r\\n<p style=\\\"text-align:justify;color:rgb(0,0,0);font-family:\'Open Sans\', Arial, sans-serif;\\\"><span style=\\\"font-weight:bolder;\\\">Lorem Ipsum<\\/span>\\u00a0is simply dummy text of the printing and typesetting industry. Lorem Ipsum has been the industry\'s standard dummy text ever since the 1500s, when an unknown printer took a galley of type and scrambled it to make a type specimen book. It has survived not only five centuries, but also the leap into electronic typesetting, remaining essentially unchanged. It was popularised in the 1960s with the release of Letraset sheets containing Lorem Ipsum passages, and more recently with desktop publishing software like Aldus PageMaker including versions of Lorem Ipsum.<\\/p>\"},{\"lang\":\"en\",\"title\":\"Refund Policy\",\"description\":\"<p>What is Lorem Ipsum?<br><\\/p><p><span style=\\\"font-weight:bolder;\\\">Lorem Ipsum<\\/span>&nbsp;is simply dummy text of the printing and typesetting industry. Lorem Ipsum has been the industry\'s standard dummy text ever since the 1500s, when an unknown printer took a galley of type and scrambled it to make a type specimen book. It has survived not only five centuries, but also the leap into electronic typesetting, remaining essentially unchanged. It was popularised in the 1960s with the release of Letraset sheets containing Lorem Ipsum passages, and more recently with desktop publishing software like Aldus PageMaker including versions of Lorem Ipsum.<\\/p><p>What is Lorem Ipsum?<\\/p><p><span style=\\\"font-weight:bolder;\\\">Lorem Ipsum<\\/span>&nbsp;is simply dummy text of the printing and typesetting industry. Lorem Ipsum has been the industry\'s standard dummy text ever since the 1500s, when an unknown printer took a galley of type and scrambled it to make a type specimen book. It has survived not only five centuries, but also the leap into electronic typesetting, remaining essentially unchanged. It was popularised in the 1960s with the release of Letraset sheets containing Lorem Ipsum passages, and more recently with desktop publishing software like Aldus PageMaker including versions of Lorem Ipsum.<\\/p><p>What is Lorem Ipsum?<\\/p><p><span style=\\\"font-weight:bolder;\\\">Lorem Ipsum<\\/span>&nbsp;is simply dummy text of the printing and typesetting industry. Lorem Ipsum has been the industry\'s standard dummy text ever since the 1500s, when an unknown printer took a galley of type and scrambled it to make a type specimen book. It has survived not only five centuries, but also the leap into electronic typesetting, remaining essentially unchanged. It was popularised in the 1960s with the release of Letraset sheets containing Lorem Ipsum passages, and more recently with desktop publishing software like Aldus PageMaker including versions of Lorem Ipsum.<\\/p><p>What is Lorem Ipsum?<\\/p><p><span style=\\\"font-weight:bolder;\\\">Lorem Ipsum<\\/span>&nbsp;is simply dummy text of the printing and typesetting industry. Lorem Ipsum has been the industry\'s standard dummy text ever since the 1500s, when an unknown printer took a galley of type and scrambled it to make a type specimen book. It has survived not only five centuries, but also the leap into electronic typesetting, remaining essentially unchanged. It was popularised in the 1960s with the release of Letraset sheets containing Lorem Ipsum passages, and more recently with desktop publishing software like Aldus PageMaker including versions of Lorem Ipsum.<\\/p><p>What is Lorem Ipsum?<\\/p><p><span style=\\\"font-weight:bolder;\\\">Lorem Ipsum<\\/span>&nbsp;is simply dummy text of the printing and typesetting industry. Lorem Ipsum has been the industry\'s standard dummy text ever since the 1500s, when an unknown printer took a galley of type and scrambled it to make a type specimen book. It has survived not only five centuries, but also the leap into electronic typesetting, remaining essentially unchanged. It was popularised in the 1960s with the release of Letraset sheets containing Lorem Ipsum passages, and more recently with desktop publishing software like Aldus PageMaker including versions of Lorem Ipsum.<\\/p>\"},{\"lang\":\"bn\",\"title\":\"Privacy\",\"description\":\"<p><span style=\\\"color:rgb(0,0,0);font-family:Inter, sans-serif;font-size:18px;text-align:justify;\\\">\\u09aa\\u09cd\\u09b0\\u09be\\u099a\\u09c0\\u09a8 \\u0997\\u09cd\\u09b0\\u09bf\\u09b8\\u09c7\\u09b0 \\u09a8\\u09be\\u09ac\\u09bf\\u0995 \\u09ac\\u09be \\u099c\\u09c7\\u09b2\\u09c7\\u09b0\\u09be \\u0989\\u09a4\\u09cd\\u09a4\\u09be\\u09b2 \\u09b8\\u09ae\\u09c1\\u09a6\\u09cd\\u09b0\\u09c7 \\u09aa\\u09cd\\u09b0\\u099a\\u09a3\\u09cd\\u09a1 \\u099d\\u09dc \\u09ac\\u09be \\u09a2\\u09c7\\u0989\\u09df\\u09c7\\u09b0 \\u0995\\u09ac\\u09b2\\u09c7 \\u09aa\\u09dc\\u09b2\\u09c7 \\u0995\\u09b0\\u099c\\u09cb\\u09dc\\u09c7 \\u09b8\\u09ae\\u09c1\\u09a6\\u09cd\\u09b0-\\u09a6\\u09c7\\u09ac\\u09a4\\u09be \\u09aa\\u09b8\\u09be\\u0987\\u09a1\\u09a8\\u09c7\\u09b0 \\u09a8\\u09bf\\u0995\\u099f \\u09b8\\u09be\\u09b9\\u09be\\u09af\\u09cd\\u09af \\u09aa\\u09cd\\u09b0\\u09be\\u09b0\\u09cd\\u09a5\\u09a8\\u09be \\u0995\\u09b0\\u09a4\\u0964 \\u0995\\u09be\\u09b0\\u09a3, \\u0997\\u09cd\\u09b0\\u09bf\\u0995 \\u0989\\u09aa\\u0995\\u09a5\\u09be\\u09b0 \\u09ac\\u09bf\\u09b6\\u09be\\u09b2 \\u099c\\u09be\\u09df\\u0997\\u09be\\u099c\\u09c1\\u09dc\\u09c7 \\u09a8\\u09bf\\u099c\\u09c7\\u0995\\u09c7 \\u09ac\\u09bf\\u09b8\\u09cd\\u09a4\\u09c0\\u09b0\\u09cd\\u09a3 \\u099c\\u09b2\\u09b0\\u09be\\u09b6\\u09bf\\u09b0 \\u09ae\\u09a4\\u09cb \\u099b\\u09dc\\u09bf\\u09df\\u09c7 \\u09b0\\u09c7\\u0996\\u09c7\\u099b\\u09c7\\u09a8 \\u09aa\\u09b8\\u09be\\u0987\\u09a1\\u09a8\\u0964 \\u09aa\\u09a6 \\u0993 \\u09ac\\u09bf\\u09b6\\u09bf\\u09b7\\u09cd\\u099f\\u09a4\\u09be \\u0985\\u09a8\\u09c1\\u09b8\\u09be\\u09b0\\u09c7, \\u09a6\\u09c7\\u09ac\\u09b0\\u09be\\u099c \\u099c\\u09bf\\u0989\\u09b8\\u09c7\\u09b0 \\u09aa\\u09b0\\u0987 \\u09a4\\u09be\\u09b0 \\u0985\\u09ac\\u09b8\\u09cd\\u09a5\\u09be\\u09a8\\u0964 \\u099c\\u09bf\\u0989\\u09b8 \\u09af\\u09c7\\u09ad\\u09be\\u09ac\\u09c7 \\u09b8\\u09cd\\u09ac\\u09b0\\u09cd\\u0997\\u09c7\\u09b0 \\u09af\\u09be\\u09ac\\u09a4\\u09c0\\u09df \\u099c\\u09bf\\u09a8\\u09bf\\u09b8 \\u09b8\\u09be\\u09ae\\u09b2\\u09be\\u09a8, \\u09b9\\u09c7\\u09a1\\u09bf\\u09b8 \\u09af\\u09c7\\u09ad\\u09be\\u09ac\\u09c7 \\u09aa\\u09be\\u09a4\\u09be\\u09b2\\u09aa\\u09c1\\u09b0\\u09c0\\u09b0 \\u0998\\u09c1\\u099f\\u0998\\u09c1\\u099f\\u09c7 \\u0985\\u09a8\\u09cd\\u09a7\\u0995\\u09be\\u09b0\\u09c7 \\u0997\\u09c1\\u09b0\\u09c1\\u09a6\\u09be\\u09df\\u09bf\\u09a4\\u09cd\\u09ac \\u09aa\\u09be\\u09b2\\u09a8 \\u0995\\u09b0\\u09c7 \\u0986\\u09b8\\u099b\\u09c7\\u09a8, \\u09a4\\u09c7\\u09ae\\u09a8\\u09bf \\u09b8\\u09ae\\u09c1\\u09a6\\u09cd\\u09b0\\u09c7\\u09b0 \\u098f\\u0995\\u099a\\u09cd\\u099b\\u09a4\\u09cd\\u09b0 \\u0985\\u09a7\\u09bf\\u09aa\\u09a4\\u09bf \\u09b9\\u09bf\\u09b8\\u09c7\\u09ac\\u09c7 \\u0985\\u09a5\\u09c8 \\u099c\\u09b2\\u09c7\\u09b0 \\u09a2\\u09c7\\u0989 \\u09ad\\u09c7\\u0999\\u09c7 \\u09a8\\u09bf\\u099c\\u09c7\\u09b0 \\u09b0\\u09be\\u099c\\u09a4\\u09cd\\u09ac \\u0995\\u09be\\u09df\\u09c7\\u09ae \\u09b0\\u09be\\u0996\\u09c7\\u09a8 \\u09aa\\u09b8\\u09be\\u0987\\u09a1\\u09a8\\u0964 \\u09a6\\u09c7\\u09ac\\u09a4\\u09be\\u09a6\\u09c7\\u09b0 \\u09ae\\u09a7\\u09cd\\u09af \\u09a4\\u09bf\\u09a8\\u09bf\\u0987 \\u09aa\\u09cd\\u09b0\\u09a5\\u09ae \\u0998\\u09cb\\u09dc\\u09be\\u0995\\u09c7 \\u09aa\\u09cb\\u09b7 \\u09ae\\u09be\\u09a8\\u09bf\\u09df\\u09c7\\u099b\\u09bf\\u09b2\\u09c7\\u09a8 \\u09ac\\u09b2\\u09c7 \\u09a4\\u09be\\u0995\\u09c7 \\u0998\\u09cb\\u09dc\\u09be\\u09b0 \\u09a6\\u09c7\\u09ac\\u09a4\\u09be \\u09ac\\u09b2\\u09c7\\u0993 \\u09a1\\u09be\\u0995\\u09be \\u09b9\\u09df\\u0964<\\/span><br><\\/p>\\r\\n\\r\\n<p><br><\\/p>\\r\\n\\r\\n<p style=\\\"font-size:18px;color:rgb(0,0,0);font-family:Inter, sans-serif;text-align:justify;\\\">\\u098f\\u099b\\u09be\\u09dc\\u09be\\u0993 \\u0997\\u09cd\\u09b0\\u09bf\\u0995 \\u09aa\\u09c1\\u09b0\\u09be\\u09a3\\u09c7 \\u09a4\\u09bf\\u09a8\\u09bf \\u09ac\\u09a8\\u09cd\\u09af\\u09be, \\u0996\\u09b0\\u09be, \\u0993 \\u09ad\\u09c2\\u09ae\\u09bf\\u0995\\u09ae\\u09cd\\u09aa\\u09c7\\u09b0 \\u09a6\\u09c7\\u09ac\\u09a4\\u09be \\u09b9\\u09bf\\u09b8\\u09c7\\u09ac\\u09c7\\u0993 \\u09b8\\u09c1\\u09aa\\u09b0\\u09bf\\u099a\\u09bf\\u09a4\\u0964 \\u099a\\u09cb\\u0996\\u09a7\\u09be\\u0981\\u09a7\\u09be\\u09a8\\u09cb \\u09b8\\u09c1\\u09ac\\u09bf\\u09b6\\u09be\\u09b2 \\u098f\\u0995 \\u09b0\\u09be\\u099c\\u09aa\\u09cd\\u09b0\\u09be\\u09b8\\u09be\\u09a6\\u09c7 \\u09a4\\u09be\\u09b0 \\u09b0\\u09be\\u099c\\u0995\\u09c0\\u09df \\u09ac\\u09b8\\u09ac\\u09be\\u09b8, \\u09af\\u09be \\u09b8\\u09ae\\u09c1\\u09a6\\u09cd\\u09b0\\u09c7\\u09b0 \\u09a8\\u09bf\\u099a\\u09c7 \\u0985\\u09ac\\u09b8\\u09cd\\u09a5\\u09bf\\u09a4\\u0964 \\u09aa\\u09cd\\u09b0\\u09be\\u09b8\\u09be\\u09a6\\u09c7\\u09b0 \\u09ac\\u09c3\\u09b9\\u09ce \\u098f\\u0995 \\u0986\\u09b8\\u09cd\\u09a4\\u09be\\u09ac\\u09b2\\u09c7 \\u09a4\\u09be\\u09b0 \\u09b8\\u09be\\u09a6\\u09be \\u09b0\\u0999\\u09c7\\u09b0 \\u0998\\u09cb\\u09dc\\u09be\\u0997\\u09c1\\u09b2\\u09cb \\u09a4\\u09be\\u09ae\\u09be\\u099f\\u09c7 \\u0996\\u09c1\\u09b0 \\u09a8\\u09bf\\u09df\\u09c7 \\u09a0\\u09be\\u0981\\u0987 \\u09a6\\u09be\\u0981\\u09dc\\u09bf\\u09df\\u09c7 \\u09a5\\u09be\\u0995\\u09c7\\u0964 \\u09b8\\u09ae\\u09c1\\u09a6\\u09cd\\u09b0 \\u09a8\\u09bf\\u099c\\u09c7\\u09b0 \\u0995\\u09cd\\u09b0\\u09cb\\u09a7 \\u09aa\\u09cd\\u09b0\\u0995\\u09be\\u09b6\\u09c7\\u09b0 \\u09ae\\u09be\\u09a7\\u09cd\\u09af\\u09ae\\u09c7 \\u0985\\u09b6\\u09be\\u09a8\\u09cd\\u09a4 \\u09b0\\u09c2\\u09aa \\u09a7\\u09be\\u09b0\\u09a3 \\u0995\\u09b0\\u09b2\\u09c7 \\u0998\\u09cb\\u09dc\\u09be\\u0997\\u09c1\\u09b2\\u09cb \\u09a8\\u09bf\\u09df\\u09c7 \\u098f\\u0995 \\u09b8\\u09cb\\u09a8\\u09be\\u09b2\\u09bf \\u09b0\\u09a5 \\u09aa\\u09cd\\u09b0\\u09b8\\u09cd\\u09a4\\u09c1\\u09a4 \\u0995\\u09b0\\u09c7\\u09a8 \\u09a4\\u09bf\\u09a8\\u09bf\\u0964 \\u09ae\\u09be\\u099b\\u09c7\\u09b0 \\u09ae\\u09a4\\u09cb \\u09b2\\u09c7\\u099c\\u09ac\\u09bf\\u09b6\\u09bf\\u09b7\\u09cd\\u099f \\u098f\\u0995\\u099c\\u09cb\\u09dc\\u09be \\u0998\\u09cb\\u09dc\\u09be \\u09a4\\u09be\\u09b0 \\u09b0\\u09a5 \\u099f\\u09be\\u09a8\\u09be\\u09b0 \\u09a6\\u09be\\u09df\\u09bf\\u09a4\\u09cd\\u09ac \\u09aa\\u09be\\u09b2\\u09a8 \\u0995\\u09b0\\u09c7\\u0964 \\u09b9\\u09be\\u0993\\u09df\\u09be\\u09b0 \\u09ac\\u09c7\\u0997\\u09c7 \\u099b\\u09c1\\u099f\\u09c7 \\u099a\\u09b2\\u09be \\u0998\\u09cb\\u09dc\\u09be\\u0997\\u09c1\\u09b2\\u09cb \\u09a6\\u09bf\\u09df\\u09c7 \\u09b8\\u09ae\\u09c1\\u09a6\\u09cd\\u09b0\\u0995\\u09c7 \\u09b6\\u09be\\u09a8\\u09cd\\u09a4 \\u0995\\u09b0\\u09be\\u09b0 \\u099a\\u09c7\\u09b7\\u09cd\\u099f\\u09be \\u0995\\u09b0\\u09c7\\u09a8 \\u09a4\\u09bf\\u09a8\\u09bf\\u0964 \\u09ab\\u09c1\\u09b2\\u09c7-\\u09ab\\u09c7\\u0981\\u09aa\\u09c7 \\u0993\\u09a0\\u09be \\u09ac\\u09bf\\u09b6\\u09be\\u09b2 \\u099c\\u09b2\\u09b0\\u09be\\u09b6\\u09bf \\u09b6\\u09be\\u09a8\\u09cd\\u09a4 \\u09b9\\u09df\\u09c7 \\u0997\\u09c7\\u09b2\\u09c7\\u0987 \\u099c\\u09b2\\u099c \\u09aa\\u09cd\\u09b0\\u09be\\u09a3\\u09c0\\u09b0\\u09be \\u09b0\\u09a5\\u09c7\\u09b0 \\u09aa\\u09c7\\u099b\\u09a8\\u09c7 \\u0996\\u09c1\\u09b6\\u09bf\\u09a4\\u09c7 \\u09a1\\u0997\\u09ae\\u0997 \\u09b9\\u09df\\u09c7 \\u09a8\\u09c7\\u099a\\u09c7-\\u0997\\u09c7\\u09df\\u09c7 \\u0986\\u09a8\\u09a8\\u09cd\\u09a6 \\u09aa\\u09cd\\u09b0\\u0995\\u09be\\u09b6 \\u0995\\u09b0\\u09c7\\u0964<\\/p>\\r\\n\\r\\n<p><br><\\/p>\\r\\n\\r\\n<p style=\\\"font-size:18px;color:rgb(0,0,0);font-family:Inter, sans-serif;text-align:justify;\\\">\\u09aa\\u09cd\\u09b0\\u09be\\u099a\\u09c0\\u09a8 \\u0997\\u09cd\\u09b0\\u09bf\\u09b8\\u09c7\\u09b0 \\u09a8\\u09be\\u09ac\\u09bf\\u0995 \\u09ac\\u09be \\u099c\\u09c7\\u09b2\\u09c7\\u09b0\\u09be \\u0989\\u09a4\\u09cd\\u09a4\\u09be\\u09b2 \\u09b8\\u09ae\\u09c1\\u09a6\\u09cd\\u09b0\\u09c7 \\u09aa\\u09cd\\u09b0\\u099a\\u09a3\\u09cd\\u09a1 \\u099d\\u09dc \\u09ac\\u09be \\u09a2\\u09c7\\u0989\\u09df\\u09c7\\u09b0 \\u0995\\u09ac\\u09b2\\u09c7 \\u09aa\\u09dc\\u09b2\\u09c7 \\u0995\\u09b0\\u099c\\u09cb\\u09dc\\u09c7 \\u09b8\\u09ae\\u09c1\\u09a6\\u09cd\\u09b0-\\u09a6\\u09c7\\u09ac\\u09a4\\u09be \\u09aa\\u09b8\\u09be\\u0987\\u09a1\\u09a8\\u09c7\\u09b0 \\u09a8\\u09bf\\u0995\\u099f \\u09b8\\u09be\\u09b9\\u09be\\u09af\\u09cd\\u09af \\u09aa\\u09cd\\u09b0\\u09be\\u09b0\\u09cd\\u09a5\\u09a8\\u09be \\u0995\\u09b0\\u09a4\\u0964 \\u0995\\u09be\\u09b0\\u09a3, \\u0997\\u09cd\\u09b0\\u09bf\\u0995 \\u0989\\u09aa\\u0995\\u09a5\\u09be\\u09b0 \\u09ac\\u09bf\\u09b6\\u09be\\u09b2 \\u099c\\u09be\\u09df\\u0997\\u09be\\u099c\\u09c1\\u09dc\\u09c7 \\u09a8\\u09bf\\u099c\\u09c7\\u0995\\u09c7 \\u09ac\\u09bf\\u09b8\\u09cd\\u09a4\\u09c0\\u09b0\\u09cd\\u09a3 \\u099c\\u09b2\\u09b0\\u09be\\u09b6\\u09bf\\u09b0 \\u09ae\\u09a4\\u09cb \\u099b\\u09dc\\u09bf\\u09df\\u09c7 \\u09b0\\u09c7\\u0996\\u09c7\\u099b\\u09c7\\u09a8 \\u09aa\\u09b8\\u09be\\u0987\\u09a1\\u09a8\\u0964 \\u09aa\\u09a6 \\u0993 \\u09ac\\u09bf\\u09b6\\u09bf\\u09b7\\u09cd\\u099f\\u09a4\\u09be \\u0985\\u09a8\\u09c1\\u09b8\\u09be\\u09b0\\u09c7, \\u09a6\\u09c7\\u09ac\\u09b0\\u09be\\u099c \\u099c\\u09bf\\u0989\\u09b8\\u09c7\\u09b0 \\u09aa\\u09b0\\u0987 \\u09a4\\u09be\\u09b0 \\u0985\\u09ac\\u09b8\\u09cd\\u09a5\\u09be\\u09a8\\u0964 \\u099c\\u09bf\\u0989\\u09b8 \\u09af\\u09c7\\u09ad\\u09be\\u09ac\\u09c7 \\u09b8\\u09cd\\u09ac\\u09b0\\u09cd\\u0997\\u09c7\\u09b0 \\u09af\\u09be\\u09ac\\u09a4\\u09c0\\u09df \\u099c\\u09bf\\u09a8\\u09bf\\u09b8 \\u09b8\\u09be\\u09ae\\u09b2\\u09be\\u09a8, \\u09b9\\u09c7\\u09a1\\u09bf\\u09b8 \\u09af\\u09c7\\u09ad\\u09be\\u09ac\\u09c7 \\u09aa\\u09be\\u09a4\\u09be\\u09b2\\u09aa\\u09c1\\u09b0\\u09c0\\u09b0 \\u0998\\u09c1\\u099f\\u0998\\u09c1\\u099f\\u09c7 \\u0985\\u09a8\\u09cd\\u09a7\\u0995\\u09be\\u09b0\\u09c7 \\u0997\\u09c1\\u09b0\\u09c1\\u09a6\\u09be\\u09df\\u09bf\\u09a4\\u09cd\\u09ac \\u09aa\\u09be\\u09b2\\u09a8 \\u0995\\u09b0\\u09c7 \\u0986\\u09b8\\u099b\\u09c7\\u09a8, \\u09a4\\u09c7\\u09ae\\u09a8\\u09bf \\u09b8\\u09ae\\u09c1\\u09a6\\u09cd\\u09b0\\u09c7\\u09b0 \\u098f\\u0995\\u099a\\u09cd\\u099b\\u09a4\\u09cd\\u09b0 \\u0985\\u09a7\\u09bf\\u09aa\\u09a4\\u09bf \\u09b9\\u09bf\\u09b8\\u09c7\\u09ac\\u09c7 \\u0985\\u09a5\\u09c8 \\u099c\\u09b2\\u09c7\\u09b0 \\u09a2\\u09c7\\u0989 \\u09ad\\u09c7\\u0999\\u09c7 \\u09a8\\u09bf\\u099c\\u09c7\\u09b0 \\u09b0\\u09be\\u099c\\u09a4\\u09cd\\u09ac \\u0995\\u09be\\u09df\\u09c7\\u09ae \\u09b0\\u09be\\u0996\\u09c7\\u09a8 \\u09aa\\u09b8\\u09be\\u0987\\u09a1\\u09a8\\u0964 \\u09a6\\u09c7\\u09ac\\u09a4\\u09be\\u09a6\\u09c7\\u09b0 \\u09ae\\u09a7\\u09cd\\u09af \\u09a4\\u09bf\\u09a8\\u09bf\\u0987 \\u09aa\\u09cd\\u09b0\\u09a5\\u09ae \\u0998\\u09cb\\u09dc\\u09be\\u0995\\u09c7 \\u09aa\\u09cb\\u09b7 \\u09ae\\u09be\\u09a8\\u09bf\\u09df\\u09c7\\u099b\\u09bf\\u09b2\\u09c7\\u09a8 \\u09ac\\u09b2\\u09c7 \\u09a4\\u09be\\u0995\\u09c7 \\u0998\\u09cb\\u09dc\\u09be\\u09b0 \\u09a6\\u09c7\\u09ac\\u09a4\\u09be \\u09ac\\u09b2\\u09c7\\u0993 \\u09a1\\u09be\\u0995\\u09be \\u09b9\\u09df\\u0964<\\/p>\\r\\n\\r\\n<p style=\\\"font-size:18px;color:rgb(0,0,0);font-family:Inter, sans-serif;text-align:justify;\\\"><br><\\/p>\\r\\n\\r\\n<p style=\\\"font-size:18px;color:rgb(0,0,0);font-family:Inter, sans-serif;text-align:justify;\\\">\\u098f\\u099b\\u09be\\u09dc\\u09be\\u0993 \\u0997\\u09cd\\u09b0\\u09bf\\u0995 \\u09aa\\u09c1\\u09b0\\u09be\\u09a3\\u09c7 \\u09a4\\u09bf\\u09a8\\u09bf \\u09ac\\u09a8\\u09cd\\u09af\\u09be, \\u0996\\u09b0\\u09be, \\u0993 \\u09ad\\u09c2\\u09ae\\u09bf\\u0995\\u09ae\\u09cd\\u09aa\\u09c7\\u09b0 \\u09a6\\u09c7\\u09ac\\u09a4\\u09be \\u09b9\\u09bf\\u09b8\\u09c7\\u09ac\\u09c7\\u0993 \\u09b8\\u09c1\\u09aa\\u09b0\\u09bf\\u099a\\u09bf\\u09a4\\u0964 \\u099a\\u09cb\\u0996\\u09a7\\u09be\\u0981\\u09a7\\u09be\\u09a8\\u09cb \\u09b8\\u09c1\\u09ac\\u09bf\\u09b6\\u09be\\u09b2 \\u098f\\u0995 \\u09b0\\u09be\\u099c\\u09aa\\u09cd\\u09b0\\u09be\\u09b8\\u09be\\u09a6\\u09c7 \\u09a4\\u09be\\u09b0 \\u09b0\\u09be\\u099c\\u0995\\u09c0\\u09df \\u09ac\\u09b8\\u09ac\\u09be\\u09b8, \\u09af\\u09be \\u09b8\\u09ae\\u09c1\\u09a6\\u09cd\\u09b0\\u09c7\\u09b0 \\u09a8\\u09bf\\u099a\\u09c7 \\u0985\\u09ac\\u09b8\\u09cd\\u09a5\\u09bf\\u09a4\\u0964 \\u09aa\\u09cd\\u09b0\\u09be\\u09b8\\u09be\\u09a6\\u09c7\\u09b0 \\u09ac\\u09c3\\u09b9\\u09ce \\u098f\\u0995 \\u0986\\u09b8\\u09cd\\u09a4\\u09be\\u09ac\\u09b2\\u09c7 \\u09a4\\u09be\\u09b0 \\u09b8\\u09be\\u09a6\\u09be \\u09b0\\u0999\\u09c7\\u09b0 \\u0998\\u09cb\\u09dc\\u09be\\u0997\\u09c1\\u09b2\\u09cb \\u09a4\\u09be\\u09ae\\u09be\\u099f\\u09c7 \\u0996\\u09c1\\u09b0 \\u09a8\\u09bf\\u09df\\u09c7 \\u09a0\\u09be\\u0981\\u0987 \\u09a6\\u09be\\u0981\\u09dc\\u09bf\\u09df\\u09c7 \\u09a5\\u09be\\u0995\\u09c7\\u0964 \\u09b8\\u09ae\\u09c1\\u09a6\\u09cd\\u09b0 \\u09a8\\u09bf\\u099c\\u09c7\\u09b0 \\u0995\\u09cd\\u09b0\\u09cb\\u09a7 \\u09aa\\u09cd\\u09b0\\u0995\\u09be\\u09b6\\u09c7\\u09b0 \\u09ae\\u09be\\u09a7\\u09cd\\u09af\\u09ae\\u09c7 \\u0985\\u09b6\\u09be\\u09a8\\u09cd\\u09a4 \\u09b0\\u09c2\\u09aa \\u09a7\\u09be\\u09b0\\u09a3 \\u0995\\u09b0\\u09b2\\u09c7 \\u0998\\u09cb\\u09dc\\u09be\\u0997\\u09c1\\u09b2\\u09cb \\u09a8\\u09bf\\u09df\\u09c7 \\u098f\\u0995 \\u09b8\\u09cb\\u09a8\\u09be\\u09b2\\u09bf \\u09b0\\u09a5 \\u09aa\\u09cd\\u09b0\\u09b8\\u09cd\\u09a4\\u09c1\\u09a4 \\u0995\\u09b0\\u09c7\\u09a8 \\u09a4\\u09bf\\u09a8\\u09bf\\u0964 \\u09ae\\u09be\\u099b\\u09c7\\u09b0 \\u09ae\\u09a4\\u09cb \\u09b2\\u09c7\\u099c\\u09ac\\u09bf\\u09b6\\u09bf\\u09b7\\u09cd\\u099f \\u098f\\u0995\\u099c\\u09cb\\u09dc\\u09be \\u0998\\u09cb\\u09dc\\u09be \\u09a4\\u09be\\u09b0 \\u09b0\\u09a5 \\u099f\\u09be\\u09a8\\u09be\\u09b0 \\u09a6\\u09be\\u09df\\u09bf\\u09a4\\u09cd\\u09ac \\u09aa\\u09be\\u09b2\\u09a8 \\u0995\\u09b0\\u09c7\\u0964 \\u09b9\\u09be\\u0993\\u09df\\u09be\\u09b0 \\u09ac\\u09c7\\u0997\\u09c7 \\u099b\\u09c1\\u099f\\u09c7 \\u099a\\u09b2\\u09be \\u0998\\u09cb\\u09dc\\u09be\\u0997\\u09c1\\u09b2\\u09cb \\u09a6\\u09bf\\u09df\\u09c7 \\u09b8\\u09ae\\u09c1\\u09a6\\u09cd\\u09b0\\u0995\\u09c7 \\u09b6\\u09be\\u09a8\\u09cd\\u09a4 \\u0995\\u09b0\\u09be\\u09b0 \\u099a\\u09c7\\u09b7\\u09cd\\u099f\\u09be \\u0995\\u09b0\\u09c7\\u09a8 \\u09a4\\u09bf\\u09a8\\u09bf\\u0964 \\u09ab\\u09c1\\u09b2\\u09c7-\\u09ab\\u09c7\\u0981\\u09aa\\u09c7 \\u0993\\u09a0\\u09be \\u09ac\\u09bf\\u09b6\\u09be\\u09b2 \\u099c\\u09b2\\u09b0\\u09be\\u09b6\\u09bf \\u09b6\\u09be\\u09a8\\u09cd\\u09a4 \\u09b9\\u09df\\u09c7 \\u0997\\u09c7\\u09b2\\u09c7\\u0987 \\u099c\\u09b2\\u099c \\u09aa\\u09cd\\u09b0\\u09be\\u09a3\\u09c0\\u09b0\\u09be \\u09b0\\u09a5\\u09c7\\u09b0 \\u09aa\\u09c7\\u099b\\u09a8\\u09c7 \\u0996\\u09c1\\u09b6\\u09bf\\u09a4\\u09c7 \\u09a1\\u0997\\u09ae\\u0997 \\u09b9\\u09df\\u09c7 \\u09a8\\u09c7\\u099a\\u09c7-\\u0997\\u09c7\\u09df\\u09c7 \\u0986\\u09a8\\u09a8\\u09cd\\u09a6 \\u09aa\\u09cd\\u09b0\\u0995\\u09be\\u09b6 \\u0995\\u09b0\\u09c7\\u0964<\\/p>\"}]', 1, NULL, '2022-03-14 04:07:22'),
(13, 'Contact Us', 'contact', '{\"title\":\"Contact Us\",\"heading\":\"Get In Touch\",\"sub_heading\":\"Porro illum impedit nemo hic, similique at, qui ducimus praesentium ullam voluptatem culpa temporibus eveniet, esse accusamus\",\"phone\":\"+1 (631) 593-5927\",\"email\":\"geniuswallet@gmail.com\",\"address\":\"7058 Najrul Islam Road, Dhaka.\"}', NULL, 1, NULL, '2022-02-14 05:08:24');

-- --------------------------------------------------------

--
-- Table structure for table `sms_gateways`
--

CREATE TABLE `sms_gateways` (
  `id` bigint(20) UNSIGNED NOT NULL,
  `name` varchar(255) NOT NULL,
  `config` text NOT NULL,
  `status` tinyint(4) NOT NULL DEFAULT 0,
  `created_at` timestamp NULL DEFAULT NULL,
  `updated_at` timestamp NULL DEFAULT NULL
) ENGINE=InnoDB DEFAULT CHARSET=utf8mb4 COLLATE=utf8mb4_unicode_ci;

--
-- Dumping data for table `sms_gateways`
--

INSERT INTO `sms_gateways` (`id`, `name`, `config`, `status`, `created_at`, `updated_at`) VALUES
(1, 'Twilio', '{\r\n\"sid\":\"\",\"token\":\"\",\"from_number\":\"\"\r\n}', 0, NULL, '2022-01-19 23:56:26'),
(2, 'Nexmo', '{\"api_key\":\"f0842415\",\"api_secret\":\"5FqSGPgFIKbf8nDr\"}', 1, NULL, '2022-01-20 02:22:11');

-- --------------------------------------------------------

--
-- Table structure for table `states`
--

CREATE TABLE `states` (
  `id` int(11) NOT NULL,
  `name` varchar(35) NOT NULL,
  `country_id` int(11) NOT NULL,
  `created_at` datetime NOT NULL,
  `created_by` int(11) NOT NULL,
  `updated_at` datetime DEFAULT NULL,
  `updated_by` int(11) DEFAULT NULL,
  `is_status` tinyint(1) NOT NULL DEFAULT 0
) ENGINE=InnoDB DEFAULT CHARSET=utf8 COLLATE=utf8_general_ci ROW_FORMAT=COMPACT;

--
-- Dumping data for table `states`
--

INSERT INTO `states` (`id`, `name`, `country_id`, `created_at`, `created_by`, `updated_at`, `updated_by`, `is_status`) VALUES
(1, 'Gujarat', 1, '2015-05-27 15:20:18', 1, NULL, NULL, 0),
(2, 'Maharashtra', 1, '2015-05-27 15:20:29', 1, NULL, NULL, 0),
(3, 'New York', 2, '2015-05-27 15:20:38', 1, NULL, NULL, 0),
(4, 'Melborne', 3, '2015-05-27 15:20:49', 1, NULL, NULL, 0),
(5, 'New Jersey', 2, '2015-05-27 16:18:02', 1, NULL, NULL, 0),
(6, 'Ekiti State', 4, '2015-05-27 16:19:49', 1, '2017-01-09 23:10:47', 1, 0),
(7, 'Ondo State', 4, '2015-05-27 16:20:03', 1, '2017-01-09 23:11:13', 1, 0),
(8, 'New South Wales', 3, '2015-05-27 16:20:42', 1, NULL, NULL, 0),
(9, 'Lagos State', 4, '2015-05-28 11:22:06', 1, '2017-01-09 23:10:21', 1, 0),
(10, 'Abia', 4, '0000-00-00 00:00:00', 0, NULL, NULL, 0),
(11, 'Adamawa', 4, '0000-00-00 00:00:00', 0, NULL, NULL, 0),
(12, 'Anambra', 4, '0000-00-00 00:00:00', 0, NULL, NULL, 0),
(13, 'Akwa Ibom', 4, '0000-00-00 00:00:00', 0, NULL, NULL, 0),
(14, 'Bauchi', 4, '0000-00-00 00:00:00', 0, NULL, NULL, 0),
(15, 'Bayelsa', 4, '0000-00-00 00:00:00', 0, NULL, NULL, 0),
(16, 'Benue', 4, '0000-00-00 00:00:00', 0, NULL, NULL, 0),
(17, 'Borno', 4, '0000-00-00 00:00:00', 0, NULL, NULL, 0),
(18, 'Cross River', 4, '0000-00-00 00:00:00', 0, NULL, NULL, 0),
(19, 'Delta', 4, '0000-00-00 00:00:00', 0, NULL, NULL, 0),
(20, 'Ebonyi', 4, '0000-00-00 00:00:00', 0, NULL, NULL, 0),
(21, 'Enugu', 4, '0000-00-00 00:00:00', 0, NULL, NULL, 0),
(22, 'Edo', 4, '0000-00-00 00:00:00', 0, NULL, NULL, 0),
(24, 'Gombe', 4, '0000-00-00 00:00:00', 0, NULL, NULL, 0),
(25, 'Imo', 4, '0000-00-00 00:00:00', 0, NULL, NULL, 0),
(26, 'Jigawa', 4, '0000-00-00 00:00:00', 0, NULL, NULL, 0),
(27, 'Kaduna', 4, '0000-00-00 00:00:00', 0, NULL, NULL, 0),
(28, 'Kano', 4, '0000-00-00 00:00:00', 4, NULL, NULL, 0),
(29, 'Katsina', 4, '0000-00-00 00:00:00', 0, NULL, NULL, 0),
(30, 'Kebbi', 4, '0000-00-00 00:00:00', 0, NULL, NULL, 0),
(31, 'Kogi', 4, '0000-00-00 00:00:00', 0, NULL, NULL, 0),
(32, 'Kwara', 4, '0000-00-00 00:00:00', 0, NULL, NULL, 0),
(34, 'Nasarawa', 4, '0000-00-00 00:00:00', 0, NULL, NULL, 0),
(35, 'Niger', 4, '0000-00-00 00:00:00', 0, NULL, NULL, 0),
(36, 'Ogun', 4, '0000-00-00 00:00:00', 0, NULL, NULL, 0),
(38, 'Osun', 4, '0000-00-00 00:00:00', 0, NULL, NULL, 0),
(39, 'Oyo', 4, '0000-00-00 00:00:00', 0, NULL, NULL, 0),
(40, 'Plateau', 4, '0000-00-00 00:00:00', 0, NULL, NULL, 0),
(41, 'Rivers', 4, '0000-00-00 00:00:00', 0, NULL, NULL, 0),
(42, 'Sokoto', 4, '0000-00-00 00:00:00', 0, NULL, NULL, 0),
(43, 'Taraba', 4, '0000-00-00 00:00:00', 4, NULL, NULL, 0),
(44, 'Yobe', 4, '0000-00-00 00:00:00', 0, NULL, NULL, 0),
(45, 'Zamfara', 4, '0000-00-00 00:00:00', 0, NULL, NULL, 0),
(47, 'Federal Capital Territory (FCT)', 4, '0000-00-00 00:00:00', 0, NULL, NULL, 0);

-- --------------------------------------------------------

--
-- Table structure for table `support_tickets`
--

CREATE TABLE `support_tickets` (
  `id` bigint(20) UNSIGNED NOT NULL,
  `user_id` int(11) DEFAULT NULL,
  `user_type` tinyint(1) NOT NULL,
  `guest_email` varchar(255) DEFAULT NULL,
  `guest_name` varchar(255) DEFAULT NULL,
  `ticket_num` varchar(255) NOT NULL,
  `subject` varchar(255) NOT NULL,
  `status` tinyint(1) NOT NULL DEFAULT 0 COMMENT '0 = pending, 1 = replied. ',
  `created_at` timestamp NULL DEFAULT NULL,
  `updated_at` timestamp NULL DEFAULT NULL
) ENGINE=InnoDB DEFAULT CHARSET=utf8mb4 COLLATE=utf8mb4_unicode_ci;

-- --------------------------------------------------------

--
-- Table structure for table `tickets`
--

CREATE TABLE `tickets` (
  `id` int(10) UNSIGNED NOT NULL,
  `user_id` int(11) DEFAULT NULL,
  `title` varchar(191) NOT NULL,
  `image` varchar(191) DEFAULT NULL,
  `details` longtext DEFAULT NULL,
  `status` tinyint(4) NOT NULL DEFAULT 0,
  `admin` int(55) NOT NULL DEFAULT 0,
  `view` int(55) NOT NULL DEFAULT 0,
  `code` varchar(55) DEFAULT NULL,
  `desk` varchar(55) DEFAULT NULL,
  `type` varchar(55) DEFAULT NULL,
  `created_at` timestamp NULL DEFAULT NULL,
  `updated_at` timestamp NULL DEFAULT NULL
) ENGINE=InnoDB DEFAULT CHARSET=utf8mb4 COLLATE=utf8mb4_unicode_ci;

--
-- Dumping data for table `tickets`
--

INSERT INTO `tickets` (`id`, `user_id`, `title`, `image`, `details`, `status`, `admin`, `view`, `code`, `desk`, `type`, `created_at`, `updated_at`) VALUES
(1, 3, 'Hello', NULL, 'Support', 0, 0, 0, 'LXUXSA', 'Support', NULL, '2024-11-25 05:33:24', '2024-11-25 05:33:24'),
(2, 42, 'Issue', NULL, 'Why am I see Initiated', 0, 0, 0, '6YGJMY', 'Select Desk', NULL, '2025-01-03 07:29:41', '2025-01-03 07:29:41'),
(3, 4, 'Assistance', NULL, 'Hello, I need help', 0, 0, 0, 'M1V8XP', 'Select Desk', NULL, '2025-01-14 10:28:50', '2025-01-14 10:28:50'),
(4, 4, 'Assistance', NULL, 'Hello I need assistance with my withdrawal', 0, 0, 0, 'QXUQAU', 'Complaint', NULL, '2025-01-14 10:32:46', '2025-01-14 10:32:46'),
(5, 66, 'Urgent!!!', NULL, 'Pls I’m unable to upload my nin slip it keeps saying the id image failed to upload', 0, 0, 0, 'FDQPED', 'Select Desk', NULL, '2025-02-12 08:33:27', '2025-02-12 08:33:27'),
(6, 77, 'Complain about data purchase', NULL, 'Please i have been purchasing data since afternoon but it keeps \"saying error in performing this task\"', 0, 0, 0, 'IVLVRS', 'Complaint', NULL, '2025-03-01 00:52:29', '2025-03-01 00:52:29');

-- --------------------------------------------------------

--
-- Table structure for table `ticket_messages`
--

CREATE TABLE `ticket_messages` (
  `id` bigint(20) UNSIGNED NOT NULL,
  `ticket_id` int(11) NOT NULL,
  `ticket_num` varchar(255) NOT NULL,
  `user_id` int(11) DEFAULT NULL,
  `user_type` tinyint(1) DEFAULT NULL,
  `admin_id` int(11) DEFAULT NULL,
  `message` varchar(255) NOT NULL,
  `file` varchar(255) DEFAULT NULL,
  `created_at` timestamp NULL DEFAULT NULL,
  `updated_at` timestamp NULL DEFAULT NULL
) ENGINE=InnoDB DEFAULT CHARSET=utf8mb4 COLLATE=utf8mb4_unicode_ci;

-- --------------------------------------------------------

--
-- Table structure for table `trade_gift_cards`
--

CREATE TABLE `trade_gift_cards` (
  `id` bigint(20) UNSIGNED NOT NULL,
  `user_id` int(11) NOT NULL,
  `reference_no` varchar(255) NOT NULL,
  `trade_descriptions` varchar(255) DEFAULT NULL,
  `total_amount` decimal(20,2) NOT NULL DEFAULT 0.00,
  `refer_bonus` decimal(20,2) NOT NULL DEFAULT 0.00,
  `accept_trade` tinyint(1) NOT NULL DEFAULT 0,
  `accepted_by` int(11) DEFAULT NULL,
  `accepted_at` datetime DEFAULT NULL,
  `trade_status` varchar(50) NOT NULL DEFAULT 'Pending',
  `status_change_by` int(11) DEFAULT NULL,
  `status_change_at` datetime DEFAULT NULL,
  `_id` char(36) DEFAULT NULL,
  `created_by` int(11) DEFAULT NULL,
  `updated_by` int(11) DEFAULT NULL,
  `created_at` timestamp NULL DEFAULT NULL,
  `updated_at` timestamp NULL DEFAULT NULL,
  `completed_trade_at` datetime DEFAULT NULL,
  `completed_trade_by` int(11) DEFAULT NULL
) ENGINE=InnoDB DEFAULT CHARSET=utf8mb4 COLLATE=utf8mb4_unicode_ci;

--
-- Dumping data for table `trade_gift_cards`
--

INSERT INTO `trade_gift_cards` (`id`, `user_id`, `reference_no`, `trade_descriptions`, `total_amount`, `refer_bonus`, `accept_trade`, `accepted_by`, `accepted_at`, `trade_status`, `status_change_by`, `status_change_at`, `_id`, `created_by`, `updated_by`, `created_at`, `updated_at`, `completed_trade_at`, `completed_trade_by`) VALUES
(1, 5, 'R2T-1732477434', '$50.00 apple gift card/ itunes x 1, ', 0.00, 500.00, 0, NULL, NULL, 'Pending', NULL, NULL, '201e4bef-f4ed-4fe8-9ac5-902bb974a706', NULL, NULL, '2024-11-24 19:43:54', '2024-11-24 19:43:54', NULL, NULL),
(2, 32, 'R2T-1733092116', '$50.00 steam x 1, ', 0.00, 500.00, 1, 2, '2024-12-01 22:29:46', 'Completed', 2, '2024-12-23 19:44:24', 'd0e81507-a5e8-4760-9bbf-f3a2bc80cfc0', NULL, NULL, '2024-12-01 22:28:36', '2024-12-23 19:44:24', '2024-12-23 19:44:24', 2),
(3, 38, 'R2T-1734465613', '$500.00 apple gift card/ itunes x 1, ', 0.00, 5000.00, 0, NULL, NULL, 'Pending', NULL, NULL, 'ab383655-6288-411f-953f-b25cb9e02efb', NULL, NULL, '2024-12-17 20:00:13', '2024-12-17 20:00:13', NULL, NULL),
(4, 39, 'R2T-1734824778', '$500.00 apple gift card/ itunes x 1, ', 0.00, 5000.00, 1, 2, '2024-12-22 20:43:31', 'Completed', 2, '2024-12-22 20:43:52', '3bedff07-57f2-4f84-824a-17e9c14bbe1f', NULL, NULL, '2024-12-21 23:46:18', '2024-12-22 20:43:52', '2024-12-22 20:43:52', 2),
(5, 39, 'R2T-1734824873', '$500.00 apple gift card/ itunes x 1, ', 0.00, 5000.00, 1, 2, '2024-12-22 19:59:02', 'Completed', 2, '2024-12-22 20:05:42', '25146175-ba4b-4043-bf99-a04c912e372c', NULL, NULL, '2024-12-21 23:47:53', '2024-12-22 20:05:42', '2024-12-22 20:05:42', 2),
(6, 3, 'R2T-1734845848', '$50.00 apple gift card/ itunes x 1, ', 0.00, 500.00, 0, NULL, NULL, 'Pending', NULL, NULL, 'c4fb5963-8d7e-4f26-9657-1a04631be392', NULL, NULL, '2024-12-22 05:37:28', '2024-12-22 05:37:28', NULL, NULL),
(7, 3, 'R2T-1734852561', '$25.00 CVS pharmacy x 1, ', 0.00, 250.00, 0, NULL, NULL, 'Pending', NULL, NULL, 'df2c70d9-eb5a-4160-8602-33e415cf5d59', NULL, NULL, '2024-12-22 07:29:21', '2024-12-22 07:29:21', NULL, NULL),
(8, 3, 'R2T-1734852695', '$50.00 steam x 1, ', 0.00, 500.00, 0, NULL, NULL, 'Pending', NULL, NULL, '470ef9d1-649b-493c-9f72-a6fb956e7751', NULL, NULL, '2024-12-22 07:31:35', '2024-12-22 07:31:35', NULL, NULL),
(9, 3, 'R2T-1734896174', '$100.00 Ebay x 1, ', 0.00, 1000.00, 0, NULL, NULL, 'Pending', NULL, NULL, '79825a2f-08b7-4f54-bd9c-4b404e51ec86', NULL, NULL, '2024-12-22 19:36:15', '2024-12-22 19:36:15', NULL, NULL),
(10, 5, 'R2T-1734898115', '$100.00 Ebay x 1, ', 0.00, 1000.00, 1, 2, '2024-12-22 20:08:55', 'Completed', 2, '2024-12-22 20:11:11', '97066cc3-4982-4954-8ee6-90108b14cdfd', NULL, NULL, '2024-12-22 20:08:35', '2024-12-22 20:11:11', '2024-12-22 20:11:11', 2),
(11, 5, 'R2T-1734898529', '$50.00 apple gift card/ itunes x 1, ', 0.00, 500.00, 1, 2, '2024-12-22 20:20:38', 'Completed', 2, '2024-12-22 20:40:17', '1af39264-e664-406a-8063-7ce3b2ef650b', NULL, NULL, '2024-12-22 20:15:29', '2024-12-22 20:40:17', '2024-12-22 20:40:17', 2),
(12, 3, 'R2T-1734926474', '$100.00 Ebay x 1, ', 0.00, 1000.00, 0, NULL, NULL, 'Pending', NULL, NULL, '71845aae-a047-4c52-9751-a54ca6c82d70', NULL, NULL, '2024-12-23 04:01:14', '2024-12-23 04:01:14', NULL, NULL),
(13, 3, 'R2T-1734927583', '$50.00 steam x 1, ', 0.00, 500.00, 0, NULL, NULL, 'Pending', NULL, NULL, 'd38606cb-a83e-465b-ad03-e27b2dc2c08d', NULL, NULL, '2024-12-23 04:19:44', '2024-12-23 04:19:44', NULL, NULL),
(14, 41, 'R2T-1735165073', '$50.00 apple gift card/ itunes x 1, ', 0.00, 500.00, 0, NULL, NULL, 'Pending', NULL, NULL, 'ebb954c5-5e54-475c-b60b-0aed90a46232', NULL, NULL, '2024-12-25 22:17:53', '2024-12-25 22:17:53', NULL, NULL),
(15, 40, 'R2T-1735395825', '$500.00 apple gift card/ itunes x 1, ', 0.00, 5000.00, 1, 2, '2024-12-28 14:35:17', 'Completed', 2, '2024-12-28 19:58:12', 'd52828f7-7cdc-4938-8ce9-00f1ffe155ca', NULL, NULL, '2024-12-28 14:23:45', '2024-12-28 19:58:12', '2024-12-28 19:58:12', 2),
(16, 42, 'R2T-1735889136', 'CAN$250.00 Amazon Card x 11, ', 0.00, 27500.00, 0, NULL, NULL, 'Pending', NULL, NULL, '832db3cf-d861-496a-af63-9cabaf1c65e4', NULL, NULL, '2025-01-03 07:25:36', '2025-01-03 07:25:36', NULL, NULL),
(17, 4, 'R2T-1736162190', 'AU$50.00 steam x 1, $100.00 Amazon Card x 1, ', 0.00, 1500.00, 1, 2, '2025-01-06 11:17:10', 'Completed', 2, '2025-01-06 11:33:23', '4556a406-cb8c-4139-8883-5cce98009826', NULL, NULL, '2025-01-06 11:16:30', '2025-01-06 11:33:23', '2025-01-06 11:33:23', 2),
(18, 4, 'R2T-1736163232', '$100.00 Amazon Card x 1, ', 0.00, 1000.00, 1, 2, '2025-01-06 11:34:56', 'Completed', 2, '2025-01-06 11:37:55', 'a8bc8cc3-56ee-4779-b26b-e88ba182340a', NULL, NULL, '2025-01-06 11:33:52', '2025-01-06 11:37:55', '2025-01-06 11:37:55', 2),
(19, 4, 'R2T-1736163604', '$25.00 google play x 1, ', 0.00, 250.00, 1, 2, '2025-01-06 11:41:37', 'Completed', 2, '2025-01-06 11:43:02', '79549c2f-3637-44af-a403-c3d51a3b52f1', NULL, NULL, '2025-01-06 11:40:04', '2025-01-06 11:43:02', '2025-01-06 11:43:02', 2),
(20, 4, 'R2T-1736164442', '$500.00 apple gift card/ itunes x 1, ', 0.00, 5000.00, 1, 2, '2025-01-06 11:54:19', 'Completed', 2, '2025-01-06 12:03:54', '908ffedf-1c2c-48bf-85a9-ecde4de63da6', NULL, NULL, '2025-01-06 11:54:02', '2025-01-06 12:03:54', '2025-01-06 12:03:54', 2),
(21, 47, 'R2T-1736343880', '$200.00 Ebay x 5, ', 0.00, 10000.00, 1, 2, '2025-01-08 13:45:30', 'Completed', 2, '2025-01-08 13:49:48', '17a2e985-214d-463d-bd8c-d62cd3735a11', NULL, NULL, '2025-01-08 13:44:40', '2025-01-08 13:49:48', '2025-01-08 13:49:48', 2),
(22, 47, 'R2T-1736344385', '$200.00 Amazon Card x 1, ', 0.00, 2000.00, 1, 2, '2025-01-08 13:53:19', 'Completed', 2, '2025-01-08 13:53:56', '613e0964-f5e1-4414-ad0d-fb62c54a8144', NULL, NULL, '2025-01-08 13:53:05', '2025-01-08 13:53:56', '2025-01-08 13:53:56', 2),
(23, 47, 'R2T-1736346680', '$50.00 apple gift card/ itunes x 1, ', 0.00, 500.00, 1, 2, '2025-01-08 14:31:43', 'Completed', 2, '2025-01-09 22:39:47', 'ca323f5c-1525-417e-a8b7-0b64ccf12296', NULL, NULL, '2025-01-08 14:31:20', '2025-01-09 22:39:47', '2025-01-09 22:39:47', 2),
(24, 47, 'R2T-1736384414', '$50.00 razor x 1, ', 0.00, 500.00, 1, 2, '2025-01-09 01:08:14', 'Completed', 2, '2025-01-09 01:08:32', '43e3f816-b768-4350-8eb5-ee16e6b1444a', NULL, NULL, '2025-01-09 01:00:14', '2025-01-09 01:08:32', '2025-01-09 01:08:32', 2),
(25, 41, 'R2T-1736710480', '$100.00 apple gift card/ itunes x 1, ', 0.00, 1000.00, 0, NULL, NULL, 'Pending', NULL, NULL, '33aa3205-2e24-4e99-8247-949c4beeecd5', NULL, NULL, '2025-01-12 19:34:40', '2025-01-12 19:34:40', NULL, NULL),
(26, 47, 'R2T-1736788979', '$200.00 Ebay x 1, ', 0.00, 2000.00, 0, NULL, NULL, 'Pending', NULL, NULL, 'ed9a3cb6-3e6e-4280-8e8c-31c0fd292bb7', NULL, NULL, '2025-01-13 17:22:59', '2025-01-13 17:22:59', NULL, NULL),
(27, 3, 'R2T-1737064049', '€100.00 Ebay x 1, ', 0.00, 1000.00, 0, NULL, NULL, 'Pending', NULL, NULL, 'f2596ebb-ed51-47be-92ab-907e41adbd60', NULL, NULL, '2025-01-16 21:47:29', '2025-01-16 21:47:29', NULL, NULL),
(28, 47, 'R2T-1737120270', '$400.00 razor x 1, ', 0.00, 4000.00, 0, NULL, NULL, 'Pending', NULL, NULL, '026977d0-1122-4b29-b582-a673fe13eae1', NULL, NULL, '2025-01-17 13:24:30', '2025-01-17 13:24:30', NULL, NULL),
(29, 63, 'R2T-1738098896', 'AU$50.00 apple gift card/ itunes x 1, ', 0.00, 500.00, 0, NULL, NULL, 'Pending', NULL, NULL, '0f59e7e4-7675-450c-a63e-00a35be902fe', NULL, NULL, '2025-01-28 21:14:56', '2025-01-28 21:14:56', NULL, NULL),
(30, 63, 'R2T-1738098920', 'AU$50.00 apple gift card/ itunes x 1, ', 0.00, 500.00, 0, NULL, NULL, 'Pending', NULL, NULL, '357714b7-a95d-4a18-8a5b-3d008876213b', NULL, NULL, '2025-01-28 21:15:20', '2025-01-28 21:15:20', NULL, NULL),
(31, 63, 'R2T-1738099393', '$100.00 steam x 11, ', 0.00, 11000.00, 0, NULL, NULL, 'Pending', NULL, NULL, 'c680d933-8a86-4f96-8726-f6ff9af6e455', NULL, NULL, '2025-01-28 21:23:13', '2025-01-28 21:23:13', NULL, NULL),
(32, 47, 'R2T-1738149034', '€100.00 Ebay x 1, ', 0.00, 1000.00, 0, NULL, NULL, 'Pending', NULL, NULL, '4bb73843-c81f-4b3e-a7c1-e0dbc3b9488c', NULL, NULL, '2025-01-29 11:10:34', '2025-01-29 11:10:34', NULL, NULL),
(33, 47, 'R2T-1738149752', '$50.00 steam x 2, ', 0.00, 1000.00, 0, NULL, NULL, 'Pending', NULL, NULL, 'f04ac40c-4fa3-4016-89e6-0b1c42826475', NULL, NULL, '2025-01-29 11:22:32', '2025-01-29 11:22:32', NULL, NULL),
(34, 64, 'R2T-1738149864', '$50.00 steam x 1, ', 0.00, 500.00, 0, NULL, NULL, 'Pending', NULL, NULL, '7ca22b54-7240-4a21-a185-ce0889503ff0', NULL, NULL, '2025-01-29 11:24:24', '2025-01-29 11:24:24', NULL, NULL),
(35, 47, 'R2T-1738159685', '€450.00 apple gift card/ itunes x 1, ', 0.00, 4500.00, 0, NULL, NULL, 'Pending', NULL, NULL, '3429f6b7-7219-4ddd-857c-2f9a2c4b6442', NULL, NULL, '2025-01-29 14:08:05', '2025-01-29 14:08:05', NULL, NULL),
(36, 47, 'R2T-1738170912', '€100.00 Ebay x 1, ', 0.00, 1000.00, 0, NULL, NULL, 'Pending', NULL, NULL, 'bbbee23b-6194-4127-a218-106772032d1e', NULL, NULL, '2025-01-29 17:15:12', '2025-01-29 17:15:12', NULL, NULL),
(37, 47, 'R2T-1738171632', '$350.00 apple gift card/ itunes x 1, ', 0.00, 3500.00, 0, NULL, NULL, 'Pending', NULL, NULL, '93a97796-6f60-487c-83cd-8e8a7eb4890a', NULL, NULL, '2025-01-29 17:27:12', '2025-01-29 17:27:12', NULL, NULL),
(38, 47, 'R2T-1738173222', '$400.00 apple gift card/ itunes x 1, ', 0.00, 4000.00, 0, NULL, NULL, 'Pending', NULL, NULL, '93ffe9fa-262b-4533-98ed-6d81cfb7a3cd', NULL, NULL, '2025-01-29 17:53:42', '2025-01-29 17:53:42', NULL, NULL),
(39, 47, 'R2T-1738232227', '€150.00 apple gift card/ itunes x 1, ', 0.00, 1500.00, 0, NULL, NULL, 'Pending', NULL, NULL, '0b41be40-94f6-40ce-afdd-1a3a2944e97a', NULL, NULL, '2025-01-30 10:17:07', '2025-01-30 10:17:07', NULL, NULL),
(40, 47, 'R2T-1738310466', '$350.00 apple gift card/ itunes x 1, ', 0.00, 3500.00, 0, NULL, NULL, 'Pending', NULL, NULL, '2ac2ae0e-468d-453f-9d31-cf097f6ecae1', NULL, NULL, '2025-01-31 08:01:06', '2025-01-31 08:01:06', NULL, NULL),
(41, 3, 'R2T-1741084184', '$100.00 Ebay x 1, ', 0.00, 1000.00, 1, 2, '2025-03-04 10:41:02', 'Accepted', NULL, NULL, '7ba3e459-450c-4dee-a5f5-281c7528ceef', NULL, NULL, '2025-03-04 10:29:44', '2025-03-04 10:41:03', NULL, NULL),
(42, 3, 'R2T-1741084269', '$100.00 Ebay x 1, ', 0.00, 1000.00, 0, NULL, NULL, 'Pending', NULL, NULL, '63f18dc9-e839-48cb-8ffb-96d62c899874', NULL, NULL, '2025-03-04 10:31:09', '2025-03-04 10:31:09', NULL, NULL),
(43, 80, 'R2T-1741436047', NULL, 0.00, 0.00, 0, NULL, NULL, 'Pending', NULL, NULL, '1537fd9a-fa94-4661-bed1-07d488e96214', NULL, NULL, '2025-03-08 12:14:07', '2025-03-08 12:14:07', NULL, NULL),
(44, 80, 'R2T-1741436049', NULL, 0.00, 0.00, 0, NULL, NULL, 'Pending', NULL, NULL, '63d8142b-3ec8-45a6-83b5-dc70d400f407', NULL, NULL, '2025-03-08 12:14:09', '2025-03-08 12:14:09', NULL, NULL);

-- --------------------------------------------------------

--
-- Table structure for table `trade_requests`
--

CREATE TABLE `trade_requests` (
  `id` varchar(50) NOT NULL,
  `request_by` int(11) NOT NULL,
  `send_to` int(11) NOT NULL,
  `trade_id` int(11) NOT NULL,
  `request_status` varchar(255) NOT NULL,
  `request_status_at` datetime DEFAULT NULL,
  `created_at` timestamp NULL DEFAULT NULL,
  `updated_at` timestamp NULL DEFAULT NULL,
  `accepted_by` int(11) DEFAULT NULL,
  `request_count` int(11) DEFAULT 1,
  `completed_trade_at` datetime DEFAULT NULL,
  `completed_trade_by` int(11) DEFAULT NULL,
  `source` varchar(50) DEFAULT NULL
) ENGINE=InnoDB DEFAULT CHARSET=utf8mb4 COLLATE=utf8mb4_unicode_ci;

--
-- Dumping data for table `trade_requests`
--

INSERT INTO `trade_requests` (`id`, `request_by`, `send_to`, `trade_id`, `request_status`, `request_status_at`, `created_at`, `updated_at`, `accepted_by`, `request_count`, `completed_trade_at`, `completed_trade_by`, `source`) VALUES
('0671cbe1-7cc9-4bc4-885d-3e61b6fb6b7d', 32, 2, 2, 'Accepted', '2024-12-01 22:29:46', '2024-12-01 22:28:53', '2024-12-23 19:44:24', 2, 1, '2024-12-23 19:44:24', 2, 'GiftCard'),
('0e9e34a1-471f-4314-bac2-ddf837e3699e', 47, 2, 23, 'Accepted', '2025-01-08 14:31:43', '2025-01-08 14:31:25', '2025-01-09 22:39:47', 2, 1, '2025-01-09 22:39:47', 2, 'Giftcard'),
('15eb6061-4517-4493-8261-c82e22df5d14', 47, 2, 22, 'Accepted', '2025-01-08 13:53:19', '2025-01-08 13:53:11', '2025-01-08 13:53:56', 2, 1, '2025-01-08 13:53:56', 2, 'Giftcard'),
('3071464e-bcd7-4774-a4ab-10514273f602', 39, 2, 5, 'Accepted', '2024-12-22 19:59:02', '2024-12-21 23:47:57', '2024-12-22 20:05:42', 2, 1, '2024-12-22 20:05:42', 2, 'Giftcard'),
('37dc1c1a-eff5-47bc-a8d7-f92786e510fc', 5, 2, 11, 'Accepted', '2024-12-22 20:20:38', '2024-12-22 20:15:34', '2024-12-22 20:40:17', 2, 1, '2024-12-22 20:40:17', 2, NULL),
('3bda3c7a-a99b-4658-ae39-70f107155071', 3, 2, 41, 'Accepted', '2025-03-04 10:41:02', '2025-03-04 10:30:02', '2025-03-04 10:41:02', 2, 1, NULL, NULL, NULL),
('48f2543f-551f-4b10-b401-3224d7ea3da7', 3, 2, 42, 'Pending', '2025-03-04 10:31:12', '2025-03-04 10:31:12', '2025-03-04 10:31:19', NULL, 1, NULL, NULL, NULL),
('610d00c9-56af-4f58-869a-f40adaa4390b', 3, 1, 41, 'Pending', '2025-03-04 10:30:00', '2025-03-04 10:30:00', '2025-03-04 10:30:10', NULL, 1, NULL, NULL, NULL),
('6c09986f-6d24-4d96-a260-963bc18ef975', 47, 2, 21, 'Accepted', '2025-01-08 13:45:30', '2025-01-08 13:44:54', '2025-01-08 13:49:48', 2, 1, '2025-01-08 13:49:48', 2, NULL),
('74e52b73-4a1a-4da3-90b3-cc511abb5ef9', 64, 4, 34, 'Pending', '2025-01-29 11:25:12', '2025-01-29 11:25:12', '2025-01-29 11:25:12', NULL, 1, NULL, NULL, NULL),
('76dfcf44-2e0c-457d-8e7b-8f4857152ea1', 4, 2, 18, 'Accepted', '2025-01-06 11:34:56', '2025-01-06 11:33:57', '2025-01-06 11:37:55', 2, 1, '2025-01-06 11:37:55', 2, NULL),
('838c419b-ef5e-41a8-8abf-91d5e3af02ac', 4, 2, 19, 'Accepted', '2025-01-06 11:41:37', '2025-01-06 11:41:16', '2025-01-06 11:43:02', 2, 1, '2025-01-06 11:43:02', 2, 'Giftcard'),
('9229006a-1736-42ba-bf2d-37fb0c9fe2ca', 40, 2, 15, 'Accepted', '2024-12-28 14:35:17', '2024-12-28 14:23:53', '2024-12-28 19:58:12', 2, 1, '2024-12-28 19:58:12', 2, 'Giftcard'),
('95f1bf58-7d17-4ff0-b8a8-6ce67ebfa7c4', 5, 2, 10, 'Accepted', '2024-12-22 20:08:55', '2024-12-22 20:08:37', '2024-12-22 20:11:11', 2, 1, '2024-12-22 20:11:11', 2, NULL),
('a5a6d194-04a3-4586-925f-a5807fb8b0e1', 41, 1, 25, 'Pending', '2025-01-12 19:35:21', '2025-01-12 19:35:21', '2025-01-12 19:35:22', NULL, 1, NULL, NULL, NULL),
('aee3f5fd-50e2-4df8-aac0-b2b527847085', 4, 2, 20, 'Accepted', '2025-01-06 11:54:19', '2025-01-06 11:54:06', '2025-01-06 12:03:54', 2, 1, '2025-01-06 12:03:54', 2, NULL),
('b179ec47-08fb-4ee1-95e8-b5777dfe444e', 3, 3, 41, 'Pending', '2025-03-04 10:30:04', '2025-03-04 10:30:04', '2025-03-04 10:30:04', NULL, 1, NULL, NULL, NULL),
('c50b8009-3e14-4e0f-bd21-cd0b8cc10cf3', 38, 3, 3, 'Pending', '2024-12-17 20:00:34', '2024-12-17 20:00:34', '2024-12-17 20:00:34', NULL, 1, NULL, NULL, NULL),
('c9f7df89-ccfc-46a5-8ffa-c3d4f55dd675', 4, 2, 17, 'Accepted', '2025-01-06 11:17:10', '2025-01-06 11:16:38', '2025-01-06 11:33:23', 2, 1, '2025-01-06 11:33:23', 2, NULL),
('d11b220a-9c32-44ea-a581-d468352789eb', 47, 2, 24, 'Accepted', '2025-01-09 01:08:14', '2025-01-09 01:01:11', '2025-01-09 01:08:32', 2, 1, '2025-01-09 01:08:32', 2, NULL),
('d6c0baf8-8209-4960-8989-58fd79197246', 42, 1, 16, 'Pending', '2025-01-03 07:25:48', '2025-01-03 07:25:48', '2025-01-03 07:25:48', NULL, 1, NULL, NULL, NULL),
('d7e8e49e-f54c-44e1-a380-8ed0342ed2a4', 39, 2, 4, 'Accepted', '2024-12-22 20:43:31', '2024-12-21 23:46:26', '2024-12-22 20:43:52', 2, 1, '2024-12-22 20:43:52', 2, NULL);

-- --------------------------------------------------------

--
-- Table structure for table `trading_card_details`
--

CREATE TABLE `trading_card_details` (
  `id` bigint(20) UNSIGNED NOT NULL,
  `trading_id` int(11) NOT NULL,
  `card_id` int(11) NOT NULL,
  `rate` double(10,2) NOT NULL,
  `amount` double(20,2) NOT NULL,
  `total_amount` double(20,2) NOT NULL,
  `refer_bonus` double(20,2) NOT NULL,
  `created_by` int(11) DEFAULT NULL,
  `updated_by` int(11) DEFAULT NULL,
  `trading_status` varchar(255) NOT NULL DEFAULT 'Pending',
  `approved_amount` decimal(12,2) DEFAULT NULL,
  `approved_refer_bonus` decimal(12,2) DEFAULT NULL,
  `approved_transaction_id` int(11) DEFAULT NULL,
  `trading_status_updated_by` varchar(255) DEFAULT NULL,
  `trading_status_updated_at` datetime DEFAULT NULL,
  `reason_for_decline` varchar(255) DEFAULT NULL,
  `_id` char(36) NOT NULL,
  `created_at` timestamp NULL DEFAULT NULL,
  `updated_at` timestamp NULL DEFAULT NULL,
  `referer_user_id` int(11) DEFAULT NULL,
  `currency` varchar(20) DEFAULT NULL
) ENGINE=InnoDB DEFAULT CHARSET=utf8mb4 COLLATE=utf8mb4_unicode_ci;

--
-- Dumping data for table `trading_card_details`
--

INSERT INTO `trading_card_details` (`id`, `trading_id`, `card_id`, `rate`, `amount`, `total_amount`, `refer_bonus`, `created_by`, `updated_by`, `trading_status`, `approved_amount`, `approved_refer_bonus`, `approved_transaction_id`, `trading_status_updated_by`, `trading_status_updated_at`, `reason_for_decline`, `_id`, `created_at`, `updated_at`, `referer_user_id`, `currency`) VALUES
(1, 1, 3, 0.00, 50.00, 0.00, 500.00, 5, NULL, 'Pending', NULL, NULL, NULL, NULL, NULL, NULL, 'c0e18db3-3ee4-4ec5-8b8d-db4ac8af5c77', '2024-11-24 19:43:54', '2024-11-24 19:43:54', NULL, '$'),
(2, 2, 4, 0.00, 50.00, 0.00, 500.00, 32, NULL, 'Decline', 0.00, 0.00, NULL, '2', '2024-12-01 22:43:20', 'customer was just trying the site', '63326fd1-e27e-476b-87b9-b8bba409c491', '2024-12-01 22:28:36', '2024-12-01 22:43:20', 24, '$'),
(3, 3, 3, 0.00, 500.00, 0.00, 5000.00, 38, NULL, 'Pending', NULL, NULL, NULL, NULL, NULL, NULL, '1a6c5682-fd48-4fda-8e6a-5744ea9fc42b', '2024-12-17 20:00:13', '2024-12-17 20:00:13', NULL, '$'),
(4, 4, 3, 0.00, 500.00, 0.00, 5000.00, 39, NULL, 'Pending', NULL, NULL, NULL, NULL, NULL, NULL, '669d609c-dbd6-48c3-be5a-15eb0c32fe41', '2024-12-21 23:46:18', '2024-12-21 23:46:18', NULL, '$'),
(5, 5, 3, 0.00, 500.00, 0.00, 5000.00, 39, NULL, 'Pending', NULL, NULL, NULL, NULL, NULL, NULL, '15dcc88f-5cc9-4b2c-8aaa-459c22795492', '2024-12-21 23:47:53', '2024-12-21 23:47:53', NULL, '$'),
(6, 6, 3, 0.00, 50.00, 0.00, 500.00, 3, NULL, 'Pending', NULL, NULL, NULL, NULL, NULL, NULL, '4b363f96-a751-4f0e-92b3-e6806deed715', '2024-12-22 05:37:28', '2024-12-22 05:37:28', NULL, '$'),
(7, 7, 7, 0.00, 25.00, 0.00, 250.00, 3, NULL, 'Pending', NULL, NULL, NULL, NULL, NULL, NULL, 'd03430b9-2e58-45e3-8ba9-c6957ada005b', '2024-12-22 07:29:21', '2024-12-22 07:29:21', NULL, '$'),
(8, 8, 4, 0.00, 50.00, 0.00, 500.00, 3, NULL, 'Pending', NULL, NULL, NULL, NULL, NULL, NULL, '1c6dd453-3db1-4672-bf7c-86fadd1f69f6', '2024-12-22 07:31:35', '2024-12-22 07:31:35', NULL, '$'),
(9, 9, 2, 0.00, 100.00, 0.00, 1000.00, 3, NULL, 'Pending', NULL, NULL, NULL, NULL, NULL, NULL, 'b58d6f8b-eb2e-43bc-b488-4ae99392df0b', '2024-12-22 19:36:15', '2024-12-22 19:36:15', NULL, '$'),
(10, 10, 2, 0.00, 100.00, 0.00, 1000.00, 5, NULL, 'Pending', NULL, NULL, NULL, NULL, NULL, NULL, '29dd23e6-bc5b-4727-a264-c49ced956788', '2024-12-22 20:08:35', '2024-12-22 20:08:35', NULL, '$'),
(11, 11, 3, 1.00, 50.00, 50.00, 500.00, 5, NULL, 'Redeem', 50.00, 500.00, 1, '2', '2024-12-22 20:36:56', NULL, '18be36fd-e565-4ed3-b642-c9dc71332846', '2024-12-22 20:15:29', '2024-12-22 20:36:56', NULL, '$'),
(12, 12, 2, 0.00, 100.00, 0.00, 1000.00, 3, NULL, 'Pending', NULL, NULL, NULL, NULL, NULL, NULL, '0971cf5f-2469-4c3c-b36f-cee4f6440319', '2024-12-23 04:01:14', '2024-12-23 04:01:14', NULL, '$'),
(13, 13, 4, 0.00, 50.00, 0.00, 500.00, 3, NULL, 'Pending', NULL, NULL, NULL, NULL, NULL, NULL, '39a70ede-5df2-4d35-ad6b-87c6654a8aa1', '2024-12-23 04:19:44', '2024-12-23 04:19:44', NULL, '$'),
(14, 14, 3, 0.00, 50.00, 0.00, 500.00, 41, NULL, 'Pending', NULL, NULL, NULL, NULL, NULL, NULL, '5c9959b3-5b2d-4b85-a549-6a215bcb03f0', '2024-12-25 22:17:53', '2024-12-25 22:17:53', NULL, '$'),
(15, 15, 3, 0.00, 500.00, 0.00, 5000.00, 40, NULL, 'Decline', 0.00, 0.00, NULL, '2', '2024-12-28 19:57:46', 'no response from the customer', '85eb9615-0d59-4ba6-82b1-5b6e4054f8d1', '2024-12-28 14:23:45', '2024-12-28 19:57:46', NULL, '$'),
(16, 16, 1, 0.00, 250.00, 0.00, 2500.00, 42, NULL, 'Pending', NULL, NULL, NULL, NULL, NULL, NULL, 'dc90b775-a264-4d1a-ab1d-0df6be251651', '2025-01-03 07:25:36', '2025-01-03 07:25:36', NULL, 'CAN$'),
(17, 16, 1, 0.00, 250.00, 0.00, 2500.00, 42, NULL, 'Pending', NULL, NULL, NULL, NULL, NULL, NULL, '2048d346-1fe8-4544-a9ad-c11f01a000cc', '2025-01-03 07:25:36', '2025-01-03 07:25:36', NULL, 'CAN$'),
(18, 16, 1, 0.00, 250.00, 0.00, 2500.00, 42, NULL, 'Pending', NULL, NULL, NULL, NULL, NULL, NULL, '93427645-63ce-43a7-842f-e3baff864e23', '2025-01-03 07:25:36', '2025-01-03 07:25:36', NULL, 'CAN$'),
(19, 16, 1, 0.00, 250.00, 0.00, 2500.00, 42, NULL, 'Pending', NULL, NULL, NULL, NULL, NULL, NULL, '6ecc551f-221c-4129-a86a-816f0fc3195a', '2025-01-03 07:25:36', '2025-01-03 07:25:36', NULL, 'CAN$'),
(20, 16, 1, 0.00, 250.00, 0.00, 2500.00, 42, NULL, 'Pending', NULL, NULL, NULL, NULL, NULL, NULL, '72c0baca-6d8d-427d-9c16-17da39928301', '2025-01-03 07:25:36', '2025-01-03 07:25:36', NULL, 'CAN$'),
(21, 16, 1, 0.00, 250.00, 0.00, 2500.00, 42, NULL, 'Pending', NULL, NULL, NULL, NULL, NULL, NULL, '4c8f99eb-a218-4e20-bdb5-3b3e5c6795b4', '2025-01-03 07:25:36', '2025-01-03 07:25:36', NULL, 'CAN$'),
(22, 16, 1, 0.00, 250.00, 0.00, 2500.00, 42, NULL, 'Pending', NULL, NULL, NULL, NULL, NULL, NULL, '1a1fac98-8888-4bbd-80c0-e6e7403d79c1', '2025-01-03 07:25:36', '2025-01-03 07:25:36', NULL, 'CAN$'),
(23, 16, 1, 0.00, 250.00, 0.00, 2500.00, 42, NULL, 'Pending', NULL, NULL, NULL, NULL, NULL, NULL, '842c9204-15f9-416a-8f98-6978a8de8c75', '2025-01-03 07:25:36', '2025-01-03 07:25:36', NULL, 'CAN$'),
(24, 16, 1, 0.00, 250.00, 0.00, 2500.00, 42, NULL, 'Pending', NULL, NULL, NULL, NULL, NULL, NULL, '9ceae841-6398-4643-a16f-d246a7b4d710', '2025-01-03 07:25:36', '2025-01-03 07:25:36', NULL, 'CAN$'),
(25, 16, 1, 0.00, 250.00, 0.00, 2500.00, 42, NULL, 'Pending', NULL, NULL, NULL, NULL, NULL, NULL, '959d2a44-e2cf-409e-a3ca-eadf46566647', '2025-01-03 07:25:36', '2025-01-03 07:25:36', NULL, 'CAN$'),
(26, 16, 1, 0.00, 250.00, 0.00, 2500.00, 42, NULL, 'Pending', NULL, NULL, NULL, NULL, NULL, NULL, '2e8ddc69-e359-42ed-8b38-309475750dce', '2025-01-03 07:25:36', '2025-01-03 07:25:36', NULL, 'CAN$'),
(27, 17, 4, 1.00, 50.00, 50.00, 500.00, 4, NULL, 'Redeem', 50.00, 500.00, 4, '2', '2025-01-06 11:30:25', NULL, '67ce5a31-917b-479a-8386-c575537f43f5', '2025-01-06 11:16:30', '2025-01-06 11:30:25', NULL, 'AU$'),
(28, 17, 1, 1.00, 100.00, 100.00, 1000.00, 4, NULL, 'Redeem', 100.00, 1000.00, 5, '2', '2025-01-06 11:33:12', NULL, '0214ca8f-4670-4df3-abc4-88049842bf84', '2025-01-06 11:16:30', '2025-01-06 11:33:12', NULL, '$'),
(29, 18, 1, 1.00, 100.00, 100.00, 1000.00, 4, NULL, 'Redeem', 100.00, 1000.00, 6, '2', '2025-01-06 11:35:36', NULL, '7d01df00-0678-43d8-8704-1979860b843b', '2025-01-06 11:33:52', '2025-01-06 11:35:36', NULL, '$'),
(30, 19, 6, 1.00, 25.00, 25.00, 250.00, 4, NULL, 'Redeem', 25.00, 250.00, 7, '2', '2025-01-06 11:42:05', NULL, '67802f13-cfd8-477f-bb6b-c03b1c364db6', '2025-01-06 11:40:04', '2025-01-06 11:42:05', NULL, '$'),
(31, 20, 3, 1.00, 500.00, 500.00, 5000.00, 4, NULL, 'Redeem', 500.00, 5000.00, 8, '2', '2025-01-06 12:01:31', NULL, '98d0a77d-8ac2-4603-96c3-7671f2bbd351', '2025-01-06 11:54:02', '2025-01-06 12:01:31', NULL, '$'),
(32, 21, 2, 100.00, 200.00, 20000.00, 2000.00, 47, NULL, 'Redeem', 20000.00, 2000.00, 19, '2', '2025-01-08 13:47:12', NULL, 'cdb0529f-ad26-46f0-9ed0-e5571afec13c', '2025-01-08 13:44:40', '2025-01-08 13:47:12', 3, '$'),
(33, 21, 2, 100.00, 200.00, 20000.00, 2000.00, 47, NULL, 'Redeem', 20000.00, 2000.00, 20, '2', '2025-01-08 13:47:22', NULL, '83ebbf52-061a-45d5-b7ed-e1b7835c07f3', '2025-01-08 13:44:40', '2025-01-08 13:47:22', 3, '$'),
(34, 21, 2, 0.00, 200.00, 0.00, 2000.00, 47, NULL, 'Decline', 0.00, 0.00, NULL, '2', '2025-01-08 13:48:46', 'its a used card', 'fb5853d3-927d-42c7-b21f-b3e703e276e3', '2025-01-08 13:44:40', '2025-01-08 13:48:46', 3, '$'),
(35, 21, 2, 70.00, 200.00, 14000.00, 2000.00, 47, NULL, 'Redeem', 14000.00, 2000.00, 21, '2', '2025-01-08 13:49:20', 'its a used card', 'ff2db25e-bf30-4197-9e81-e8c6334215af', '2025-01-08 13:44:40', '2025-01-08 13:49:20', 3, '$'),
(36, 21, 2, 80.00, 200.00, 16000.00, 2000.00, 47, NULL, 'Redeem', 16000.00, 2000.00, 22, '2', '2025-01-08 13:49:34', NULL, 'd6ad30cc-2538-4dab-80fe-4ae16e166060', '2025-01-08 13:44:40', '2025-01-08 13:49:34', 3, '$'),
(37, 22, 1, 150.00, 200.00, 30000.00, 2000.00, 47, NULL, 'Redeem', 30000.00, 2000.00, 23, '2', '2025-01-08 13:53:47', NULL, '21518bd3-2ec4-4e69-aec0-0612c8897b63', '2025-01-08 13:53:05', '2025-01-08 13:53:47', 3, '$'),
(38, 23, 3, 20.00, 50.00, 1000.00, 500.00, 47, NULL, 'Redeem', 1000.00, 500.00, 24, '2', '2025-01-08 14:32:01', NULL, '57f28e37-6035-43f1-822e-c28f27e56601', '2025-01-08 14:31:20', '2025-01-08 14:32:01', 3, '$'),
(39, 24, 5, 15.00, 50.00, 750.00, 500.00, 47, NULL, 'Redeem', 750.00, 500.00, 25, '2', '2025-01-09 01:08:26', NULL, '58edb7f9-35d7-4034-ae98-cafd5b90996b', '2025-01-09 01:00:14', '2025-01-09 01:08:26', 3, '$'),
(40, 25, 3, 0.00, 100.00, 0.00, 1000.00, 41, NULL, 'Pending', NULL, NULL, NULL, NULL, NULL, NULL, '33c52c3d-11e3-4afe-9d49-954566848465', '2025-01-12 19:34:40', '2025-01-12 19:34:40', NULL, '$'),
(41, 26, 2, 0.00, 200.00, 0.00, 2000.00, 47, NULL, 'Pending', NULL, NULL, NULL, NULL, NULL, NULL, '16869e09-5213-4e6f-95b1-c2460a2af824', '2025-01-13 17:22:59', '2025-01-13 17:22:59', 3, '$'),
(42, 27, 2, 0.00, 100.00, 0.00, 1000.00, 3, NULL, 'Pending', NULL, NULL, NULL, NULL, NULL, NULL, '2748f9c6-2a79-4859-983c-0a1c94d9b12a', '2025-01-16 21:47:29', '2025-01-16 21:47:29', NULL, '€'),
(43, 28, 5, 0.00, 400.00, 0.00, 4000.00, 47, NULL, 'Pending', NULL, NULL, NULL, NULL, NULL, NULL, 'cf0228e5-c385-40d8-89be-cc68045d8b6d', '2025-01-17 13:24:30', '2025-01-17 13:24:30', 3, '$'),
(44, 29, 3, 0.00, 50.00, 0.00, 500.00, 63, NULL, 'Pending', NULL, NULL, NULL, NULL, NULL, NULL, 'fbfc4c50-bba0-4a3a-95f5-888080d8f4cb', '2025-01-28 21:14:56', '2025-01-28 21:14:56', NULL, 'AU$'),
(45, 30, 3, 0.00, 50.00, 0.00, 500.00, 63, NULL, 'Pending', NULL, NULL, NULL, NULL, NULL, NULL, '35e4b8dc-6c76-4c23-9d44-43efabc5741b', '2025-01-28 21:15:20', '2025-01-28 21:15:20', NULL, 'AU$'),
(46, 31, 4, 0.00, 100.00, 0.00, 1000.00, 63, NULL, 'Pending', NULL, NULL, NULL, NULL, NULL, NULL, 'dd9c7e45-8301-4d6e-9118-81cad856160c', '2025-01-28 21:23:13', '2025-01-28 21:23:13', NULL, '$'),
(47, 31, 4, 0.00, 100.00, 0.00, 1000.00, 63, NULL, 'Pending', NULL, NULL, NULL, NULL, NULL, NULL, 'f5f3872a-fe9d-4edb-9458-6bd38269f57d', '2025-01-28 21:23:13', '2025-01-28 21:23:13', NULL, '$'),
(48, 31, 4, 0.00, 100.00, 0.00, 1000.00, 63, NULL, 'Pending', NULL, NULL, NULL, NULL, NULL, NULL, '9f20c1a2-4483-4ae2-99e2-58edfa6e8fd1', '2025-01-28 21:23:13', '2025-01-28 21:23:13', NULL, '$'),
(49, 31, 4, 0.00, 100.00, 0.00, 1000.00, 63, NULL, 'Pending', NULL, NULL, NULL, NULL, NULL, NULL, '9daec8c3-8a9b-4ed7-9e74-6d832f6deaf9', '2025-01-28 21:23:13', '2025-01-28 21:23:13', NULL, '$'),
(50, 31, 4, 0.00, 100.00, 0.00, 1000.00, 63, NULL, 'Pending', NULL, NULL, NULL, NULL, NULL, NULL, 'a4ea5f55-8796-4210-8f32-6bcef6e768d0', '2025-01-28 21:23:13', '2025-01-28 21:23:13', NULL, '$'),
(51, 31, 4, 0.00, 100.00, 0.00, 1000.00, 63, NULL, 'Pending', NULL, NULL, NULL, NULL, NULL, NULL, 'a57b257e-1f1e-4ef2-81f5-9314fbacba2f', '2025-01-28 21:23:13', '2025-01-28 21:23:13', NULL, '$'),
(52, 31, 4, 0.00, 100.00, 0.00, 1000.00, 63, NULL, 'Pending', NULL, NULL, NULL, NULL, NULL, NULL, '4d68dc6f-8bd0-4872-8d7c-61792f0a5b13', '2025-01-28 21:23:13', '2025-01-28 21:23:13', NULL, '$'),
(53, 31, 4, 0.00, 100.00, 0.00, 1000.00, 63, NULL, 'Pending', NULL, NULL, NULL, NULL, NULL, NULL, '62d6998b-5907-4259-a53e-61cb841e9bae', '2025-01-28 21:23:13', '2025-01-28 21:23:13', NULL, '$'),
(54, 31, 4, 0.00, 100.00, 0.00, 1000.00, 63, NULL, 'Pending', NULL, NULL, NULL, NULL, NULL, NULL, '17d7e0dd-65ff-4d65-ae39-5092abcd719e', '2025-01-28 21:23:13', '2025-01-28 21:23:13', NULL, '$'),
(55, 31, 4, 0.00, 100.00, 0.00, 1000.00, 63, NULL, 'Pending', NULL, NULL, NULL, NULL, NULL, NULL, '4fd20c0d-e3a5-43d2-b9b7-832e592d2433', '2025-01-28 21:23:13', '2025-01-28 21:23:13', NULL, '$'),
(56, 31, 4, 0.00, 100.00, 0.00, 1000.00, 63, NULL, 'Pending', NULL, NULL, NULL, NULL, NULL, NULL, '2004e7a3-22b3-44ed-9786-015aa049fb0e', '2025-01-28 21:23:13', '2025-01-28 21:23:13', NULL, '$'),
(57, 32, 2, 0.00, 100.00, 0.00, 1000.00, 47, NULL, 'Pending', NULL, NULL, NULL, NULL, NULL, NULL, 'a25e732f-ef25-4132-8396-ac5bc3236c0b', '2025-01-29 11:10:34', '2025-01-29 11:10:34', 3, '€'),
(58, 33, 4, 0.00, 50.00, 0.00, 500.00, 47, NULL, 'Pending', NULL, NULL, NULL, NULL, NULL, NULL, 'c32ba40e-1db2-4c95-862f-621ea834eca7', '2025-01-29 11:22:32', '2025-01-29 11:22:32', 3, '$'),
(59, 33, 4, 0.00, 50.00, 0.00, 500.00, 47, NULL, 'Pending', NULL, NULL, NULL, NULL, NULL, NULL, 'bc39cb93-7174-4be3-b0ac-d3a194c68145', '2025-01-29 11:22:32', '2025-01-29 11:22:32', 3, '$'),
(60, 34, 4, 0.00, 50.00, 0.00, 500.00, 64, NULL, 'Pending', NULL, NULL, NULL, NULL, NULL, NULL, '6a2113ff-65b5-4a02-975d-421092fd7e72', '2025-01-29 11:24:24', '2025-01-29 11:24:24', NULL, '$'),
(61, 35, 3, 0.00, 450.00, 0.00, 4500.00, 47, NULL, 'Pending', NULL, NULL, NULL, NULL, NULL, NULL, 'a0f7d682-4148-42ac-8674-6f666a414563', '2025-01-29 14:08:05', '2025-01-29 14:08:05', 3, '€'),
(62, 36, 2, 0.00, 100.00, 0.00, 1000.00, 47, NULL, 'Pending', NULL, NULL, NULL, NULL, NULL, NULL, 'e8d971d7-6d7d-4ff4-8323-f19dec9dbbe4', '2025-01-29 17:15:12', '2025-01-29 17:15:12', 3, '€'),
(63, 37, 3, 0.00, 350.00, 0.00, 3500.00, 47, NULL, 'Pending', NULL, NULL, NULL, NULL, NULL, NULL, 'daa7ed12-9999-430a-946f-93c04907d45a', '2025-01-29 17:27:12', '2025-01-29 17:27:12', 3, '$'),
(64, 38, 3, 0.00, 400.00, 0.00, 4000.00, 47, NULL, 'Pending', NULL, NULL, NULL, NULL, NULL, NULL, '81eae19b-0e6f-4dfc-b782-a542d0ef89ed', '2025-01-29 17:53:42', '2025-01-29 17:53:42', 3, '$'),
(65, 39, 3, 0.00, 150.00, 0.00, 1500.00, 47, NULL, 'Pending', NULL, NULL, NULL, NULL, NULL, NULL, '2847e853-65bf-4ef9-a881-ae0a3aeeb503', '2025-01-30 10:17:07', '2025-01-30 10:17:07', 3, '€'),
(66, 40, 3, 0.00, 350.00, 0.00, 3500.00, 47, NULL, 'Pending', NULL, NULL, NULL, NULL, NULL, NULL, 'f003d312-deda-438d-8425-be1195541025', '2025-01-31 08:01:06', '2025-01-31 08:01:06', 3, '$'),
(67, 41, 2, 0.00, 100.00, 0.00, 1000.00, 3, NULL, 'Pending', NULL, NULL, NULL, NULL, NULL, NULL, '8695e393-7f88-407e-8911-953955804425', '2025-03-04 10:29:44', '2025-03-04 10:29:44', NULL, '$'),
(68, 42, 2, 0.00, 100.00, 0.00, 1000.00, 3, NULL, 'Pending', NULL, NULL, NULL, NULL, NULL, NULL, 'd355c178-0353-4432-8e1b-c18f8db623b4', '2025-03-04 10:31:09', '2025-03-04 10:31:09', NULL, '$');

-- --------------------------------------------------------

--
-- Table structure for table `trading_messages`
--

CREATE TABLE `trading_messages` (
  `id` char(36) NOT NULL,
  `from_id` bigint(20) NOT NULL,
  `request_id` varchar(50) NOT NULL,
  `trading_id` int(11) NOT NULL,
  `to_id` bigint(20) NOT NULL,
  `body` varchar(5000) DEFAULT NULL,
  `attachment` varchar(255) DEFAULT NULL,
  `seen` tinyint(1) NOT NULL DEFAULT 0,
  `created_at` timestamp NULL DEFAULT NULL,
  `updated_at` timestamp NULL DEFAULT NULL
) ENGINE=InnoDB DEFAULT CHARSET=utf8mb4 COLLATE=utf8mb4_unicode_ci;

--
-- Dumping data for table `trading_messages`
--

INSERT INTO `trading_messages` (`id`, `from_id`, `request_id`, `trading_id`, `to_id`, `body`, `attachment`, `seen`, `created_at`, `updated_at`) VALUES
('041049b6-8d51-4ff0-8ad0-0ed9b280b380', 2, '6c09986f-6d24-4d96-a260-963bc18ef975', 21, 47, 'Ebay - $200 trade successful you wallet has been credited', NULL, 1, '2025-01-08 13:49:20', '2025-01-08 13:50:09'),
('05609341-d134-4b76-bc2c-7ff7744790cc', 2, '3bda3c7a-a99b-4658-ae39-70f107155071', 41, 3, 'Hello My Name is BILL GATE, Let start trading', NULL, 0, '2025-03-04 10:37:09', '2025-03-04 10:37:09'),
('077c16a7-f5bd-4edc-a8ab-da4a07ae0ca6', 2, '838c419b-ef5e-41a8-8abf-91d5e3af02ac', 19, 4, 'google play - $25 trade successful you wallet has been credited', NULL, 1, '2025-01-06 11:42:05', '2025-01-06 11:42:55'),
('0b904dfe-6dc0-43cf-a6c9-3bb76f493adf', 5, '37dc1c1a-eff5-47bc-a8d7-f92786e510fc', 11, 2, 'I have completed a trade, the funds hasn&rsquo;t reflected', NULL, 1, '2024-12-22 20:20:24', '2024-12-22 20:20:24'),
('0c2eca59-47e7-4446-8124-be7d83f55b68', 2, '838c419b-ef5e-41a8-8abf-91d5e3af02ac', 19, 4, 'Hello My Name is BILL GATE, Let start trading', NULL, 1, '2025-01-06 11:41:37', '2025-01-06 11:42:55'),
('0e6176be-8f52-494c-a3d9-aad8cc0afbbd', 2, '3bda3c7a-a99b-4658-ae39-70f107155071', 41, 3, 'Hello My Name is BILL GATE, Let start trading', NULL, 0, '2025-03-04 10:38:51', '2025-03-04 10:38:51'),
('0fc4c18d-b50e-4b5d-93be-b4bb2604e538', 2, '37dc1c1a-eff5-47bc-a8d7-f92786e510fc', 11, 5, 'apple gift card/ itunes - $50 trade successful you wallet has been credited', NULL, 1, '2024-12-22 20:36:56', '2024-12-22 20:37:01'),
('168228a6-b89d-4e9b-8a02-624616867456', 2, 'c9f7df89-ccfc-46a5-8ffa-c3d4f55dd675', 17, 4, 'Amazon Card - $100 trade successful you wallet has been credited', NULL, 0, '2025-01-06 11:33:12', '2025-01-06 11:33:12'),
('17727205-fd9c-4c4b-a768-6b593f3c8a36', 2, '0671cbe1-7cc9-4bc4-885d-3e61b6fb6b7d', 2, 32, 'Good evening sir', NULL, 0, '2024-12-01 22:30:53', '2024-12-01 22:30:53'),
('20b7a39f-dc5e-4716-8436-28d12e8c49f0', 2, 'aee3f5fd-50e2-4df8-aac0-b2b527847085', 20, 4, 'the rate fluctuates it is never constant', NULL, 1, '2025-01-06 12:00:40', '2025-01-06 12:00:44'),
('2128a346-97ad-459d-b951-fc67e45cecf5', 2, '3bda3c7a-a99b-4658-ae39-70f107155071', 41, 3, 'Hello My Name is BILL GATE, Let start trading', NULL, 0, '2025-03-04 10:39:24', '2025-03-04 10:39:24'),
('24549929-da9c-4a8b-92e7-9a81a5b77c33', 2, '9229006a-1736-42ba-bf2d-37fb0c9fe2ca', 15, 40, 'hello sir', NULL, 0, '2024-12-28 14:35:41', '2024-12-28 14:35:41'),
('269b589c-153e-4427-850c-78c5357b7f3b', 2, '0671cbe1-7cc9-4bc4-885d-3e61b6fb6b7d', 2, 32, 'Trading of $50.00 steam x 1,  is Completed at 2024-12-23 19:44:24', NULL, 0, '2024-12-23 19:44:24', '2024-12-23 19:44:24'),
('271af280-7f41-4554-9df6-18815e18f950', 2, '76dfcf44-2e0c-457d-8e7b-8f4857152ea1', 18, 4, 'Amazon Card - $100 trade successful you wallet has been credited', NULL, 1, '2025-01-06 11:35:36', '2025-01-06 11:37:21'),
('275616a5-0489-4f5a-b86b-4d6ba4f7db34', 2, '9229006a-1736-42ba-bf2d-37fb0c9fe2ca', 15, 40, 'are here?', NULL, 0, '2024-12-28 14:35:55', '2024-12-28 14:35:55'),
('2802f2df-14ee-4a04-ac9c-c8d25ee761a5', 2, '6c09986f-6d24-4d96-a260-963bc18ef975', 21, 47, 'Trading of $200.00 Ebay x 5,  is Completed at 2025-01-08 13:49:48', NULL, 1, '2025-01-08 13:49:48', '2025-01-08 13:50:09'),
('28218eac-2ac4-4ac7-abf2-aa5efba785dc', 4, 'aee3f5fd-50e2-4df8-aac0-b2b527847085', 20, 2, 'Alright no problem \r\nYou can proceed', NULL, 1, '2025-01-06 12:01:15', '2025-01-06 12:01:16'),
('2899515c-5bd3-4c87-908f-a0b7a0701cc9', 2, '76dfcf44-2e0c-457d-8e7b-8f4857152ea1', 18, 4, 'Trading of $100.00 Amazon Card x 1,  is Completed at 2025-01-06 11:37:55', NULL, 0, '2025-01-06 11:37:55', '2025-01-06 11:37:55'),
('2c1bf4cd-ce27-4d61-a454-077a82c4ae67', 2, '0e9e34a1-471f-4314-bac2-ddf837e3699e', 23, 47, 'Trading of $50.00 apple gift card/ itunes x 1,  is Completed at 2025-01-09 22:39:47', NULL, 0, '2025-01-09 22:39:47', '2025-01-09 22:39:47'),
('2cd06e42-4325-4bd0-8242-16c932827791', 3, '48f2543f-551f-4b10-b401-3224d7ea3da7', 42, 2, 'Hi', NULL, 0, '2025-03-04 10:31:25', '2025-03-04 10:31:25'),
('2f80a95d-8fb0-4b4a-8eab-0fc2503eaed7', 2, '76dfcf44-2e0c-457d-8e7b-8f4857152ea1', 18, 4, 'Hello My Name is BILL GATE, Let start trading', NULL, 1, '2025-01-06 11:34:56', '2025-01-06 11:35:22'),
('2f8102da-8829-4815-8ec9-45d2e25cc233', 5, '37dc1c1a-eff5-47bc-a8d7-f92786e510fc', 11, 2, 'Hello', NULL, 1, '2024-12-22 20:15:46', '2024-12-22 20:19:41'),
('3171781b-6c26-4694-8746-4463d7cf5137', 2, 'aee3f5fd-50e2-4df8-aac0-b2b527847085', 20, 4, 'Thanks for your understanding and trading with Refer2trade.', NULL, 1, '2025-01-06 12:03:15', '2025-01-06 12:03:22'),
('32495bbb-3562-4b2d-92ad-4af1d0cebb0a', 2, '3bda3c7a-a99b-4658-ae39-70f107155071', 41, 3, 'Hello My Name is BILL GATE, Let start trading', NULL, 0, '2025-03-04 10:37:29', '2025-03-04 10:37:29'),
('33fd6301-b72c-4f65-a61c-45851531b597', 2, '95f1bf58-7d17-4ff0-b8a8-6ce67ebfa7c4', 10, 5, 'yes i am', NULL, 1, '2024-12-22 20:09:55', '2024-12-22 20:09:56'),
('3492591f-8a94-4013-a9d3-8e7478cc3e24', 2, 'd7e8e49e-f54c-44e1-a380-8ed0342ed2a4', 4, 39, 'Hello My Name is BILL GATE, Let start trading', NULL, 0, '2024-12-22 20:43:31', '2024-12-22 20:43:31'),
('3d212fc4-c40c-4ada-8e40-9569b441bdbc', 2, 'c9f7df89-ccfc-46a5-8ffa-c3d4f55dd675', 17, 4, 'steam - $50 trade successful you wallet has been credited', NULL, 1, '2025-01-06 11:30:25', '2025-01-06 11:31:52'),
('3e11799a-ee23-48f1-b321-cf9bb85f5363', 2, '37dc1c1a-eff5-47bc-a8d7-f92786e510fc', 11, 5, 'Trading of $50.00 apple gift card/ itunes x 1,  is Completed at 2024-12-22 20:40:17', NULL, 0, '2024-12-22 20:40:17', '2024-12-22 20:40:17'),
('413e8c09-e581-49b5-9ba0-871f3be8b3df', 2, '838c419b-ef5e-41a8-8abf-91d5e3af02ac', 19, 4, 'Trading of $25.00 google play x 1,  is Completed at 2025-01-06 11:43:02', NULL, 1, '2025-01-06 11:43:02', '2025-01-06 11:53:12'),
('47a9449c-f403-417e-a25c-e8517aa05046', 2, 'aee3f5fd-50e2-4df8-aac0-b2b527847085', 20, 4, 'Good day sir', NULL, 1, '2025-01-06 11:55:12', '2025-01-06 11:55:13'),
('4940c86b-c48d-4c19-8898-5b1cab2845fa', 5, '37dc1c1a-eff5-47bc-a8d7-f92786e510fc', 11, 2, '', '{\"new_name\":\"3195125c-7323-4394-86d0-107dfee54786.jpg\",\"old_name\":\"7398f5ab-ce3f-410a-a9fe-acee05069238.jpeg\"}', 1, '2024-12-22 20:26:08', '2024-12-22 20:26:09'),
('4a0b7bb7-094c-436f-804b-096aa1ec03bb', 2, 'd11b220a-9c32-44ea-a581-d468352789eb', 24, 47, 'Trading of $50.00 razor x 1,  is Completed at 2025-01-09 01:08:32', NULL, 1, '2025-01-09 01:08:32', '2025-01-13 07:24:41'),
('5000aa11-9b3d-4222-8986-cda400bd9323', 2, 'c9f7df89-ccfc-46a5-8ffa-c3d4f55dd675', 17, 4, 'please open another chat for the second card', NULL, 1, '2025-01-06 11:31:23', '2025-01-06 11:31:52'),
('55022d69-001a-44b2-a341-0b7664947066', 2, '6c09986f-6d24-4d96-a260-963bc18ef975', 21, 47, 'Ebay - $200 trade successful you wallet has been credited', NULL, 1, '2025-01-08 13:47:22', '2025-01-08 13:50:09'),
('5680ce8d-79b0-422d-ad3d-136f1738c905', 2, 'aee3f5fd-50e2-4df8-aac0-b2b527847085', 20, 4, 'apple gift card/ itunes - $500 trade successful you wallet has been credited', NULL, 1, '2025-01-06 12:01:31', '2025-01-06 12:03:22'),
('57885efa-61fe-4c52-8d1c-5c670cd62835', 2, '3bda3c7a-a99b-4658-ae39-70f107155071', 41, 3, 'Hello My Name is BILL GATE, Let start trading', NULL, 0, '2025-03-04 10:39:03', '2025-03-04 10:39:03'),
('578d77a1-14c2-4248-808b-a54026ad7159', 2, 'aee3f5fd-50e2-4df8-aac0-b2b527847085', 20, 4, 'i&#039;m sorry sir this is the best rate you can get anywhere right now', NULL, 1, '2025-01-06 11:59:38', '2025-01-06 11:59:59'),
('58968daf-6e81-426b-bc98-670a1d6f2dd3', 2, '15eb6061-4517-4493-8261-c82e22df5d14', 22, 47, 'Trading of $200.00 Amazon Card x 1,  is Completed at 2025-01-08 13:53:56', NULL, 1, '2025-01-08 13:53:56', '2025-01-08 13:54:01'),
('595d8c55-e5d2-4563-a6f7-e39008f84a17', 5, '95f1bf58-7d17-4ff0-b8a8-6ce67ebfa7c4', 10, 2, 'Hi', NULL, 1, '2024-12-22 20:08:46', '2024-12-22 20:08:53'),
('5b34d810-e63f-43bd-be6d-db40de7f4cfa', 39, 'd7e8e49e-f54c-44e1-a380-8ed0342ed2a4', 4, 2, 'I need to talk with Leo from your company', NULL, 1, '2024-12-21 23:47:07', '2024-12-22 00:06:02'),
('5b93030b-10ea-4663-bcf3-9079619377fb', 4, '76dfcf44-2e0c-457d-8e7b-8f4857152ea1', 18, 2, 'Hi, I&rsquo;m here for the second card', NULL, 1, '2025-01-06 11:34:44', '2025-01-06 11:34:59'),
('5bfbe146-5e4f-44b1-be6c-14b3255ff66b', 2, '6c09986f-6d24-4d96-a260-963bc18ef975', 21, 47, 'Ebay - $200 trade successful you wallet has been credited', NULL, 1, '2025-01-08 13:47:12', '2025-01-08 13:50:09'),
('607976ac-7391-4d31-a02d-f70c97c10a62', 2, 'd7e8e49e-f54c-44e1-a380-8ed0342ed2a4', 4, 39, 'Trading of $500.00 apple gift card/ itunes x 1,  is Completed at 2024-12-22 20:43:52', NULL, 0, '2024-12-22 20:43:52', '2024-12-22 20:43:52'),
('65ff904e-b97e-4a18-8f92-c11d5180531f', 2, '3bda3c7a-a99b-4658-ae39-70f107155071', 41, 3, 'Hello My Name is BILL GATE, Let start trading', NULL, 0, '2025-03-04 10:39:29', '2025-03-04 10:39:29'),
('6c91413e-2796-426b-8991-86b5f8c074f0', 2, '3bda3c7a-a99b-4658-ae39-70f107155071', 41, 3, 'Hello My Name is BILL GATE, Let start trading', NULL, 0, '2025-03-04 10:39:22', '2025-03-04 10:39:22'),
('6df0a7a6-a414-4fb2-be2f-0d2d87dd6604', 4, '838c419b-ef5e-41a8-8abf-91d5e3af02ac', 19, 2, 'Hello, good day', NULL, 1, '2025-01-06 11:41:31', '2025-01-06 11:41:32'),
('6ea07dca-509f-4a55-ac0e-aafd1eaa0216', 4, 'aee3f5fd-50e2-4df8-aac0-b2b527847085', 20, 2, 'Hello good day', NULL, 1, '2025-01-06 11:54:37', '2025-01-06 11:54:38'),
('71b13c44-14da-4344-96ab-a7748b6f65bd', 2, '15eb6061-4517-4493-8261-c82e22df5d14', 22, 47, 'Amazon Card - $200 trade successful you wallet has been credited', NULL, 1, '2025-01-08 13:53:47', '2025-01-08 13:54:01'),
('71c08410-8cfd-4f83-9e70-d62b682909d5', 2, 'c9f7df89-ccfc-46a5-8ffa-c3d4f55dd675', 17, 4, 'please hold, checking rates', NULL, 1, '2025-01-06 11:18:10', '2025-01-06 11:20:35'),
('7bdfd5d9-8ead-40b5-8567-83eb507d4880', 2, '3071464e-bcd7-4774-a4ab-10514273f602', 5, 39, 'Hello My Name is BILL GATE, Let start trading', NULL, 0, '2024-12-22 19:59:02', '2024-12-22 19:59:02'),
('7f8776da-1874-4be5-ae50-5d43c30d533a', 2, 'aee3f5fd-50e2-4df8-aac0-b2b527847085', 20, 4, 'rate is 1200/$ please', NULL, 1, '2025-01-06 11:55:55', '2025-01-06 11:56:00'),
('811ecea3-6d23-4716-9d8f-94a80b64cc3d', 5, '37dc1c1a-eff5-47bc-a8d7-f92786e510fc', 11, 2, 'Okay', NULL, 1, '2024-12-22 20:26:48', '2024-12-22 20:26:49'),
('84af8e83-4c28-458b-9220-87b1f6867888', 2, '3bda3c7a-a99b-4658-ae39-70f107155071', 41, 3, 'Hello My Name is BILL GATE, Let start trading', NULL, 0, '2025-03-04 10:38:00', '2025-03-04 10:38:00'),
('85e04335-ab06-4200-8753-c9f2be9f6198', 2, '76dfcf44-2e0c-457d-8e7b-8f4857152ea1', 18, 4, 'Thank you for trading with us. Do have a nice day', NULL, 1, '2025-01-06 11:37:10', '2025-01-06 11:37:21'),
('8af21ee3-dd5a-43bc-a65b-fef3e5199b4c', 2, 'c9f7df89-ccfc-46a5-8ffa-c3d4f55dd675', 17, 4, 'good morning', NULL, 1, '2025-01-06 11:17:41', '2025-01-06 11:17:41'),
('8dfe696b-0b35-461a-885e-4be3950a8be7', 41, 'a5a6d194-04a3-4586-925f-a5807fb8b0e1', 25, 1, 'Hi', NULL, 0, '2025-01-12 19:35:38', '2025-01-12 19:35:38'),
('958cae41-8758-4a23-8a8e-8688edbbb489', 2, 'aee3f5fd-50e2-4df8-aac0-b2b527847085', 20, 4, 'checking rate please', NULL, 1, '2025-01-06 11:55:25', '2025-01-06 11:55:25'),
('95a6394c-35e0-4b58-9eae-bbdf90a9363a', 2, '9229006a-1736-42ba-bf2d-37fb0c9fe2ca', 15, 40, 'Hello My Name is BILL GATE, Let start trading', NULL, 0, '2024-12-28 14:35:17', '2024-12-28 14:35:17'),
('95e1425c-48ef-44b7-8616-f73bbfd65088', 2, 'aee3f5fd-50e2-4df8-aac0-b2b527847085', 20, 4, 'Alright sir', NULL, 1, '2025-01-06 12:02:05', '2025-01-06 12:03:22'),
('a047c0de-1336-42b8-9b7f-34824eb74187', 2, '95f1bf58-7d17-4ff0-b8a8-6ce67ebfa7c4', 10, 5, 'Hello My Name is BILL GATE, Let start trading', NULL, 1, '2024-12-22 20:08:55', '2024-12-22 20:09:56'),
('af975ad8-8669-44ed-b64b-15d65ef6cf14', 2, 'd11b220a-9c32-44ea-a581-d468352789eb', 24, 47, 'Hello My Name is BILL GATE, Let start trading', NULL, 1, '2025-01-09 01:08:14', '2025-01-13 07:24:41'),
('aff14be7-c481-44a9-b834-1a548a7c7ccd', 2, '0671cbe1-7cc9-4bc4-885d-3e61b6fb6b7d', 2, 32, 'Hello My Name is BILL GATE, Let start trading', NULL, 0, '2024-12-01 22:29:46', '2024-12-01 22:29:46'),
('b1359afb-0c9a-4512-b6df-de485e271e61', 2, 'd11b220a-9c32-44ea-a581-d468352789eb', 24, 47, 'razor - $50 trade successful you wallet has been credited', NULL, 1, '2025-01-09 01:08:26', '2025-01-13 07:24:41'),
('b36c4bee-b1ec-447c-97c5-5229c7718692', 5, '95f1bf58-7d17-4ff0-b8a8-6ce67ebfa7c4', 10, 2, 'are you active?', NULL, 1, '2024-12-22 20:09:19', '2024-12-22 20:09:20'),
('b3b92566-366b-4307-bab3-e26eb3a9b5ce', 2, 'aee3f5fd-50e2-4df8-aac0-b2b527847085', 20, 4, 'Trading of $500.00 apple gift card/ itunes x 1,  is Completed at 2025-01-06 12:03:54', NULL, 0, '2025-01-06 12:03:54', '2025-01-06 12:03:54'),
('b97cb094-7905-46a7-9795-9a7285feaa6b', 39, '3071464e-bcd7-4774-a4ab-10514273f602', 5, 2, 'And you guys said this app is working', NULL, 1, '2024-12-21 23:48:30', '2024-12-22 00:04:04'),
('bc4fa6e9-8f04-4381-944f-b10026d9bd37', 2, '37dc1c1a-eff5-47bc-a8d7-f92786e510fc', 11, 5, 'Hello My Name is BILL GATE, Let start trading', NULL, 1, '2024-12-22 20:20:38', '2024-12-22 20:25:36'),
('bd48977b-ab30-4ae6-bdc5-5c56e570488b', 2, '95f1bf58-7d17-4ff0-b8a8-6ce67ebfa7c4', 10, 5, 'ygyhub', NULL, 1, '2024-12-22 20:12:36', '2024-12-22 20:13:21'),
('bdae248b-e399-40f3-a28c-1a88f37545a3', 2, '3bda3c7a-a99b-4658-ae39-70f107155071', 41, 3, 'Hello My Name is BILL GATE, Let start trading', NULL, 0, '2025-03-04 10:38:29', '2025-03-04 10:38:29'),
('bec5453c-e24d-41e4-9661-ec7a014602d9', 2, '6c09986f-6d24-4d96-a260-963bc18ef975', 21, 47, 'Hello My Name is BILL GATE, Let start trading', NULL, 1, '2025-01-08 13:45:30', '2025-01-08 13:47:03'),
('c0244547-53c5-4b13-8762-01ee5da1bc35', 2, '3bda3c7a-a99b-4658-ae39-70f107155071', 41, 3, 'Hello My Name is BILL GATE, Let start trading', NULL, 0, '2025-03-04 10:40:49', '2025-03-04 10:40:49'),
('c07bb1e8-9cec-4f85-8f14-7ee5410da436', 2, '3bda3c7a-a99b-4658-ae39-70f107155071', 41, 3, 'Hello My Name is BILL GATE, Let start trading', NULL, 0, '2025-03-04 10:37:14', '2025-03-04 10:37:14'),
('c1c2c690-7686-4f20-be53-0332e9d08376', 2, '3071464e-bcd7-4774-a4ab-10514273f602', 5, 39, 'Trading of $500.00 apple gift card/ itunes x 1,  is Completed at 2024-12-22 20:05:42', NULL, 0, '2024-12-22 20:05:42', '2024-12-22 20:05:42'),
('c1d52a6d-5153-4e9e-9b85-6efd6b0302b0', 2, '0e9e34a1-471f-4314-bac2-ddf837e3699e', 23, 47, 'Hello My Name is BILL GATE, Let start trading', NULL, 1, '2025-01-08 14:31:43', '2025-01-08 14:32:23'),
('c2ba9eec-73ce-4c7c-930b-59e722fd60c3', 2, '15eb6061-4517-4493-8261-c82e22df5d14', 22, 47, 'Hello My Name is BILL GATE, Let start trading', NULL, 1, '2025-01-08 13:53:19', '2025-01-08 13:54:01'),
('c3cca903-3ac4-44e6-8a1e-1e5623052a32', 2, '3071464e-bcd7-4774-a4ab-10514273f602', 5, 39, 'Hello sir', NULL, 0, '2024-12-22 19:59:22', '2024-12-22 19:59:22'),
('c84f7f59-ef54-4d62-ba3d-f9de750321a8', 40, '9229006a-1736-42ba-bf2d-37fb0c9fe2ca', 15, 2, 'Hi', NULL, 1, '2024-12-28 14:24:11', '2024-12-28 14:35:21'),
('c8678694-d1b5-4705-b3a8-9d9353bd4fdf', 2, '76dfcf44-2e0c-457d-8e7b-8f4857152ea1', 18, 4, 'alright, please hold on', NULL, 1, '2025-01-06 11:35:21', '2025-01-06 11:35:22'),
('cbb77e9e-40db-4eea-bcb4-5dccb2aa6c10', 2, 'aee3f5fd-50e2-4df8-aac0-b2b527847085', 20, 4, 'Hello My Name is BILL GATE, Let start trading', NULL, 1, '2025-01-06 11:54:19', '2025-01-06 11:55:13'),
('cbb93319-c389-4c56-bce6-42b5479d07ff', 4, 'c9f7df89-ccfc-46a5-8ffa-c3d4f55dd675', 17, 2, 'Hello, good morning', NULL, 1, '2025-01-06 11:16:51', '2025-01-06 11:17:13'),
('cde26dc4-15a9-4cfd-adbd-7acc1485dff9', 2, '3bda3c7a-a99b-4658-ae39-70f107155071', 41, 3, 'Hello My Name is BILL GATE, Let start trading', NULL, 0, '2025-03-04 10:39:17', '2025-03-04 10:39:17'),
('ce1cf92c-5cd6-4620-b4ef-7b2c795d89e1', 2, 'c9f7df89-ccfc-46a5-8ffa-c3d4f55dd675', 17, 4, 'Trading of AU$50.00 steam x 1, $100.00 Amazon Card x 1,  is Completed at 2025-01-06 11:33:23', NULL, 0, '2025-01-06 11:33:23', '2025-01-06 11:33:23'),
('d17e2e78-e4a3-443b-ba26-d25db51a3d50', 2, '3bda3c7a-a99b-4658-ae39-70f107155071', 41, 3, 'Hello My Name is BILL GATE, Let start trading', NULL, 0, '2025-03-04 10:38:27', '2025-03-04 10:38:27'),
('d1db29c8-7798-4460-a7ea-47a5999e59c2', 2, '0671cbe1-7cc9-4bc4-885d-3e61b6fb6b7d', 2, 32, '$50 steam is decline; Reason: customer was just trying the site', NULL, 0, '2024-12-01 22:43:20', '2024-12-01 22:43:20'),
('d53f0677-5649-4f7f-bf80-7c84478dc5bb', 2, '3bda3c7a-a99b-4658-ae39-70f107155071', 41, 3, 'Hello My Name is BILL GATE, Let start trading', NULL, 0, '2025-03-04 10:38:53', '2025-03-04 10:38:53'),
('d61a530c-beba-4fd0-bcc3-ccfbd1d064ca', 2, '3bda3c7a-a99b-4658-ae39-70f107155071', 41, 3, 'Hello My Name is BILL GATE, Let start trading', NULL, 0, '2025-03-04 10:37:01', '2025-03-04 10:37:01'),
('d8dd52f9-98ad-41e7-9403-fcb3df53f884', 47, 'd11b220a-9c32-44ea-a581-d468352789eb', 24, 2, 'Hi', NULL, 1, '2025-01-09 01:01:20', '2025-01-09 01:01:37'),
('da39f21e-d3da-41f3-be72-cfcaf08e4305', 2, '6c09986f-6d24-4d96-a260-963bc18ef975', 21, 47, '$200 Ebay is decline; Reason: its a used card', NULL, 1, '2025-01-08 13:48:46', '2025-01-08 13:50:09'),
('db52874f-f6fe-470c-a13e-9ad8e9f53b50', 2, '3bda3c7a-a99b-4658-ae39-70f107155071', 41, 3, 'Hello My Name is BILL GATE, Let start trading', NULL, 0, '2025-03-04 10:38:56', '2025-03-04 10:38:56'),
('de030a21-d9e0-4611-bbef-0aa8f8f28879', 2, '9229006a-1736-42ba-bf2d-37fb0c9fe2ca', 15, 40, 'Trading of $500.00 apple gift card/ itunes x 1,  is Completed at 2024-12-28 19:58:12', NULL, 0, '2024-12-28 19:58:12', '2024-12-28 19:58:12'),
('df5df7c4-3ad5-4d80-bd8e-edde42b9e17a', 2, '0e9e34a1-471f-4314-bac2-ddf837e3699e', 23, 47, 'apple gift card/ itunes - $50 trade successful you wallet has been credited', NULL, 1, '2025-01-08 14:32:01', '2025-01-08 14:32:23'),
('e03df86d-cb0e-4081-b6c2-2b7b2d4b2921', 47, '15eb6061-4517-4493-8261-c82e22df5d14', 22, 2, 'Hi', NULL, 1, '2025-01-08 13:53:21', '2025-01-08 13:53:27'),
('e4d989e8-e86d-43a2-a8de-eb2224a55ca7', 2, '9229006a-1736-42ba-bf2d-37fb0c9fe2ca', 15, 40, '$500 apple gift card/ itunes is decline; Reason: no response from the customer', NULL, 0, '2024-12-28 19:57:46', '2024-12-28 19:57:46'),
('e5f88c38-afd0-4bfc-98c8-eb8df1d3b0d4', 2, '3bda3c7a-a99b-4658-ae39-70f107155071', 41, 3, 'Hello My Name is BILL GATE, Let start trading', NULL, 0, '2025-03-04 10:38:24', '2025-03-04 10:38:24'),
('edca9e20-0302-412b-af3e-4930252f100f', 2, '3bda3c7a-a99b-4658-ae39-70f107155071', 41, 3, 'Hello My Name is BILL GATE, Let start trading', NULL, 0, '2025-03-04 10:41:03', '2025-03-04 10:41:03'),
('ef363e00-c049-414a-aefb-73e80de42495', 2, '3071464e-bcd7-4774-a4ab-10514273f602', 5, 39, 'so sorry, the staff duty is new and didnt really get how to accept chat', NULL, 0, '2024-12-22 20:01:19', '2024-12-22 20:01:19'),
('ef6e54c3-b0f1-4d57-a3c5-d4b144de753e', 2, '6c09986f-6d24-4d96-a260-963bc18ef975', 21, 47, '$200 Ebay is decline; Reason: its a used card', NULL, 1, '2025-01-08 13:46:33', '2025-01-08 13:47:03'),
('f208b2d2-946f-4d9e-9574-5b6f697b1190', 39, '3071464e-bcd7-4774-a4ab-10514273f602', 5, 2, 'Hi', NULL, 1, '2024-12-21 23:48:12', '2024-12-22 00:04:04'),
('f5f613ec-2f43-468b-a88a-8bafdc876e46', 39, 'd7e8e49e-f54c-44e1-a380-8ed0342ed2a4', 4, 2, 'Hello', NULL, 1, '2024-12-21 23:46:39', '2024-12-22 00:06:02'),
('f6f86536-3450-490e-8d37-8eae41df6025', 2, '3bda3c7a-a99b-4658-ae39-70f107155071', 41, 3, 'Hello My Name is BILL GATE, Let start trading', NULL, 0, '2025-03-04 10:37:22', '2025-03-04 10:37:22'),
('f8f05922-8563-462e-8e9f-d2103be4ca10', 2, 'c9f7df89-ccfc-46a5-8ffa-c3d4f55dd675', 17, 4, 'Hello My Name is BILL GATE, Let start trading', NULL, 1, '2025-01-06 11:17:10', '2025-01-06 11:17:41'),
('fa70c5bf-5c19-4452-9d79-6895fd53c61b', 2, '95f1bf58-7d17-4ff0-b8a8-6ce67ebfa7c4', 10, 5, 'Trading of $100.00 Ebay x 1,  is Completed at 2024-12-22 20:11:11', NULL, 1, '2024-12-22 20:11:11', '2024-12-22 20:11:36'),
('fa8059bf-1ee3-4dbd-8ae1-57bb3899ccc9', 2, '6c09986f-6d24-4d96-a260-963bc18ef975', 21, 47, 'Ebay - $200 trade successful you wallet has been credited', NULL, 1, '2025-01-08 13:49:34', '2025-01-08 13:50:09'),
('fb16b000-b77a-48c5-a751-30d29919d219', 2, '37dc1c1a-eff5-47bc-a8d7-f92786e510fc', 11, 5, '1150/$', NULL, 1, '2024-12-22 20:26:43', '2024-12-22 20:26:44'),
('fe3418b0-75d6-4b4d-a97f-c0ba6da424f1', 4, 'aee3f5fd-50e2-4df8-aac0-b2b527847085', 20, 2, 'That&rsquo;s too low please', NULL, 1, '2025-01-06 11:58:26', '2025-01-06 11:58:26');

-- --------------------------------------------------------

--
